{"text_format":"1","workbook":"xlsx","n_sheets":11,"sheets":["Formulaire","Listes déroulantes","Explication","Minutes=Centième","Codes","Choix","Calendriers","Composantes","Dates","Heures","Personnel"],"not_rendered":{"charts":0,"images":2,"macros":1,"external_links":0,"defined_names":33,"comments":0,"pivot_tables":0},"unopened":[],"bounds":{"document_bytes":16777216,"sheet_cells":100000,"rows_first":2000,"rows_last":500,"rows_between":2000,"halvings":0,"cell_chars":16384,"cell_head_chars":4096},"cells_cut":0,"cells_raw":0,"read":"whole","date_system":"1900"}

{"sheet":"Formulaire","index":0,"n_rows":73,"n_cols":34,"rows_kept":73,"cut":false,"hidden":false,"merged":[[49,12,49,23],[51,15,51,21],[56,15,56,21],[54,8,54,10],[52,2,52,3],[49,5,49,10],[49,2,49,4],[51,2,51,4],[54,2,54,4],[13,18,13,21],[38,11,38,12],[41,11,41,12],[40,11,40,12],[39,11,39,12],[59,22,59,23],[46,2,46,23],[34,11,34,12],[22,2,22,23],[24,11,24,12],[37,11,37,12],[29,11,29,12],[30,11,30,12],[31,11,31,12],[32,11,32,12],[33,11,33,12],[54,17,54,18],[54,15,54,16],[44,2,45,23],[56,2,57,9],[57,22,57,23],[4,6,6,23],[36,11,36,12],[20,8,20,12],[23,11,23,23],[25,2,25,9],[25,11,25,23],[35,11,35,12],[26,11,26,12],[28,11,28,12],[27,11,27,12],[20,3,20,6],[11,2,11,23],[17,2,17,23],[13,3,13,8],[13,14,13,16],[13,11,13,13]]}
[null,null,null,null,null,null,null,null,null,null,null,null,null,null,null,null,null,null,null,null,null,null,null,null,null,null,null,null,null,null,null,null,null,{"$f":"LEN(W14)","v":0}]
[null,null,null,null,null,null,null,null,null,null,null,null,null,null,null,null,null,null,null,null,null,null,null,null,null,null,null,null,null,null,null,null,null,{"$f":"IF(O10=\"CENTRE\",IF(AH1=1,CONCATENATE(\"00000\",W14),IF(AH1=2,CONCATENATE(\"0000\",W14),IF(AH1=3,CONCATENATE(\"000\",W14),IF(AH1=4,CONCATENATE(\"00\",W14),IF(AH1=5,CONCATENATE(\"0\",W14),W14))))),W14)","v":0}]
[1]
[]
[null,null,null,null,null,null,"AVIS DE MODIFICATION À LA FEUILLE DE TEMPS OU RELEVÉ DE PRÉSENCE"]
[]
[]
[]
[]
[null,null,null,null,null,null,null,null,null,null,null,"NOM DU CISSS :",null,null,null,null,null,null,null,null,null,null,null,null,null,null,{"$f":"CONCATENATE(CISSS,\"\\FT\\Avis de modification\\ARCHIVÉ\\\",Année,\"\\P0\",Période,\"\\\",\" \",Matricule, \" \", Prénom, \" \", Nom,\"  \",AC25)","v":{"$error":"#N/A"}}]
[]
[null,null,"IDENTIFICATION DE L’EMPLOYÉ"]
[]
[null,null,"Nom:",null,null,null,null,null,null,null,null,"Prénom:",null,null,null,null,null,null,"Matricule:",null,null,null,null,null,null,null,{"$f":"LEFT(AA18,4)","v":"2021"},{"$f":"LEFT(AB18,4)","v":"0"}]
[null,null,null,null,null,null,null,null,null,null,null,null,null,null,null,null,null,null,null,null,null,null,null,null,null,null,{"$f":"VALUE(RIGHT(AA18,2))","v":10},{"$f":"VALUE(RIGHT(AB18,2))","v":0},null,{"$error":"#VALUE!"}]
[null,null,null,null,null,null,null,null,null,null,null,null,null,null,null,null,null,null,null,null,null,null,null,null,null,null,4]
[null,null,null,null,null,null,null,null,null,null,null,null,null,null,null,null,null,null,null,null,null,null,null,null,null,null,5]
[null,null,"IDENTIFICATION DE LA PÉRIODE À CORRIGER",null,null,null,null,null,null,null,null,null,null,null,null,null,null,null,null,null,null,null,null,null,null,null,"2021 - 10",{"$f":"P55","v":0}]
[null,null,null,null,null,null,null,null,null,null,null,null,null,null,null,null,null,null,null,null,null,null,null,null,null,null,{"$f":"CONCATENATE(CISSS,\"\\FT\\Avis de modification\\À TRAITER\\\",Matricule, \" \", Prénom, \" \", Nom,\"  \",\"AVIS \",Temps )","v":{"$error":"#N/A"}}]
[null,null,null,null,null,null,null,null,null,null,null,null,null,null,null,null,null,null,null,null,null,null,null,null,null,null,"CISSSMC\\FT\\Avis de modification\\À TRAITER\\000012 TEST Daniel  AVIS2021-04-15 12 01 25",null,{"$f":"AA27","v":"999999  TEST Daniel  2019-11-26 11 55 18.xlsm"}]
[null,null,null,"Période de paie à corriger:",null,null,null,"du",null,null,null,null,null,"au",null,null,null,null,null,null,null,null,null,null,null,null,"L:\\PAIE\\Finances\\CISSSMC\\FT\\Avis de modification\\À TRAITER\\999999  TEST Daniel  2019-11-26 11 55 18.xlsm",{"$f":"MID(AB20,50,40)","v":""}]
[null,null,null,null,null,null,null,null,null,null,null,null,null,null,null,null,null,null,null,null,null,null,null,null,null,null,null,{"$f":"CONCATENATE(AB21,\".xlsm\")","v":".xlsm"}]
[null,null,"Inscrire seulement les dates pour lesquelles vous désirez apporter une modification, le code de la présence, de l'absence et/ou de la prime ainsi que les heures visées par la modification avec un bref commentaire s'il y a lieu."]
[]
[null,null,"Date","No de paie","CODES","Description","Entrée","Sortie","Repas","Total\nHres",null,"Correction Ajout Annulation",null,"CODES","Description","Entrée","Sortie","Repas","Total\nHres","Sous-\nserv.","Titre\nd'empl.","Primes\nCODES","Primes\nDescription","Prime\nhres",null,null,null,null,"2021-04-15 12 03 40"]
[null,null,"INFORMATION DÉCLARÉE",null,null,null,null,null,null,null,null,"CORRECTION, AJOUT OU ANNULATION À APPORTER",null,null,null,null,null,null,null,null,null,null,null,null,null,null,{"$f":"CONCATENATE(Matricule, \" \", Prénom, \" \", Nom,\"  \",\"AVIS\",Temps,\".xlsm\" )","v":"0    AVIS2021-04-15 12 03 40.xlsm"}]
[null,null,null,{"$f":"IFERROR(IF(C27<>0,IF(Système=\"Logibec\",IF(OR(MONTH((14*ROUNDDOWN((C27-1)/14,0)+1))<3,AND(MONTH((14*ROUNDDOWN((C27-1)/14,0)+1))=3,DAY((14*ROUNDDOWN((C27-1)/14,0)+1))<=18)),YEAR((14*ROUNDDOWN((C27-1)/14,0)+1)),YEAR((14*ROUNDDOWN((C27-1)/14,0)+1))+1)&\" - \"&ROUND(((14*ROUNDDOWN((C27-1)/14,0)+1)-(DATE(IF(OR((MONTH((14*ROUNDDOWN((C27-1)/14,0)+1))<3),AND(MONTH((14*ROUNDDOWN((C27-1)/14,0)+1))=3,DAY((14*ROUNDDOWN((C27-1)/14,0)+1))<=18)),-1,0)+YEAR((14*ROUNDDOWN((C27-1)/14,0)+1)),4,1))+6)/14+1,0),YEAR((14*ROUNDDOWN((C27-1)/14,0)+1))+IF(AND(MONTH((14*ROUNDDOWN((C27-1)/14,0)+1))=12,DAY((14*ROUNDDOWN((C27-1)/14,0)+1))>=7),1,0)&\" - \"&ROUND(((14*ROUNDDOWN((C27-1)/14,0)+1)-(DATE(IF(AND(MONTH((14*ROUNDDOWN((C27-1)/14,0)+1))=12,DAY((14*ROUNDDOWN((C27-1)/14,0)+1))>=7),0,-1)+YEAR((14*ROUNDDOWN((C27-1)/14,0)+1)),12,7))-7)/14+1,0)),\" \"),\"Sélectioner le CISSS\")","v":" "},null,{"$f":"IF(ISNA(IF($O$10=\"CENTRE\",VLOOKUP(E27,Codes!$A$5:$B$305,2,FALSE),IF($O$10=\"EST\",VLOOKUP(E27,Codes!$C$5:$D$316,2,FALSE),IF($O$10=\"OUEST\",VLOOKUP(E27,Codes!$E$5:$F$313,2,FALSE),\"\"))))=TRUE,\" \",(IF($O$10=\"CENTRE\",VLOOKUP(E27,Codes!$A$5:$B$305,2,FALSE),IF($O$10=\"EST\",VLOOKUP(E27,Codes!$C$5:$D$316,2,FALSE),IF($O$10=\"OUEST\",VLOOKUP(E27,Codes!$E$5:$F$313,2,FALSE),\"\")))))","v":""},null,null,null,{"$f":"IF(G27=\"\",\"\",MOD(H27-G27-I27,1)*24)","v":""},null,null,null,null,{"$f":"IF(ISNA(IF($O$10=\"CENTRE\",VLOOKUP(N27,Codes!$A$5:$B$305,2,FALSE),IF($O$10=\"EST\",VLOOKUP(N27,Codes!$C$5:$D$316,2,FALSE),IF($O$10=\"OUEST\",VLOOKUP(N27,Codes!$E$5:$F$313,2,FALSE),\"\"))))=TRUE,\" \",(IF($O$10=\"CENTRE\",VLOOKUP(N27,Codes!$A$5:$B$305,2,FALSE),IF($O$10=\"EST\",VLOOKUP(N27,Codes!$C$5:$D$316,2,FALSE),IF($O$10=\"OUEST\",VLOOKUP(N27,Codes!$E$5:$F$313,2,FALSE),\"\")))))","v":""},null,null,null,{"$f":"IF(P27=\"\",\"\",MOD(Q27-P27-R27,1)*24)","v":""},null,null,null,{"$f":"IF(ISNA(IF($O$10=\"CENTRE\",VLOOKUP(V27,Codes!$G$5:$H$152,2,FALSE),IF($O$10=\"EST\",VLOOKUP(V27,Codes!$I$5:$J$196,2,FALSE),IF($O$10=\"OUEST\",VLOOKUP(V27,Codes!$K$5:$L$165,2,FALSE),\"\"))))=TRUE,\" \",(IF($O$10=\"CENTRE\",VLOOKUP(V27,Codes!$G$5:$H$152,2,FALSE),IF($O$10=\"EST\",VLOOKUP(V27,Codes!$I$5:$J$196,2,FALSE),IF($O$10=\"OUEST\",VLOOKUP(V27,Codes!$K$5:$LF$165,2,FALSE),\"\")))))","v":""},null,null,null,"999999  TEST Daniel  2019-11-26 11 55 18.xlsm"]
[null,null,null," ",null,{"$f":"IF(ISNA(IF($O$10=\"CENTRE\",VLOOKUP(E28,Codes!$A$5:$B$305,2,FALSE),IF($O$10=\"EST\",VLOOKUP(E28,Codes!$C$5:$D$316,2,FALSE),IF($O$10=\"OUEST\",VLOOKUP(E28,Codes!$E$5:$F$313,2,FALSE),\"\"))))=TRUE,\" \",(IF($O$10=\"CENTRE\",VLOOKUP(E28,Codes!$A$5:$B$305,2,FALSE),IF($O$10=\"EST\",VLOOKUP(E28,Codes!$C$5:$D$316,2,FALSE),IF($O$10=\"OUEST\",VLOOKUP(E28,Codes!$E$5:$F$313,2,FALSE),\"\")))))","v":""},null,null,null,{"$f":"IF(G28=\"\",\"\",MOD(H28-G28-I28,1)*24)","v":""},null,null,null,null,{"$f":"IF(ISNA(IF($O$10=\"CENTRE\",VLOOKUP(N28,Codes!$A$5:$B$305,2,FALSE),IF($O$10=\"EST\",VLOOKUP(N28,Codes!$C$5:$D$316,2,FALSE),IF($O$10=\"OUEST\",VLOOKUP(N28,Codes!$E$5:$F$313,2,FALSE),\"\"))))=TRUE,\" \",(IF($O$10=\"CENTRE\",VLOOKUP(N28,Codes!$A$5:$B$305,2,FALSE),IF($O$10=\"EST\",VLOOKUP(N28,Codes!$C$5:$D$316,2,FALSE),IF($O$10=\"OUEST\",VLOOKUP(N28,Codes!$E$5:$F$313,2,FALSE),\"\")))))","v":""},null,null,null,{"$f":"IF(P28=\"\",\"\",MOD(Q28-P28-R28,1)*24)","v":""},null,null,null,{"$f":"IF(ISNA(IF($O$10=\"CENTRE\",VLOOKUP(V28,Codes!$G$5:$H$152,2,FALSE),IF($O$10=\"EST\",VLOOKUP(V28,Codes!$I$5:$J$196,2,FALSE),IF($O$10=\"OUEST\",VLOOKUP(V28,Codes!$K$5:$L$165,2,FALSE),\"\"))))=TRUE,\" \",(IF($O$10=\"CENTRE\",VLOOKUP(V28,Codes!$G$5:$H$152,2,FALSE),IF($O$10=\"EST\",VLOOKUP(V28,Codes!$I$5:$J$196,2,FALSE),IF($O$10=\"OUEST\",VLOOKUP(V28,Codes!$K$5:$LF$165,2,FALSE),\"\")))))","v":""}]
[null,null,null," ",null,{"$f":"IF(ISNA(IF($O$10=\"CENTRE\",VLOOKUP(E29,Codes!$A$5:$B$305,2,FALSE),IF($O$10=\"EST\",VLOOKUP(E29,Codes!$C$5:$D$316,2,FALSE),IF($O$10=\"OUEST\",VLOOKUP(E29,Codes!$E$5:$F$313,2,FALSE),\"\"))))=TRUE,\" \",(IF($O$10=\"CENTRE\",VLOOKUP(E29,Codes!$A$5:$B$305,2,FALSE),IF($O$10=\"EST\",VLOOKUP(E29,Codes!$C$5:$D$316,2,FALSE),IF($O$10=\"OUEST\",VLOOKUP(E29,Codes!$E$5:$F$313,2,FALSE),\"\")))))","v":""},null,null,null,"",null,null,null,null,{"$f":"IF(ISNA(IF($O$10=\"CENTRE\",VLOOKUP(N29,Codes!$A$5:$B$305,2,FALSE),IF($O$10=\"EST\",VLOOKUP(N29,Codes!$C$5:$D$316,2,FALSE),IF($O$10=\"OUEST\",VLOOKUP(N29,Codes!$E$5:$F$313,2,FALSE),\"\"))))=TRUE,\" \",(IF($O$10=\"CENTRE\",VLOOKUP(N29,Codes!$A$5:$B$305,2,FALSE),IF($O$10=\"EST\",VLOOKUP(N29,Codes!$C$5:$D$316,2,FALSE),IF($O$10=\"OUEST\",VLOOKUP(N29,Codes!$E$5:$F$313,2,FALSE),\"\")))))","v":""},null,null,null,"",null,null,null,{"$f":"IF(ISNA(IF($O$10=\"CENTRE\",VLOOKUP(V29,Codes!$G$5:$H$152,2,FALSE),IF($O$10=\"EST\",VLOOKUP(V29,Codes!$I$5:$J$196,2,FALSE),IF($O$10=\"OUEST\",VLOOKUP(V29,Codes!$K$5:$L$165,2,FALSE),\"\"))))=TRUE,\" \",(IF($O$10=\"CENTRE\",VLOOKUP(V29,Codes!$G$5:$H$152,2,FALSE),IF($O$10=\"EST\",VLOOKUP(V29,Codes!$I$5:$J$196,2,FALSE),IF($O$10=\"OUEST\",VLOOKUP(V29,Codes!$K$5:$LF$165,2,FALSE),\"\")))))","v":""}]
[null,null,null," ",null,{"$f":"IF(ISNA(IF($O$10=\"CENTRE\",VLOOKUP(E30,Codes!$A$5:$B$305,2,FALSE),IF($O$10=\"EST\",VLOOKUP(E30,Codes!$C$5:$D$316,2,FALSE),IF($O$10=\"OUEST\",VLOOKUP(E30,Codes!$E$5:$F$313,2,FALSE),\"\"))))=TRUE,\" \",(IF($O$10=\"CENTRE\",VLOOKUP(E30,Codes!$A$5:$B$305,2,FALSE),IF($O$10=\"EST\",VLOOKUP(E30,Codes!$C$5:$D$316,2,FALSE),IF($O$10=\"OUEST\",VLOOKUP(E30,Codes!$E$5:$F$313,2,FALSE),\"\")))))","v":""},null,null,null,"",null,null,null,null,{"$f":"IF(ISNA(IF($O$10=\"CENTRE\",VLOOKUP(N30,Codes!$A$5:$B$305,2,FALSE),IF($O$10=\"EST\",VLOOKUP(N30,Codes!$C$5:$D$316,2,FALSE),IF($O$10=\"OUEST\",VLOOKUP(N30,Codes!$E$5:$F$313,2,FALSE),\"\"))))=TRUE,\" \",(IF($O$10=\"CENTRE\",VLOOKUP(N30,Codes!$A$5:$B$305,2,FALSE),IF($O$10=\"EST\",VLOOKUP(N30,Codes!$C$5:$D$316,2,FALSE),IF($O$10=\"OUEST\",VLOOKUP(N30,Codes!$E$5:$F$313,2,FALSE),\"\")))))","v":""},null,null,null,"",null,null,null,{"$f":"IF(ISNA(IF($O$10=\"CENTRE\",VLOOKUP(V30,Codes!$G$5:$H$152,2,FALSE),IF($O$10=\"EST\",VLOOKUP(V30,Codes!$I$5:$J$196,2,FALSE),IF($O$10=\"OUEST\",VLOOKUP(V30,Codes!$K$5:$L$165,2,FALSE),\"\"))))=TRUE,\" \",(IF($O$10=\"CENTRE\",VLOOKUP(V30,Codes!$G$5:$H$152,2,FALSE),IF($O$10=\"EST\",VLOOKUP(V30,Codes!$I$5:$J$196,2,FALSE),IF($O$10=\"OUEST\",VLOOKUP(V30,Codes!$K$5:$LF$165,2,FALSE),\"\")))))","v":""}]
[null,null,null," ",null,{"$f":"IF(ISNA(IF($O$10=\"CENTRE\",VLOOKUP(E31,Codes!$A$5:$B$305,2,FALSE),IF($O$10=\"EST\",VLOOKUP(E31,Codes!$C$5:$D$316,2,FALSE),IF($O$10=\"OUEST\",VLOOKUP(E31,Codes!$E$5:$F$313,2,FALSE),\"\"))))=TRUE,\" \",(IF($O$10=\"CENTRE\",VLOOKUP(E31,Codes!$A$5:$B$305,2,FALSE),IF($O$10=\"EST\",VLOOKUP(E31,Codes!$C$5:$D$316,2,FALSE),IF($O$10=\"OUEST\",VLOOKUP(E31,Codes!$E$5:$F$313,2,FALSE),\"\")))))","v":""},null,null,null,"",null,null,null,null,{"$f":"IF(ISNA(IF($O$10=\"CENTRE\",VLOOKUP(N31,Codes!$A$5:$B$305,2,FALSE),IF($O$10=\"EST\",VLOOKUP(N31,Codes!$C$5:$D$316,2,FALSE),IF($O$10=\"OUEST\",VLOOKUP(N31,Codes!$E$5:$F$313,2,FALSE),\"\"))))=TRUE,\" \",(IF($O$10=\"CENTRE\",VLOOKUP(N31,Codes!$A$5:$B$305,2,FALSE),IF($O$10=\"EST\",VLOOKUP(N31,Codes!$C$5:$D$316,2,FALSE),IF($O$10=\"OUEST\",VLOOKUP(N31,Codes!$E$5:$F$313,2,FALSE),\"\")))))","v":""},null,null,null,"",null,null,null,{"$f":"IF(ISNA(IF($O$10=\"CENTRE\",VLOOKUP(V31,Codes!$G$5:$H$152,2,FALSE),IF($O$10=\"EST\",VLOOKUP(V31,Codes!$I$5:$J$196,2,FALSE),IF($O$10=\"OUEST\",VLOOKUP(V31,Codes!$K$5:$L$165,2,FALSE),\"\"))))=TRUE,\" \",(IF($O$10=\"CENTRE\",VLOOKUP(V31,Codes!$G$5:$H$152,2,FALSE),IF($O$10=\"EST\",VLOOKUP(V31,Codes!$I$5:$J$196,2,FALSE),IF($O$10=\"OUEST\",VLOOKUP(V31,Codes!$K$5:$LF$165,2,FALSE),\"\")))))","v":""}]
[null,null,null," ",null,{"$f":"IF(ISNA(IF($O$10=\"CENTRE\",VLOOKUP(E32,Codes!$A$5:$B$305,2,FALSE),IF($O$10=\"EST\",VLOOKUP(E32,Codes!$C$5:$D$316,2,FALSE),IF($O$10=\"OUEST\",VLOOKUP(E32,Codes!$E$5:$F$313,2,FALSE),\"\"))))=TRUE,\" \",(IF($O$10=\"CENTRE\",VLOOKUP(E32,Codes!$A$5:$B$305,2,FALSE),IF($O$10=\"EST\",VLOOKUP(E32,Codes!$C$5:$D$316,2,FALSE),IF($O$10=\"OUEST\",VLOOKUP(E32,Codes!$E$5:$F$313,2,FALSE),\"\")))))","v":""},null,null,null,"",null,null,null,null,{"$f":"IF(ISNA(IF($O$10=\"CENTRE\",VLOOKUP(N32,Codes!$A$5:$B$305,2,FALSE),IF($O$10=\"EST\",VLOOKUP(N32,Codes!$C$5:$D$316,2,FALSE),IF($O$10=\"OUEST\",VLOOKUP(N32,Codes!$E$5:$F$313,2,FALSE),\"\"))))=TRUE,\" \",(IF($O$10=\"CENTRE\",VLOOKUP(N32,Codes!$A$5:$B$305,2,FALSE),IF($O$10=\"EST\",VLOOKUP(N32,Codes!$C$5:$D$316,2,FALSE),IF($O$10=\"OUEST\",VLOOKUP(N32,Codes!$E$5:$F$313,2,FALSE),\"\")))))","v":""},null,null,null,"",null,null,null,{"$f":"IF(ISNA(IF($O$10=\"CENTRE\",VLOOKUP(V32,Codes!$G$5:$H$152,2,FALSE),IF($O$10=\"EST\",VLOOKUP(V32,Codes!$I$5:$J$196,2,FALSE),IF($O$10=\"OUEST\",VLOOKUP(V32,Codes!$K$5:$L$165,2,FALSE),\"\"))))=TRUE,\" \",(IF($O$10=\"CENTRE\",VLOOKUP(V32,Codes!$G$5:$H$152,2,FALSE),IF($O$10=\"EST\",VLOOKUP(V32,Codes!$I$5:$J$196,2,FALSE),IF($O$10=\"OUEST\",VLOOKUP(V32,Codes!$K$5:$LF$165,2,FALSE),\"\")))))","v":""}]
[null,null,null," ",null,{"$f":"IF(ISNA(IF($O$10=\"CENTRE\",VLOOKUP(E33,Codes!$A$5:$B$305,2,FALSE),IF($O$10=\"EST\",VLOOKUP(E33,Codes!$C$5:$D$316,2,FALSE),IF($O$10=\"OUEST\",VLOOKUP(E33,Codes!$E$5:$F$313,2,FALSE),\"\"))))=TRUE,\" \",(IF($O$10=\"CENTRE\",VLOOKUP(E33,Codes!$A$5:$B$305,2,FALSE),IF($O$10=\"EST\",VLOOKUP(E33,Codes!$C$5:$D$316,2,FALSE),IF($O$10=\"OUEST\",VLOOKUP(E33,Codes!$E$5:$F$313,2,FALSE),\"\")))))","v":""},null,null,null,"",null,null,null,null,{"$f":"IF(ISNA(IF($O$10=\"CENTRE\",VLOOKUP(N33,Codes!$A$5:$B$305,2,FALSE),IF($O$10=\"EST\",VLOOKUP(N33,Codes!$C$5:$D$316,2,FALSE),IF($O$10=\"OUEST\",VLOOKUP(N33,Codes!$E$5:$F$313,2,FALSE),\"\"))))=TRUE,\" \",(IF($O$10=\"CENTRE\",VLOOKUP(N33,Codes!$A$5:$B$305,2,FALSE),IF($O$10=\"EST\",VLOOKUP(N33,Codes!$C$5:$D$316,2,FALSE),IF($O$10=\"OUEST\",VLOOKUP(N33,Codes!$E$5:$F$313,2,FALSE),\"\")))))","v":""},null,null,null,"",null,null,null,{"$f":"IF(ISNA(IF($O$10=\"CENTRE\",VLOOKUP(V33,Codes!$G$5:$H$152,2,FALSE),IF($O$10=\"EST\",VLOOKUP(V33,Codes!$I$5:$J$196,2,FALSE),IF($O$10=\"OUEST\",VLOOKUP(V33,Codes!$K$5:$L$165,2,FALSE),\"\"))))=TRUE,\" \",(IF($O$10=\"CENTRE\",VLOOKUP(V33,Codes!$G$5:$H$152,2,FALSE),IF($O$10=\"EST\",VLOOKUP(V33,Codes!$I$5:$J$196,2,FALSE),IF($O$10=\"OUEST\",VLOOKUP(V33,Codes!$K$5:$LF$165,2,FALSE),\"\")))))","v":""}]
[null,null,null," ",null,{"$f":"IF(ISNA(IF($O$10=\"CENTRE\",VLOOKUP(E34,Codes!$A$5:$B$305,2,FALSE),IF($O$10=\"EST\",VLOOKUP(E34,Codes!$C$5:$D$316,2,FALSE),IF($O$10=\"OUEST\",VLOOKUP(E34,Codes!$E$5:$F$313,2,FALSE),\"\"))))=TRUE,\" \",(IF($O$10=\"CENTRE\",VLOOKUP(E34,Codes!$A$5:$B$305,2,FALSE),IF($O$10=\"EST\",VLOOKUP(E34,Codes!$C$5:$D$316,2,FALSE),IF($O$10=\"OUEST\",VLOOKUP(E34,Codes!$E$5:$F$313,2,FALSE),\"\")))))","v":""},null,null,null,"",null,null,null,null,{"$f":"IF(ISNA(IF($O$10=\"CENTRE\",VLOOKUP(N34,Codes!$A$5:$B$305,2,FALSE),IF($O$10=\"EST\",VLOOKUP(N34,Codes!$C$5:$D$316,2,FALSE),IF($O$10=\"OUEST\",VLOOKUP(N34,Codes!$E$5:$F$313,2,FALSE),\"\"))))=TRUE,\" \",(IF($O$10=\"CENTRE\",VLOOKUP(N34,Codes!$A$5:$B$305,2,FALSE),IF($O$10=\"EST\",VLOOKUP(N34,Codes!$C$5:$D$316,2,FALSE),IF($O$10=\"OUEST\",VLOOKUP(N34,Codes!$E$5:$F$313,2,FALSE),\"\")))))","v":""},null,null,null,"",null,null,null,{"$f":"IF(ISNA(IF($O$10=\"CENTRE\",VLOOKUP(V34,Codes!$G$5:$H$152,2,FALSE),IF($O$10=\"EST\",VLOOKUP(V34,Codes!$I$5:$J$196,2,FALSE),IF($O$10=\"OUEST\",VLOOKUP(V34,Codes!$K$5:$L$165,2,FALSE),\"\"))))=TRUE,\" \",(IF($O$10=\"CENTRE\",VLOOKUP(V34,Codes!$G$5:$H$152,2,FALSE),IF($O$10=\"EST\",VLOOKUP(V34,Codes!$I$5:$J$196,2,FALSE),IF($O$10=\"OUEST\",VLOOKUP(V34,Codes!$K$5:$LF$165,2,FALSE),\"\")))))","v":""}]
[null,null,null," ",null,{"$f":"IF(ISNA(IF($O$10=\"CENTRE\",VLOOKUP(E35,Codes!$A$5:$B$305,2,FALSE),IF($O$10=\"EST\",VLOOKUP(E35,Codes!$C$5:$D$316,2,FALSE),IF($O$10=\"OUEST\",VLOOKUP(E35,Codes!$E$5:$F$313,2,FALSE),\"\"))))=TRUE,\" \",(IF($O$10=\"CENTRE\",VLOOKUP(E35,Codes!$A$5:$B$305,2,FALSE),IF($O$10=\"EST\",VLOOKUP(E35,Codes!$C$5:$D$316,2,FALSE),IF($O$10=\"OUEST\",VLOOKUP(E35,Codes!$E$5:$F$313,2,FALSE),\"\")))))","v":""},null,null,null,"",null,null,null,null,{"$f":"IF(ISNA(IF($O$10=\"CENTRE\",VLOOKUP(N35,Codes!$A$5:$B$305,2,FALSE),IF($O$10=\"EST\",VLOOKUP(N35,Codes!$C$5:$D$316,2,FALSE),IF($O$10=\"OUEST\",VLOOKUP(N35,Codes!$E$5:$F$313,2,FALSE),\"\"))))=TRUE,\" \",(IF($O$10=\"CENTRE\",VLOOKUP(N35,Codes!$A$5:$B$305,2,FALSE),IF($O$10=\"EST\",VLOOKUP(N35,Codes!$C$5:$D$316,2,FALSE),IF($O$10=\"OUEST\",VLOOKUP(N35,Codes!$E$5:$F$313,2,FALSE),\"\")))))","v":""},null,null,null,"",null,null,null,{"$f":"IF(ISNA(IF($O$10=\"CENTRE\",VLOOKUP(V35,Codes!$G$5:$H$152,2,FALSE),IF($O$10=\"EST\",VLOOKUP(V35,Codes!$I$5:$J$196,2,FALSE),IF($O$10=\"OUEST\",VLOOKUP(V35,Codes!$K$5:$L$165,2,FALSE),\"\"))))=TRUE,\" \",(IF($O$10=\"CENTRE\",VLOOKUP(V35,Codes!$G$5:$H$152,2,FALSE),IF($O$10=\"EST\",VLOOKUP(V35,Codes!$I$5:$J$196,2,FALSE),IF($O$10=\"OUEST\",VLOOKUP(V35,Codes!$K$5:$LF$165,2,FALSE),\"\")))))","v":""}]
[null,null,null," ",null,{"$f":"IF(ISNA(IF($O$10=\"CENTRE\",VLOOKUP(E36,Codes!$A$5:$B$305,2,FALSE),IF($O$10=\"EST\",VLOOKUP(E36,Codes!$C$5:$D$316,2,FALSE),IF($O$10=\"OUEST\",VLOOKUP(E36,Codes!$E$5:$F$313,2,FALSE),\"\"))))=TRUE,\" \",(IF($O$10=\"CENTRE\",VLOOKUP(E36,Codes!$A$5:$B$305,2,FALSE),IF($O$10=\"EST\",VLOOKUP(E36,Codes!$C$5:$D$316,2,FALSE),IF($O$10=\"OUEST\",VLOOKUP(E36,Codes!$E$5:$F$313,2,FALSE),\"\")))))","v":""},null,null,null,"",null,null,null,null,{"$f":"IF(ISNA(IF($O$10=\"CENTRE\",VLOOKUP(N36,Codes!$A$5:$B$305,2,FALSE),IF($O$10=\"EST\",VLOOKUP(N36,Codes!$C$5:$D$316,2,FALSE),IF($O$10=\"OUEST\",VLOOKUP(N36,Codes!$E$5:$F$313,2,FALSE),\"\"))))=TRUE,\" \",(IF($O$10=\"CENTRE\",VLOOKUP(N36,Codes!$A$5:$B$305,2,FALSE),IF($O$10=\"EST\",VLOOKUP(N36,Codes!$C$5:$D$316,2,FALSE),IF($O$10=\"OUEST\",VLOOKUP(N36,Codes!$E$5:$F$313,2,FALSE),\"\")))))","v":""},null,null,null,"",null,null,null,{"$f":"IF(ISNA(IF($O$10=\"CENTRE\",VLOOKUP(V36,Codes!$G$5:$H$152,2,FALSE),IF($O$10=\"EST\",VLOOKUP(V36,Codes!$I$5:$J$196,2,FALSE),IF($O$10=\"OUEST\",VLOOKUP(V36,Codes!$K$5:$L$165,2,FALSE),\"\"))))=TRUE,\" \",(IF($O$10=\"CENTRE\",VLOOKUP(V36,Codes!$G$5:$H$152,2,FALSE),IF($O$10=\"EST\",VLOOKUP(V36,Codes!$I$5:$J$196,2,FALSE),IF($O$10=\"OUEST\",VLOOKUP(V36,Codes!$K$5:$LF$165,2,FALSE),\"\")))))","v":""}]
[null,null,null," ",null,{"$f":"IF(ISNA(IF($O$10=\"CENTRE\",VLOOKUP(E37,Codes!$A$5:$B$305,2,FALSE),IF($O$10=\"EST\",VLOOKUP(E37,Codes!$C$5:$D$316,2,FALSE),IF($O$10=\"OUEST\",VLOOKUP(E37,Codes!$E$5:$F$313,2,FALSE),\"\"))))=TRUE,\" \",(IF($O$10=\"CENTRE\",VLOOKUP(E37,Codes!$A$5:$B$305,2,FALSE),IF($O$10=\"EST\",VLOOKUP(E37,Codes!$C$5:$D$316,2,FALSE),IF($O$10=\"OUEST\",VLOOKUP(E37,Codes!$E$5:$F$313,2,FALSE),\"\")))))","v":""},null,null,null,"",null,null,null,null,{"$f":"IF(ISNA(IF($O$10=\"CENTRE\",VLOOKUP(N37,Codes!$A$5:$B$305,2,FALSE),IF($O$10=\"EST\",VLOOKUP(N37,Codes!$C$5:$D$316,2,FALSE),IF($O$10=\"OUEST\",VLOOKUP(N37,Codes!$E$5:$F$313,2,FALSE),\"\"))))=TRUE,\" \",(IF($O$10=\"CENTRE\",VLOOKUP(N37,Codes!$A$5:$B$305,2,FALSE),IF($O$10=\"EST\",VLOOKUP(N37,Codes!$C$5:$D$316,2,FALSE),IF($O$10=\"OUEST\",VLOOKUP(N37,Codes!$E$5:$F$313,2,FALSE),\"\")))))","v":""},null,null,null,"",null,null,null,{"$f":"IF(ISNA(IF($O$10=\"CENTRE\",VLOOKUP(V37,Codes!$G$5:$H$152,2,FALSE),IF($O$10=\"EST\",VLOOKUP(V37,Codes!$I$5:$J$196,2,FALSE),IF($O$10=\"OUEST\",VLOOKUP(V37,Codes!$K$5:$L$165,2,FALSE),\"\"))))=TRUE,\" \",(IF($O$10=\"CENTRE\",VLOOKUP(V37,Codes!$G$5:$H$152,2,FALSE),IF($O$10=\"EST\",VLOOKUP(V37,Codes!$I$5:$J$196,2,FALSE),IF($O$10=\"OUEST\",VLOOKUP(V37,Codes!$K$5:$LF$165,2,FALSE),\"\")))))","v":""}]
[null,null,null," ",null,{"$f":"IF(ISNA(IF($O$10=\"CENTRE\",VLOOKUP(E38,Codes!$A$5:$B$305,2,FALSE),IF($O$10=\"EST\",VLOOKUP(E38,Codes!$C$5:$D$316,2,FALSE),IF($O$10=\"OUEST\",VLOOKUP(E38,Codes!$E$5:$F$313,2,FALSE),\"\"))))=TRUE,\" \",(IF($O$10=\"CENTRE\",VLOOKUP(E38,Codes!$A$5:$B$305,2,FALSE),IF($O$10=\"EST\",VLOOKUP(E38,Codes!$C$5:$D$316,2,FALSE),IF($O$10=\"OUEST\",VLOOKUP(E38,Codes!$E$5:$F$313,2,FALSE),\"\")))))","v":""},null,null,null,"",null,null,null,null,{"$f":"IF(ISNA(IF($O$10=\"CENTRE\",VLOOKUP(N38,Codes!$A$5:$B$305,2,FALSE),IF($O$10=\"EST\",VLOOKUP(N38,Codes!$C$5:$D$316,2,FALSE),IF($O$10=\"OUEST\",VLOOKUP(N38,Codes!$E$5:$F$313,2,FALSE),\"\"))))=TRUE,\" \",(IF($O$10=\"CENTRE\",VLOOKUP(N38,Codes!$A$5:$B$305,2,FALSE),IF($O$10=\"EST\",VLOOKUP(N38,Codes!$C$5:$D$316,2,FALSE),IF($O$10=\"OUEST\",VLOOKUP(N38,Codes!$E$5:$F$313,2,FALSE),\"\")))))","v":""},null,null,null,"",null,null,null,{"$f":"IF(ISNA(IF($O$10=\"CENTRE\",VLOOKUP(V38,Codes!$G$5:$H$152,2,FALSE),IF($O$10=\"EST\",VLOOKUP(V38,Codes!$I$5:$J$196,2,FALSE),IF($O$10=\"OUEST\",VLOOKUP(V38,Codes!$K$5:$L$165,2,FALSE),\"\"))))=TRUE,\" \",(IF($O$10=\"CENTRE\",VLOOKUP(V38,Codes!$G$5:$H$152,2,FALSE),IF($O$10=\"EST\",VLOOKUP(V38,Codes!$I$5:$J$196,2,FALSE),IF($O$10=\"OUEST\",VLOOKUP(V38,Codes!$K$5:$LF$165,2,FALSE),\"\")))))","v":""}]
[null,null,null," ",null,{"$f":"IF(ISNA(IF($O$10=\"CENTRE\",VLOOKUP(E39,Codes!$A$5:$B$305,2,FALSE),IF($O$10=\"EST\",VLOOKUP(E39,Codes!$C$5:$D$316,2,FALSE),IF($O$10=\"OUEST\",VLOOKUP(E39,Codes!$E$5:$F$313,2,FALSE),\"\"))))=TRUE,\" \",(IF($O$10=\"CENTRE\",VLOOKUP(E39,Codes!$A$5:$B$305,2,FALSE),IF($O$10=\"EST\",VLOOKUP(E39,Codes!$C$5:$D$316,2,FALSE),IF($O$10=\"OUEST\",VLOOKUP(E39,Codes!$E$5:$F$313,2,FALSE),\"\")))))","v":""},null,null,null,"",null,null,null,null,{"$f":"IF(ISNA(IF($O$10=\"CENTRE\",VLOOKUP(N39,Codes!$A$5:$B$305,2,FALSE),IF($O$10=\"EST\",VLOOKUP(N39,Codes!$C$5:$D$316,2,FALSE),IF($O$10=\"OUEST\",VLOOKUP(N39,Codes!$E$5:$F$313,2,FALSE),\"\"))))=TRUE,\" \",(IF($O$10=\"CENTRE\",VLOOKUP(N39,Codes!$A$5:$B$305,2,FALSE),IF($O$10=\"EST\",VLOOKUP(N39,Codes!$C$5:$D$316,2,FALSE),IF($O$10=\"OUEST\",VLOOKUP(N39,Codes!$E$5:$F$313,2,FALSE),\"\")))))","v":""},null,null,null,"",null,null,null,{"$f":"IF(ISNA(IF($O$10=\"CENTRE\",VLOOKUP(V39,Codes!$G$5:$H$152,2,FALSE),IF($O$10=\"EST\",VLOOKUP(V39,Codes!$I$5:$J$196,2,FALSE),IF($O$10=\"OUEST\",VLOOKUP(V39,Codes!$K$5:$L$165,2,FALSE),\"\"))))=TRUE,\" \",(IF($O$10=\"CENTRE\",VLOOKUP(V39,Codes!$G$5:$H$152,2,FALSE),IF($O$10=\"EST\",VLOOKUP(V39,Codes!$I$5:$J$196,2,FALSE),IF($O$10=\"OUEST\",VLOOKUP(V39,Codes!$K$5:$LF$165,2,FALSE),\"\")))))","v":""}]
[null,null,null," ",null,{"$f":"IF(ISNA(IF($O$10=\"CENTRE\",VLOOKUP(E40,Codes!$A$5:$B$305,2,FALSE),IF($O$10=\"EST\",VLOOKUP(E40,Codes!$C$5:$D$316,2,FALSE),IF($O$10=\"OUEST\",VLOOKUP(E40,Codes!$E$5:$F$313,2,FALSE),\"\"))))=TRUE,\" \",(IF($O$10=\"CENTRE\",VLOOKUP(E40,Codes!$A$5:$B$305,2,FALSE),IF($O$10=\"EST\",VLOOKUP(E40,Codes!$C$5:$D$316,2,FALSE),IF($O$10=\"OUEST\",VLOOKUP(E40,Codes!$E$5:$F$313,2,FALSE),\"\")))))","v":""},null,null,null,"",null,null,null,null,{"$f":"IF(ISNA(IF($O$10=\"CENTRE\",VLOOKUP(N40,Codes!$A$5:$B$305,2,FALSE),IF($O$10=\"EST\",VLOOKUP(N40,Codes!$C$5:$D$316,2,FALSE),IF($O$10=\"OUEST\",VLOOKUP(N40,Codes!$E$5:$F$313,2,FALSE),\"\"))))=TRUE,\" \",(IF($O$10=\"CENTRE\",VLOOKUP(N40,Codes!$A$5:$B$305,2,FALSE),IF($O$10=\"EST\",VLOOKUP(N40,Codes!$C$5:$D$316,2,FALSE),IF($O$10=\"OUEST\",VLOOKUP(N40,Codes!$E$5:$F$313,2,FALSE),\"\")))))","v":""},null,null,null,"",null,null,null,{"$f":"IF(ISNA(IF($O$10=\"CENTRE\",VLOOKUP(V40,Codes!$G$5:$H$152,2,FALSE),IF($O$10=\"EST\",VLOOKUP(V40,Codes!$I$5:$J$196,2,FALSE),IF($O$10=\"OUEST\",VLOOKUP(V40,Codes!$K$5:$L$165,2,FALSE),\"\"))))=TRUE,\" \",(IF($O$10=\"CENTRE\",VLOOKUP(V40,Codes!$G$5:$H$152,2,FALSE),IF($O$10=\"EST\",VLOOKUP(V40,Codes!$I$5:$J$196,2,FALSE),IF($O$10=\"OUEST\",VLOOKUP(V40,Codes!$K$5:$LF$165,2,FALSE),\"\")))))","v":""}]
[null,null,null," ",null,{"$f":"IF(ISNA(IF($O$10=\"CENTRE\",VLOOKUP(E41,Codes!$A$5:$B$305,2,FALSE),IF($O$10=\"EST\",VLOOKUP(E41,Codes!$C$5:$D$316,2,FALSE),IF($O$10=\"OUEST\",VLOOKUP(E41,Codes!$E$5:$F$313,2,FALSE),\"\"))))=TRUE,\" \",(IF($O$10=\"CENTRE\",VLOOKUP(E41,Codes!$A$5:$B$305,2,FALSE),IF($O$10=\"EST\",VLOOKUP(E41,Codes!$C$5:$D$316,2,FALSE),IF($O$10=\"OUEST\",VLOOKUP(E41,Codes!$E$5:$F$313,2,FALSE),\"\")))))","v":""},null,null,null,"",null,null,null,null,{"$f":"IF(ISNA(IF($O$10=\"CENTRE\",VLOOKUP(N41,Codes!$A$5:$B$305,2,FALSE),IF($O$10=\"EST\",VLOOKUP(N41,Codes!$C$5:$D$316,2,FALSE),IF($O$10=\"OUEST\",VLOOKUP(N41,Codes!$E$5:$F$313,2,FALSE),\"\"))))=TRUE,\" \",(IF($O$10=\"CENTRE\",VLOOKUP(N41,Codes!$A$5:$B$305,2,FALSE),IF($O$10=\"EST\",VLOOKUP(N41,Codes!$C$5:$D$316,2,FALSE),IF($O$10=\"OUEST\",VLOOKUP(N41,Codes!$E$5:$F$313,2,FALSE),\"\")))))","v":""},null,null,null,"",null,null,null,{"$f":"IF(ISNA(IF($O$10=\"CENTRE\",VLOOKUP(V41,Codes!$G$5:$H$152,2,FALSE),IF($O$10=\"EST\",VLOOKUP(V41,Codes!$I$5:$J$196,2,FALSE),IF($O$10=\"OUEST\",VLOOKUP(V41,Codes!$K$5:$L$165,2,FALSE),\"\"))))=TRUE,\" \",(IF($O$10=\"CENTRE\",VLOOKUP(V41,Codes!$G$5:$H$152,2,FALSE),IF($O$10=\"EST\",VLOOKUP(V41,Codes!$I$5:$J$196,2,FALSE),IF($O$10=\"OUEST\",VLOOKUP(V41,Codes!$K$5:$LF$165,2,FALSE),\"\")))))","v":""}]
[null,null,null," ",null,{"$f":"IF(ISNA(IF($O$10=\"CENTRE\",VLOOKUP(E42,Codes!$A$5:$B$305,2,FALSE),IF($O$10=\"EST\",VLOOKUP(E42,Codes!$C$5:$D$316,2,FALSE),IF($O$10=\"OUEST\",VLOOKUP(E42,Codes!$E$5:$F$313,2,FALSE),\"\"))))=TRUE,\" \",(IF($O$10=\"CENTRE\",VLOOKUP(E42,Codes!$A$5:$B$305,2,FALSE),IF($O$10=\"EST\",VLOOKUP(E42,Codes!$C$5:$D$316,2,FALSE),IF($O$10=\"OUEST\",VLOOKUP(E42,Codes!$E$5:$F$313,2,FALSE),\"\")))))","v":""},null,null,null,"",null,null,null,null,{"$f":"IF(ISNA(IF($O$10=\"CENTRE\",VLOOKUP(N42,Codes!$A$5:$B$305,2,FALSE),IF($O$10=\"EST\",VLOOKUP(N42,Codes!$C$5:$D$316,2,FALSE),IF($O$10=\"OUEST\",VLOOKUP(N42,Codes!$E$5:$F$313,2,FALSE),\"\"))))=TRUE,\" \",(IF($O$10=\"CENTRE\",VLOOKUP(N42,Codes!$A$5:$B$305,2,FALSE),IF($O$10=\"EST\",VLOOKUP(N42,Codes!$C$5:$D$316,2,FALSE),IF($O$10=\"OUEST\",VLOOKUP(N42,Codes!$E$5:$F$313,2,FALSE),\"\")))))","v":""},null,null,null,"",null,null,null,{"$f":"IF(ISNA(IF($O$10=\"CENTRE\",VLOOKUP(V42,Codes!$G$5:$H$152,2,FALSE),IF($O$10=\"EST\",VLOOKUP(V42,Codes!$I$5:$J$196,2,FALSE),IF($O$10=\"OUEST\",VLOOKUP(V42,Codes!$K$5:$L$165,2,FALSE),\"\"))))=TRUE,\" \",(IF($O$10=\"CENTRE\",VLOOKUP(V42,Codes!$G$5:$H$152,2,FALSE),IF($O$10=\"EST\",VLOOKUP(V42,Codes!$I$5:$J$196,2,FALSE),IF($O$10=\"OUEST\",VLOOKUP(V42,Codes!$K$5:$LF$165,2,FALSE),\"\")))))","v":""}]
[]
[null,null,"Explication: (Exemple: # de fériés, échange ou toute autre information pertinente)"]
[]
[]
[]
[]
[]
[null,null,"Nom du gestionnaire:",null,null,null,null,null,null,null,null,null,"SECTION RÉSERVÉE AU SERVICE DE LA PAIE DE LA MONTÉRÉGIE"]
[]
[null,null,"Date :",null,null,null,null,null,null,null,null,null,null,null,"Traité par :"]
[]
[]
[null,null,"Téléphone:",null,null,null,null,"Poste :",null,null,null,null,null,null,"Corrigé no de Paie :",null,null,"Date:"]
[]
[null,null,"Adresse courriel : paie.regionale.cisssmc16@ssss.gouv.qc.ca\nAdresse interne SSSS : 16 CISSS Monteregie-Centre Paie_Regionale",null,null,null,null,null,null,null,null,null,null,null,"Acheminé par:"]
[]
[]
[null,null,null,null,null,null,null,null,null,null,null,null,null,null,null,null,null,null,null,null,null,null,"Version du 2024-06-17"]
[]
[]
[]
[]
[]
[]
[]
[]
[]
[]
[]
[]
[null,null,null,null,null,null,null," "]

{"sheet":"Listes déroulantes","index":1,"n_rows":59,"n_cols":11,"rows_kept":59,"cut":false,"hidden":true,"merged":[]}
["Liste des motifs","Liste des statuts","Liste des établissements","Identification d'heures à payer","Multiplicateur",null,"BM","Multiplicateur",null,"Primes","Multiplicateur"]
["Veuillez sélectionner dans la liste","Sélectionner","Veuillez sélectionner dans la liste","Absence autorisée non payée",null,null,"Sélectionner",0,null,"Ancienneté"]
["Augmentation statutaire","1- Temps complet","Centre de réadaptation en dépendance Le Virage","Absence non-autorisée",null,null,"BM maladie (+ 3 mois)",4.2099999999999999E-2,null,"Assistant chef-d'équipe"]
["Avancement accéléré d'échelon - rendement exceptionnel (Prof.)","2- Temps complet temporaire","Centre jeunesse de la Montérégie","Affect.trav.enceinte",null,null,"BM férié",5.7000000000000002E-2,null,"Autre (Préciser)"]
["Avancement d'échelon au 6 mois - pour les 8ers échelons - Prof.)","3- Temps partiel","Centre montérégien de réadaptation","Assignation temporaire",null,null,"BM maladie (- 3mois)",6.2100000000000002E-2,null,"Chef d'équipe"]
["CADRE - Cumul de fonction","4- Temps partiel temporaire","CRDITED de la Montérégie-Est","Assurance-salaire non-payée",null,null,"Psychiatrie %",0.02,null,"Coordination professionnelle"]
["CADRE - Hausse de classe salariale","5- Occassionel","CSSS Champlain-Charles-Le Moyne","Assurance-salaire payée",null,null,"Vacances (TP +25 ans)",0.11210000000000001,null,"Disponibilité (Garde)"]
["CADRE - Intérim à un poste",null,"CSSS de Vaudreuil-Soulanges","Congé de nuit",null,null,"Vacances (TP moins 17 ans)",8.77E-2,null,"Fin de semaine"]
["CÉPI - Obtention du permis d'exercice",null,"CSSS du Haut-Saint-Laurent","Congé décès",null,null,"Vacances (TP 17-18 ans)",9.2499999999999999E-2,null,"Heures brisées"]
["Changement de titre d'emploi",null,"CSSS du Suroît","Congé Familial non-payé",null,null,"Vacances (TP 19-20 ans)",9.7299999999999998E-2,null,"Initiation/formation inf."]
["Erreur de codification autre",null,"CSSS Haut-Richelieu-Rouville","Congé familial payé",null,null,"Vacances (TP 21-22 ans)",0.1022,null,"Linge souillé"]
["Examen de l'ordre réussi",null,"CSSS Jardins-Roussillon","Congé mariage payé",null,null,"Vacances (TP 23-24 ans)",0.1071,null,"Nuit"]
["Expérience antérieure à l'embauche",null,"CSSS Pierre-Boucher","Congé mariage sans solde",null,null,null,null,null,"Psychiatrique"]
["Expérience en cours d'emploi acquise autre employeur",null,"CSSS Pierre-De-Saurel","Congé partiel",null,null,null,null,null,"Soins critiques"]
["Formation postscolaire / Scolarité / Rémunération additionnelle",null,"CSSS Richelieu-Yamaska","Congé maternité",null,null,null,null,null,"Soins intensifs"]
["Mutation - Promotion",null,"Institut Nazareth et Louis-Braille","Congé paternité (3-5 sem.)",null,null,null,null,null,"Soir"]
["Mutation - Rétrogradation",null,"Pavillon Foster","Congé paternité (5 jours)"]
["Mutation - Transfert",null,"Services de réadaptation du Sud-ouest et du Renfort","Congé pour études"]
["Reclassification",null,null,"Congé psychiatrique"]
["AUTRE - Voir commentaire",null,null,"Congé retraite progressive"]
[null,null,null,"Congé sans solde - 30 jours"]
[null,null,null,"Congé témoin jury"]
[null,null,null,"CSST 14 premiers jours"]
[null,null,null,"CSST 15 jours et +"]
[null,null,null,"CSST jour de l'accident"]
[null,null,null,"Départ hâtif"]
[null,null,null,"Échange congé"]
[null,null,null,"Échange travail"]
[null,null,null,"Férié (Préciser #)"]
[null,null,null,"Formation"]
[null,null,null,"Formation Temps supplémentaire"]
[null,null,null,"Garde"]
[null,null,null,"IVAC"]
[null,null,null,"Jour de l'an"]
[null,null,null,"Jour de Noël"]
[null,null,null,"Libération Syndicale payée"]
[null,null,null,"Libération Syndicale remboursable"]
[null,null,null,"Libération Syndicale sans solde"]
[null,null,null,"Maladie courante"]
[null,null,null,"Maladie personnelle"]
[null,null,null,"Orientation"]
[null,null,null,"Rappel au travail"]
[null,null,null,"Régulier"]
[null,null,null,"Retard"]
[null,null,null,"Retour progressif"]
[null,null,null,"Retrait préventif (5 premiers jours)"]
[null,null,null,"Retrait préventif en remboursement (14 jours)"]
[null,null,null,"Retrait préventif (15 jours et + N.P.)"]
[null,null,null,"SAAQ"]
[null,null,null,"Supp. Taux  double (2,0)"]
[null,null,null,"Supp. Taux  et demi (1,5)"]
[null,null,null,"Supp. Taux simple  (1,0)"]
[null,null,null,"Suspension"]
[null,null,null,"Temps accumulé"]
[null,null,null,"Temps repris"]
[null,null,null,"Transport"]
[null,null,null,"Travaux modifiés"]
[null,null,null,"Vacances"]
[null,null,null,"Visite grossesse"]

{"sheet":"Explication","index":2,"n_rows":73,"n_cols":28,"rows_kept":73,"cut":false,"hidden":false,"merged":[[24,11,24,12],[4,9,6,22],[9,2,9,5],[9,6,9,8],[11,2,11,22],[13,3,13,8],[13,11,13,13],[13,14,13,16],[13,18,13,20],[17,2,17,22],[20,2,20,5],[20,8,20,12],[22,2,22,22],[23,11,23,22],[35,11,35,12],[25,2,25,9],[25,11,25,22],[26,11,26,12],[27,11,27,12],[28,11,28,12],[29,11,29,12],[30,11,30,12],[31,11,31,12],[32,11,32,12],[33,11,33,12],[34,11,34,12],[51,2,51,4],[51,15,51,20],[36,11,36,12],[37,11,37,12],[38,11,38,12],[39,11,39,12],[40,11,40,12],[41,11,41,12],[44,2,45,22],[46,2,46,22],[49,2,49,4],[49,5,49,10],[49,12,49,22],[57,21,57,22],[59,21,59,22],[52,2,52,3],[54,2,54,4],[54,8,54,10],[54,15,54,16],[54,17,54,18],[56,2,57,9],[56,15,56,20]]}
[]
[]
[1]
[]
[null,null,null,null,null,null,null,null,null,"AVIS DE MODIFICATION À LA FEUILLE DE TEMPS OU RELEVÉ DE PRÉSENCE"]
[]
[]
[]
[]
[null,null,"NOM DU CISSS :",null,null,null,null,null,null,null,null,null,null,null,null,null,null,null,null,null,null,null,null,null,null,{"$f":"CONCATENATE(CISSS,\"\\FT\\Avis de modification\\ARCHIVÉ\\\",Année,\"\\P0\",Période,\"\\\",\" \",Matricule, \" \", Prénom, \" \", Nom,\"  \",AC25)","v":{"$error":"#N/A"}}]
[null,null,null,null,null,null,null,null,null,null,null,null,null,null,null,null,null,null,null,null,null,null,null,null,null,"CISSSMC\\FT\\Avis de modification\\ARCHIVÉ\\2019\\P04\\ 999999 Daniel TEST  43733,5506386574"]
[null,null,"IDENTIFICATION DE L’EMPLOYÉ"]
[]
[null,null,"Nom:",null,null,null,null,null,null,null,null,"Prénom:",null,null,null,null,null,null,"No employé:",null,null,null,null,null,null,{"$f":"LEFT(Z18,4)","v":"2019"}]
[null,null,null,null,null,null,null,null,null,null,null,null,null,null,null,null,null,null,null,null,null,null,null,null,null,{"$f":"VALUE(RIGHT(Z18,2))","v":24}]
[null,null,null,null,null,null,null,null,null,null,null,null,null,null,null,null,null,null,null,null,null,null,null,null,null,4]
[null,null,null,null,null,null,null,null,null,null,null,null,null,null,null,null,null,null,null,null,null,null,null,null,null,5]
[null,null,"IDENTIFICATION DE LA PÉRIODE À CORRIGER",null,null,null,null,null,null,null,null,null,null,null,null,null,null,null,null,null,null,null,null,null,null,"2019 - 24"]
[null,null,null,null,null,null,null,null,null,null,null,null,null,null,null,null,null,null,null,null,null,null,null,null,null,{"$f":"CONCATENATE(CISSS,\"\\FT\\Avis de modification\\À TRAITER\\\",Matricule, \"  \", Prénom, \" \", Nom,\"  \",Temps )","v":{"$error":"#N/A"}}]
[null,null,null,null,null,null,null,null,null,null,null,null,null,null,null,null,null,null,null,null,null,null,null,null,null,"CISSSMC\\FT\\Avis de modification\\À TRAITER\\999999  TEST Daniel  2019-11-26 11 55 18",null,{"$f":"Z27","v":"999999  TEST Daniel  2019-11-26 11 55 18.xlsm"}]
[null,null,"Période de paie à corriger:",null,null,null,null,"du",null,null,null,null,null,"au",null,null,null,null,null,null,null,null,null,null,null,"L:\\PAIE\\Finances\\CISSSMC\\FT\\Avis de modification\\À TRAITER\\999999  TEST Daniel  2019-11-26 11 55 18.xlsm",{"$f":"MID(AA20,50,40)","v":""}]
[null,null,null,null,null,null,null,null,null,null,null,null,null,null,null,null,null,null,null,null,null,null,null,null,null,null,{"$f":"CONCATENATE(AA21,\".xlsm\")","v":".xlsm"}]
[null,null,"Inscrire seulement les dates pour lesquelles vous désirez apporter une modification, la description de la présence, de l'absence et/ou de la prime ainsi que les heures visées par la modification avec un bref commentaire s'il y a lieu."]
[]
[null,null,"Date","No de paie","CODES","Description","Entrée","Sortie","Repas","Total\nHres",null,"Correction Ajout annulation",null,"CODES","Description","Entrée","Sortie","Repas","Total\nHres","Sous-\nserv.","Titre\nd'empl.","Primes\nCODES","Prime\nhres"]
[null,null,"INFORMATION DÉCLARÉE",null,null,null,null,null,null,null,null,"CORRECTION, AJOUT OU ANNULATION À APPORTER"]
[null,null,null,{"$f":"IFERROR(IF(C27<>0,IF(Système=\"Logibec\",IF(OR(MONTH((14*ROUNDDOWN((C27-1)/14,0)+1))<3,AND(MONTH((14*ROUNDDOWN((C27-1)/14,0)+1))=3,DAY((14*ROUNDDOWN((C27-1)/14,0)+1))<=18)),YEAR((14*ROUNDDOWN((C27-1)/14,0)+1)),YEAR((14*ROUNDDOWN((C27-1)/14,0)+1))+1)&\" - \"&ROUND(((14*ROUNDDOWN((C27-1)/14,0)+1)-(DATE(IF(OR((MONTH((14*ROUNDDOWN((C27-1)/14,0)+1))<3),AND(MONTH((14*ROUNDDOWN((C27-1)/14,0)+1))=3,DAY((14*ROUNDDOWN((C27-1)/14,0)+1))<=18)),-1,0)+YEAR((14*ROUNDDOWN((C27-1)/14,0)+1)),4,1))+6)/14+1,0),YEAR((14*ROUNDDOWN((C27-1)/14,0)+1))+IF(AND(MONTH((14*ROUNDDOWN((C27-1)/14,0)+1))=12,DAY((14*ROUNDDOWN((C27-1)/14,0)+1))>=7),1,0)&\" - \"&ROUND(((14*ROUNDDOWN((C27-1)/14,0)+1)-(DATE(IF(AND(MONTH((14*ROUNDDOWN((C27-1)/14,0)+1))=12,DAY((14*ROUNDDOWN((C27-1)/14,0)+1))>=7),0,-1)+YEAR((14*ROUNDDOWN((C27-1)/14,0)+1)),12,7))-7)/14+1,0)),\" \"),\"Sélectioner le CISSS\")","v":" "},null,{"$f":"IF(ISNA(IF($G$10=\"CENTRE\",VLOOKUP(E27,Codes!$A$5:$B$251,2,FALSE),IF($G$10=\"EST\",VLOOKUP(E27,Codes!$C$5:$D$186,2,FALSE),IF($G$10=\"OUEST\",VLOOKUP(E27,Codes!$E$5:$F$178,2,FALSE),\"\"))))=TRUE,\" \",(IF($G$10=\"CENTRE\",VLOOKUP(E27,Codes!$A$5:$B$251,2,FALSE),IF($G$10=\"EST\",VLOOKUP(E27,Codes!$C$5:$D$186,2,FALSE),IF($G$10=\"OUEST\",VLOOKUP(E27,Codes!$E$5:$F$178,2,FALSE),\"\")))))","v":""},null,null,null,{"$f":"IF(G27=\"\",\"\",MOD(H27-G27-I27,1)*24)","v":""},null,null,null,null,{"$f":"IF(ISNA(IF($G$10=\"CENTRE\",VLOOKUP(N27,Codes!$A$5:$B$251,2,FALSE),IF($G$10=\"EST\",VLOOKUP(N27,Codes!$C$5:$D$186,2,FALSE),IF($G$10=\"OUEST\",VLOOKUP(N27,Codes!$E$5:$F$178,2,FALSE),\"\"))))=TRUE,\" \",(IF($G$10=\"CENTRE\",VLOOKUP(N27,Codes!$A$5:$B$251,2,FALSE),IF($G$10=\"EST\",VLOOKUP(N27,Codes!$C$5:$D$186,2,FALSE),IF($G$10=\"OUEST\",VLOOKUP(N27,Codes!$E$5:$F$178,2,FALSE),\"\")))))","v":""},null,null,null,{"$f":"IF(P27=\"\",\"\",MOD(Q27-P27-R27,1)*24)","v":""},null,null,null,null,null,null,"999999  TEST Daniel  2019-11-26 11 55 18.xlsm"]
[null,null,null," ",null,{"$f":"IF(ISNA(IF($G$10=\"CENTRE\",VLOOKUP(E28,Codes!$A$5:$B$251,2,FALSE),IF($G$10=\"EST\",VLOOKUP(E28,Codes!$C$5:$D$186,2,FALSE),IF($G$10=\"OUEST\",VLOOKUP(E28,Codes!$E$5:$F$178,2,FALSE),\"\"))))=TRUE,\" \",(IF($G$10=\"CENTRE\",VLOOKUP(E28,Codes!$A$5:$B$251,2,FALSE),IF($G$10=\"EST\",VLOOKUP(E28,Codes!$C$5:$D$186,2,FALSE),IF($G$10=\"OUEST\",VLOOKUP(E28,Codes!$E$5:$F$178,2,FALSE),\"\")))))","v":""},null,null,null,{"$f":"IF(G28=\"\",\"\",MOD(H28-G28-I28,1)*24)","v":""},null,null,null,null,{"$f":"IF(ISNA(IF($G$10=\"CENTRE\",VLOOKUP(N28,Codes!$A$5:$B$251,2,FALSE),IF($G$10=\"EST\",VLOOKUP(N28,Codes!$C$5:$D$186,2,FALSE),IF($G$10=\"OUEST\",VLOOKUP(N28,Codes!$E$5:$F$178,2,FALSE),\"\"))))=TRUE,\" \",(IF($G$10=\"CENTRE\",VLOOKUP(N28,Codes!$A$5:$B$251,2,FALSE),IF($G$10=\"EST\",VLOOKUP(N28,Codes!$C$5:$D$186,2,FALSE),IF($G$10=\"OUEST\",VLOOKUP(N28,Codes!$E$5:$F$178,2,FALSE),\"\")))))","v":""},null,null,null,{"$f":"IF(P28=\"\",\"\",MOD(Q28-P28-R28,1)*24)","v":""}]
[null,null,null," ",null,{"$f":"IF(ISNA(IF($G$10=\"CENTRE\",VLOOKUP(E29,Codes!$A$5:$B$251,2,FALSE),IF($G$10=\"EST\",VLOOKUP(E29,Codes!$C$5:$D$186,2,FALSE),IF($G$10=\"OUEST\",VLOOKUP(E29,Codes!$E$5:$F$178,2,FALSE),\"\"))))=TRUE,\" \",(IF($G$10=\"CENTRE\",VLOOKUP(E29,Codes!$A$5:$B$251,2,FALSE),IF($G$10=\"EST\",VLOOKUP(E29,Codes!$C$5:$D$186,2,FALSE),IF($G$10=\"OUEST\",VLOOKUP(E29,Codes!$E$5:$F$178,2,FALSE),\"\")))))","v":""},null,null,null,"",null,null,null,null,{"$f":"IF(ISNA(IF($G$10=\"CENTRE\",VLOOKUP(N29,Codes!$A$5:$B$251,2,FALSE),IF($G$10=\"EST\",VLOOKUP(N29,Codes!$C$5:$D$186,2,FALSE),IF($G$10=\"OUEST\",VLOOKUP(N29,Codes!$E$5:$F$178,2,FALSE),\"\"))))=TRUE,\" \",(IF($G$10=\"CENTRE\",VLOOKUP(N29,Codes!$A$5:$B$251,2,FALSE),IF($G$10=\"EST\",VLOOKUP(N29,Codes!$C$5:$D$186,2,FALSE),IF($G$10=\"OUEST\",VLOOKUP(N29,Codes!$E$5:$F$178,2,FALSE),\"\")))))","v":""},null,null,null,""]
[null,null,null," ",null,{"$f":"IF(ISNA(IF($G$10=\"CENTRE\",VLOOKUP(E30,Codes!$A$5:$B$251,2,FALSE),IF($G$10=\"EST\",VLOOKUP(E30,Codes!$C$5:$D$186,2,FALSE),IF($G$10=\"OUEST\",VLOOKUP(E30,Codes!$E$5:$F$178,2,FALSE),\"\"))))=TRUE,\" \",(IF($G$10=\"CENTRE\",VLOOKUP(E30,Codes!$A$5:$B$251,2,FALSE),IF($G$10=\"EST\",VLOOKUP(E30,Codes!$C$5:$D$186,2,FALSE),IF($G$10=\"OUEST\",VLOOKUP(E30,Codes!$E$5:$F$178,2,FALSE),\"\")))))","v":""},null,null,null,"",null,null,null,null,{"$f":"IF(ISNA(IF($G$10=\"CENTRE\",VLOOKUP(N30,Codes!$A$5:$B$251,2,FALSE),IF($G$10=\"EST\",VLOOKUP(N30,Codes!$C$5:$D$186,2,FALSE),IF($G$10=\"OUEST\",VLOOKUP(N30,Codes!$E$5:$F$178,2,FALSE),\"\"))))=TRUE,\" \",(IF($G$10=\"CENTRE\",VLOOKUP(N30,Codes!$A$5:$B$251,2,FALSE),IF($G$10=\"EST\",VLOOKUP(N30,Codes!$C$5:$D$186,2,FALSE),IF($G$10=\"OUEST\",VLOOKUP(N30,Codes!$E$5:$F$178,2,FALSE),\"\")))))","v":""},null,null,null,""]
[null,null,null," ",null,{"$f":"IF(ISNA(IF($G$10=\"CENTRE\",VLOOKUP(E31,Codes!$A$5:$B$251,2,FALSE),IF($G$10=\"EST\",VLOOKUP(E31,Codes!$C$5:$D$186,2,FALSE),IF($G$10=\"OUEST\",VLOOKUP(E31,Codes!$E$5:$F$178,2,FALSE),\"\"))))=TRUE,\" \",(IF($G$10=\"CENTRE\",VLOOKUP(E31,Codes!$A$5:$B$251,2,FALSE),IF($G$10=\"EST\",VLOOKUP(E31,Codes!$C$5:$D$186,2,FALSE),IF($G$10=\"OUEST\",VLOOKUP(E31,Codes!$E$5:$F$178,2,FALSE),\"\")))))","v":""},null,null,null,"",null,null,null,null,{"$f":"IF(ISNA(IF($G$10=\"CENTRE\",VLOOKUP(N31,Codes!$A$5:$B$251,2,FALSE),IF($G$10=\"EST\",VLOOKUP(N31,Codes!$C$5:$D$186,2,FALSE),IF($G$10=\"OUEST\",VLOOKUP(N31,Codes!$E$5:$F$178,2,FALSE),\"\"))))=TRUE,\" \",(IF($G$10=\"CENTRE\",VLOOKUP(N31,Codes!$A$5:$B$251,2,FALSE),IF($G$10=\"EST\",VLOOKUP(N31,Codes!$C$5:$D$186,2,FALSE),IF($G$10=\"OUEST\",VLOOKUP(N31,Codes!$E$5:$F$178,2,FALSE),\"\")))))","v":""},null,null,null,""]
[null,null,null," ",null,{"$f":"IF(ISNA(IF($G$10=\"CENTRE\",VLOOKUP(E32,Codes!$A$5:$B$251,2,FALSE),IF($G$10=\"EST\",VLOOKUP(E32,Codes!$C$5:$D$186,2,FALSE),IF($G$10=\"OUEST\",VLOOKUP(E32,Codes!$E$5:$F$178,2,FALSE),\"\"))))=TRUE,\" \",(IF($G$10=\"CENTRE\",VLOOKUP(E32,Codes!$A$5:$B$251,2,FALSE),IF($G$10=\"EST\",VLOOKUP(E32,Codes!$C$5:$D$186,2,FALSE),IF($G$10=\"OUEST\",VLOOKUP(E32,Codes!$E$5:$F$178,2,FALSE),\"\")))))","v":""},null,null,null,"",null,null,null,null,{"$f":"IF(ISNA(IF($G$10=\"CENTRE\",VLOOKUP(N32,Codes!$A$5:$B$251,2,FALSE),IF($G$10=\"EST\",VLOOKUP(N32,Codes!$C$5:$D$186,2,FALSE),IF($G$10=\"OUEST\",VLOOKUP(N32,Codes!$E$5:$F$178,2,FALSE),\"\"))))=TRUE,\" \",(IF($G$10=\"CENTRE\",VLOOKUP(N32,Codes!$A$5:$B$251,2,FALSE),IF($G$10=\"EST\",VLOOKUP(N32,Codes!$C$5:$D$186,2,FALSE),IF($G$10=\"OUEST\",VLOOKUP(N32,Codes!$E$5:$F$178,2,FALSE),\"\")))))","v":""},null,null,null,""]
[null,null,null," ",null,{"$f":"IF(ISNA(IF($G$10=\"CENTRE\",VLOOKUP(E33,Codes!$A$5:$B$251,2,FALSE),IF($G$10=\"EST\",VLOOKUP(E33,Codes!$C$5:$D$186,2,FALSE),IF($G$10=\"OUEST\",VLOOKUP(E33,Codes!$E$5:$F$178,2,FALSE),\"\"))))=TRUE,\" \",(IF($G$10=\"CENTRE\",VLOOKUP(E33,Codes!$A$5:$B$251,2,FALSE),IF($G$10=\"EST\",VLOOKUP(E33,Codes!$C$5:$D$186,2,FALSE),IF($G$10=\"OUEST\",VLOOKUP(E33,Codes!$E$5:$F$178,2,FALSE),\"\")))))","v":""},null,null,null,"",null,null,null,null,{"$f":"IF(ISNA(IF($G$10=\"CENTRE\",VLOOKUP(N33,Codes!$A$5:$B$251,2,FALSE),IF($G$10=\"EST\",VLOOKUP(N33,Codes!$C$5:$D$186,2,FALSE),IF($G$10=\"OUEST\",VLOOKUP(N33,Codes!$E$5:$F$178,2,FALSE),\"\"))))=TRUE,\" \",(IF($G$10=\"CENTRE\",VLOOKUP(N33,Codes!$A$5:$B$251,2,FALSE),IF($G$10=\"EST\",VLOOKUP(N33,Codes!$C$5:$D$186,2,FALSE),IF($G$10=\"OUEST\",VLOOKUP(N33,Codes!$E$5:$F$178,2,FALSE),\"\")))))","v":""},null,null,null,""]
[null,null,null," ",null,{"$f":"IF(ISNA(IF($G$10=\"CENTRE\",VLOOKUP(E34,Codes!$A$5:$B$251,2,FALSE),IF($G$10=\"EST\",VLOOKUP(E34,Codes!$C$5:$D$186,2,FALSE),IF($G$10=\"OUEST\",VLOOKUP(E34,Codes!$E$5:$F$178,2,FALSE),\"\"))))=TRUE,\" \",(IF($G$10=\"CENTRE\",VLOOKUP(E34,Codes!$A$5:$B$251,2,FALSE),IF($G$10=\"EST\",VLOOKUP(E34,Codes!$C$5:$D$186,2,FALSE),IF($G$10=\"OUEST\",VLOOKUP(E34,Codes!$E$5:$F$178,2,FALSE),\"\")))))","v":""},null,null,null,"",null,null,null,null,{"$f":"IF(ISNA(IF($G$10=\"CENTRE\",VLOOKUP(N34,Codes!$A$5:$B$251,2,FALSE),IF($G$10=\"EST\",VLOOKUP(N34,Codes!$C$5:$D$186,2,FALSE),IF($G$10=\"OUEST\",VLOOKUP(N34,Codes!$E$5:$F$178,2,FALSE),\"\"))))=TRUE,\" \",(IF($G$10=\"CENTRE\",VLOOKUP(N34,Codes!$A$5:$B$251,2,FALSE),IF($G$10=\"EST\",VLOOKUP(N34,Codes!$C$5:$D$186,2,FALSE),IF($G$10=\"OUEST\",VLOOKUP(N34,Codes!$E$5:$F$178,2,FALSE),\"\")))))","v":""},null,null,null,""]
[null,null,null," ",null,{"$f":"IF(ISNA(IF($G$10=\"CENTRE\",VLOOKUP(E35,Codes!$A$5:$B$251,2,FALSE),IF($G$10=\"EST\",VLOOKUP(E35,Codes!$C$5:$D$186,2,FALSE),IF($G$10=\"OUEST\",VLOOKUP(E35,Codes!$E$5:$F$178,2,FALSE),\"\"))))=TRUE,\" \",(IF($G$10=\"CENTRE\",VLOOKUP(E35,Codes!$A$5:$B$251,2,FALSE),IF($G$10=\"EST\",VLOOKUP(E35,Codes!$C$5:$D$186,2,FALSE),IF($G$10=\"OUEST\",VLOOKUP(E35,Codes!$E$5:$F$178,2,FALSE),\"\")))))","v":""},null,null,null,"",null,null,null,null,{"$f":"IF(ISNA(IF($G$10=\"CENTRE\",VLOOKUP(N35,Codes!$A$5:$B$251,2,FALSE),IF($G$10=\"EST\",VLOOKUP(N35,Codes!$C$5:$D$186,2,FALSE),IF($G$10=\"OUEST\",VLOOKUP(N35,Codes!$E$5:$F$178,2,FALSE),\"\"))))=TRUE,\" \",(IF($G$10=\"CENTRE\",VLOOKUP(N35,Codes!$A$5:$B$251,2,FALSE),IF($G$10=\"EST\",VLOOKUP(N35,Codes!$C$5:$D$186,2,FALSE),IF($G$10=\"OUEST\",VLOOKUP(N35,Codes!$E$5:$F$178,2,FALSE),\"\")))))","v":""},null,null,null,""]
[null,null,null," ",null,{"$f":"IF(ISNA(IF($G$10=\"CENTRE\",VLOOKUP(E36,Codes!$A$5:$B$251,2,FALSE),IF($G$10=\"EST\",VLOOKUP(E36,Codes!$C$5:$D$186,2,FALSE),IF($G$10=\"OUEST\",VLOOKUP(E36,Codes!$E$5:$F$178,2,FALSE),\"\"))))=TRUE,\" \",(IF($G$10=\"CENTRE\",VLOOKUP(E36,Codes!$A$5:$B$251,2,FALSE),IF($G$10=\"EST\",VLOOKUP(E36,Codes!$C$5:$D$186,2,FALSE),IF($G$10=\"OUEST\",VLOOKUP(E36,Codes!$E$5:$F$178,2,FALSE),\"\")))))","v":""},null,null,null,"",null,null,null,null,{"$f":"IF(ISNA(IF($G$10=\"CENTRE\",VLOOKUP(N36,Codes!$A$5:$B$251,2,FALSE),IF($G$10=\"EST\",VLOOKUP(N36,Codes!$C$5:$D$186,2,FALSE),IF($G$10=\"OUEST\",VLOOKUP(N36,Codes!$E$5:$F$178,2,FALSE),\"\"))))=TRUE,\" \",(IF($G$10=\"CENTRE\",VLOOKUP(N36,Codes!$A$5:$B$251,2,FALSE),IF($G$10=\"EST\",VLOOKUP(N36,Codes!$C$5:$D$186,2,FALSE),IF($G$10=\"OUEST\",VLOOKUP(N36,Codes!$E$5:$F$178,2,FALSE),\"\")))))","v":""},null,null,null,""]
[null,null,null," ",null,{"$f":"IF(ISNA(IF($G$10=\"CENTRE\",VLOOKUP(E37,Codes!$A$5:$B$251,2,FALSE),IF($G$10=\"EST\",VLOOKUP(E37,Codes!$C$5:$D$186,2,FALSE),IF($G$10=\"OUEST\",VLOOKUP(E37,Codes!$E$5:$F$178,2,FALSE),\"\"))))=TRUE,\" \",(IF($G$10=\"CENTRE\",VLOOKUP(E37,Codes!$A$5:$B$251,2,FALSE),IF($G$10=\"EST\",VLOOKUP(E37,Codes!$C$5:$D$186,2,FALSE),IF($G$10=\"OUEST\",VLOOKUP(E37,Codes!$E$5:$F$178,2,FALSE),\"\")))))","v":""},null,null,null,"",null,null,null,null,{"$f":"IF(ISNA(IF($G$10=\"CENTRE\",VLOOKUP(N37,Codes!$A$5:$B$251,2,FALSE),IF($G$10=\"EST\",VLOOKUP(N37,Codes!$C$5:$D$186,2,FALSE),IF($G$10=\"OUEST\",VLOOKUP(N37,Codes!$E$5:$F$178,2,FALSE),\"\"))))=TRUE,\" \",(IF($G$10=\"CENTRE\",VLOOKUP(N37,Codes!$A$5:$B$251,2,FALSE),IF($G$10=\"EST\",VLOOKUP(N37,Codes!$C$5:$D$186,2,FALSE),IF($G$10=\"OUEST\",VLOOKUP(N37,Codes!$E$5:$F$178,2,FALSE),\"\")))))","v":""},null,null,null,""]
[null,null,null," ",null,{"$f":"IF(ISNA(IF($G$10=\"CENTRE\",VLOOKUP(E38,Codes!$A$5:$B$251,2,FALSE),IF($G$10=\"EST\",VLOOKUP(E38,Codes!$C$5:$D$186,2,FALSE),IF($G$10=\"OUEST\",VLOOKUP(E38,Codes!$E$5:$F$178,2,FALSE),\"\"))))=TRUE,\" \",(IF($G$10=\"CENTRE\",VLOOKUP(E38,Codes!$A$5:$B$251,2,FALSE),IF($G$10=\"EST\",VLOOKUP(E38,Codes!$C$5:$D$186,2,FALSE),IF($G$10=\"OUEST\",VLOOKUP(E38,Codes!$E$5:$F$178,2,FALSE),\"\")))))","v":""},null,null,null,"",null,null,null,null,{"$f":"IF(ISNA(IF($G$10=\"CENTRE\",VLOOKUP(N38,Codes!$A$5:$B$251,2,FALSE),IF($G$10=\"EST\",VLOOKUP(N38,Codes!$C$5:$D$186,2,FALSE),IF($G$10=\"OUEST\",VLOOKUP(N38,Codes!$E$5:$F$178,2,FALSE),\"\"))))=TRUE,\" \",(IF($G$10=\"CENTRE\",VLOOKUP(N38,Codes!$A$5:$B$251,2,FALSE),IF($G$10=\"EST\",VLOOKUP(N38,Codes!$C$5:$D$186,2,FALSE),IF($G$10=\"OUEST\",VLOOKUP(N38,Codes!$E$5:$F$178,2,FALSE),\"\")))))","v":""},null,null,null,""]
[null,null,null," ",null,{"$f":"IF(ISNA(IF($G$10=\"CENTRE\",VLOOKUP(E39,Codes!$A$5:$B$251,2,FALSE),IF($G$10=\"EST\",VLOOKUP(E39,Codes!$C$5:$D$186,2,FALSE),IF($G$10=\"OUEST\",VLOOKUP(E39,Codes!$E$5:$F$178,2,FALSE),\"\"))))=TRUE,\" \",(IF($G$10=\"CENTRE\",VLOOKUP(E39,Codes!$A$5:$B$251,2,FALSE),IF($G$10=\"EST\",VLOOKUP(E39,Codes!$C$5:$D$186,2,FALSE),IF($G$10=\"OUEST\",VLOOKUP(E39,Codes!$E$5:$F$178,2,FALSE),\"\")))))","v":""},null,null,null,"",null,null,null,null,{"$f":"IF(ISNA(IF($G$10=\"CENTRE\",VLOOKUP(N39,Codes!$A$5:$B$251,2,FALSE),IF($G$10=\"EST\",VLOOKUP(N39,Codes!$C$5:$D$186,2,FALSE),IF($G$10=\"OUEST\",VLOOKUP(N39,Codes!$E$5:$F$178,2,FALSE),\"\"))))=TRUE,\" \",(IF($G$10=\"CENTRE\",VLOOKUP(N39,Codes!$A$5:$B$251,2,FALSE),IF($G$10=\"EST\",VLOOKUP(N39,Codes!$C$5:$D$186,2,FALSE),IF($G$10=\"OUEST\",VLOOKUP(N39,Codes!$E$5:$F$178,2,FALSE),\"\")))))","v":""},null,null,null,""]
[null,null,null," ",null,{"$f":"IF(ISNA(IF($G$10=\"CENTRE\",VLOOKUP(E40,Codes!$A$5:$B$251,2,FALSE),IF($G$10=\"EST\",VLOOKUP(E40,Codes!$C$5:$D$186,2,FALSE),IF($G$10=\"OUEST\",VLOOKUP(E40,Codes!$E$5:$F$178,2,FALSE),\"\"))))=TRUE,\" \",(IF($G$10=\"CENTRE\",VLOOKUP(E40,Codes!$A$5:$B$251,2,FALSE),IF($G$10=\"EST\",VLOOKUP(E40,Codes!$C$5:$D$186,2,FALSE),IF($G$10=\"OUEST\",VLOOKUP(E40,Codes!$E$5:$F$178,2,FALSE),\"\")))))","v":""},null,null,null,"",null,null,null,null,{"$f":"IF(ISNA(IF($G$10=\"CENTRE\",VLOOKUP(N40,Codes!$A$5:$B$251,2,FALSE),IF($G$10=\"EST\",VLOOKUP(N40,Codes!$C$5:$D$186,2,FALSE),IF($G$10=\"OUEST\",VLOOKUP(N40,Codes!$E$5:$F$178,2,FALSE),\"\"))))=TRUE,\" \",(IF($G$10=\"CENTRE\",VLOOKUP(N40,Codes!$A$5:$B$251,2,FALSE),IF($G$10=\"EST\",VLOOKUP(N40,Codes!$C$5:$D$186,2,FALSE),IF($G$10=\"OUEST\",VLOOKUP(N40,Codes!$E$5:$F$178,2,FALSE),\"\")))))","v":""},null,null,null,""]
[null,null,null," ",null,{"$f":"IF(ISNA(IF($G$10=\"CENTRE\",VLOOKUP(E41,Codes!$A$5:$B$251,2,FALSE),IF($G$10=\"EST\",VLOOKUP(E41,Codes!$C$5:$D$186,2,FALSE),IF($G$10=\"OUEST\",VLOOKUP(E41,Codes!$E$5:$F$178,2,FALSE),\"\"))))=TRUE,\" \",(IF($G$10=\"CENTRE\",VLOOKUP(E41,Codes!$A$5:$B$251,2,FALSE),IF($G$10=\"EST\",VLOOKUP(E41,Codes!$C$5:$D$186,2,FALSE),IF($G$10=\"OUEST\",VLOOKUP(E41,Codes!$E$5:$F$178,2,FALSE),\"\")))))","v":""},null,null,null,"",null,null,null,null,{"$f":"IF(ISNA(IF($G$10=\"CENTRE\",VLOOKUP(N41,Codes!$A$5:$B$251,2,FALSE),IF($G$10=\"EST\",VLOOKUP(N41,Codes!$C$5:$D$186,2,FALSE),IF($G$10=\"OUEST\",VLOOKUP(N41,Codes!$E$5:$F$178,2,FALSE),\"\"))))=TRUE,\" \",(IF($G$10=\"CENTRE\",VLOOKUP(N41,Codes!$A$5:$B$251,2,FALSE),IF($G$10=\"EST\",VLOOKUP(N41,Codes!$C$5:$D$186,2,FALSE),IF($G$10=\"OUEST\",VLOOKUP(N41,Codes!$E$5:$F$178,2,FALSE),\"\")))))","v":""},null,null,null,""]
[null,null,null," ",null,{"$f":"IF(ISNA(IF($G$10=\"CENTRE\",VLOOKUP(E42,Codes!$A$5:$B$251,2,FALSE),IF($G$10=\"EST\",VLOOKUP(E42,Codes!$C$5:$D$186,2,FALSE),IF($G$10=\"OUEST\",VLOOKUP(E42,Codes!$E$5:$F$178,2,FALSE),\"\"))))=TRUE,\" \",(IF($G$10=\"CENTRE\",VLOOKUP(E42,Codes!$A$5:$B$251,2,FALSE),IF($G$10=\"EST\",VLOOKUP(E42,Codes!$C$5:$D$186,2,FALSE),IF($G$10=\"OUEST\",VLOOKUP(E42,Codes!$E$5:$F$178,2,FALSE),\"\")))))","v":""},null,null,null,"",null,null,null,null,{"$f":"IF(ISNA(IF($G$10=\"CENTRE\",VLOOKUP(N42,Codes!$A$5:$B$251,2,FALSE),IF($G$10=\"EST\",VLOOKUP(N42,Codes!$C$5:$D$186,2,FALSE),IF($G$10=\"OUEST\",VLOOKUP(N42,Codes!$E$5:$F$178,2,FALSE),\"\"))))=TRUE,\" \",(IF($G$10=\"CENTRE\",VLOOKUP(N42,Codes!$A$5:$B$251,2,FALSE),IF($G$10=\"EST\",VLOOKUP(N42,Codes!$C$5:$D$186,2,FALSE),IF($G$10=\"OUEST\",VLOOKUP(N42,Codes!$E$5:$F$178,2,FALSE),\"\")))))","v":""},null,null,null,""]
[]
[null,null,"Explication: (Exemple: # de fériés, échange ou toute autre information pertinente)"]
[]
[]
[]
[]
[]
[null,null,"Nom du gestionnaire:",null,null,null,null,null,null,null,null,null,"SECTION RÉSERVÉE AU SERVICE DE LA PAIE DE LA MONTÉRÉGIE"]
[]
[null,null,"Date :",null,null,null,null,null,null,null,null,null,null,null,"Traité par :"]
[]
[]
[null,null,"Téléphone:",null,null,null,null,"Poste :",null,null,null,null,null,null,"Corrigé no de Paie :",null,null,"Date:"]
[]
[null,null,"Adresse courriel : paie.regionale.cisssmc16@ssss.gouv.qc.ca\nAdresse interne SSSS : 16 CISSS Monteregie-Centre Paie_Regionale",null,null,null,null,null,null,null,null,null,null,null,"Acheminé par:"]
[]
[]
[null,null,null,null,null,null,null,null,null,null,null,null,null,null,null,null,null,null,null,null,null,"Version du 2020-03-26"]
[]
[]
[]
[]
[]
[]
[]
[]
[]
[]
[]
[]
[null,null,null,null,null,null,null," "]

{"sheet":"Minutes=Centième","index":3,"n_rows":31,"n_cols":4,"rows_kept":31,"cut":false,"hidden":false,"merged":[]}
["Minutes","Centième","Minutes","Centième"]
[1,{"$f":"A2/60","v":1.6666666666666666E-2},31,{"$f":"C2/60","v":0.51666666666666672}]
[2,{"$f":"A3/60","v":3.3333333333333333E-2},32,{"$f":"C3/60","v":0.53333333333333333}]
[3,0.05,33,0.55000000000000004]
[4,6.6666666666666666E-2,34,0.56666666666666665]
[5,8.3333333333333329E-2,35,0.58333333333333337]
[6,0.1,36,0.6]
[7,0.11666666666666667,37,0.6166666666666667]
[8,0.13333333333333333,38,0.6333333333333333]
[9,0.15,39,0.65]
[10,0.16666666666666666,40,0.66666666666666663]
[11,0.18333333333333332,41,0.68333333333333335]
[12,0.2,42,0.7]
[13,0.21666666666666667,43,0.71666666666666667]
[14,0.23333333333333334,44,0.73333333333333328]
[15,0.25,45,0.75]
[16,0.26666666666666666,46,0.76666666666666672]
[17,0.28333333333333333,47,0.78333333333333333]
[18,0.3,48,0.8]
[19,0.31666666666666665,49,0.81666666666666665]
[20,0.33333333333333331,50,0.83333333333333337]
[21,0.35,51,0.85]
[22,0.36666666666666664,52,0.8666666666666667]
[23,0.38333333333333336,53,0.8833333333333333]
[24,0.4,54,0.9]
[25,0.41666666666666669,55,0.91666666666666663]
[26,0.43333333333333335,56,0.93333333333333335]
[27,0.45,57,0.95]
[28,0.46666666666666667,58,0.96666666666666667]
[29,0.48333333333333334,59,0.98333333333333328]
[30,0.5,60,1]

{"sheet":"Codes","index":4,"n_rows":257,"n_cols":12,"rows_kept":257,"cut":false,"hidden":true,"merged":[[0,0,1,5],[0,6,1,11]]}
["Codes horaires",null,null,null,null,null,"Codes de primes"]
[]
["CENTRE",null,"EST",null,"OUEST",null,"CENTRE",null,"EST",null,"OUEST"]
["Codes","description","Codes","description","Codes","description","Codes","description","Codes","description","Codes","description"]
["6/8","Horaire 6/8","*MOB","QT MOBILE SECT-COMPO","1½MAJ","SUPP MAJ 1½","52102","Allocation DASP medecin spéc.",151,"Tec.eeg charg.ens.cl",3,"Cumul de postes"]
["7/7","Horaire 7 / 7","*RATT","CA RATTACHEMENT","AAM","ABSENCE À MOTIVER","55702","Projet envergure",174,"Prime de sortie",5,"$3000 valoris.(inf.)"]
["AACN","Absence autorisée sur congé de nuit","*STAB","STABILITE CEPI CEPIA","AANP","ABS AUTORISÉE NP","56502","Forfaitaire sage-femme",185,"Prime chef d'equipe",6,"Responsabilite 8%"]
["AANP","Absence autorisée non payé","*SURP","SURPLUS NON PLACÉ","AANR","Absence autorisée NR","56702","Directeur santé publique Montérégie",190,"Ass chef equipe",7,"$8000 valor.(35 ans)"]
["AANPy","Absence autorisée non payé (liste rappel)","AA","ABS AUTO SANS SOLDE","ACREG","Régulier accompagnateur","al d(a)sp","Allocation établissement DSP-DASP (2%)",210,"Supervision/Responsabilité",10,"Prime 7.5%"]
["ABS","Absence","AANR","AAPERSO SURP.NON REQ","ACTS","Accomp TS x 1½","Al dsp ms","Allocation DSP medecin spéc.",220,"Cumul postes",15,"Prime -retraite"]
["AC","Accueil RH- orientation","AARH","ABSENCE AUTORISÉE RH","ADOP5","ADOPTION 5 JOURS","Al dspu ms","Allocation DSPU medecin spéc.",225,"Interim cadre",35,"Interim-chef serv."]
["AD","Adoption (58)","ABSEN","ABSENCE","ADOPT","CONGÉ ADOPTION 5 SEM","AL EXC MD","Allocation CAD-MED exclusif",321,"Supervision de stage",41,"Coord. clinique"]
["ADS","Adoption sans solde (59)","ABSRH","ABSENCE RH","ADOSS","CG adoption 10 sem.","ANC","Prime d'ancienneté",421,"Majorée Nuit 0-5 ans",50,"Comp.horaire 4 j"]
["ADT14","14 premiers jours d'absences CNESST","ACC1½","ACCOMPA CLIENT TSX1½","AFCIV","ab fonction civique","APP.RÉUS","Prime cours d'approche réussi",422,"Majorée Nuit 5-10 ans",51,"Post-scolaire bs"]
["ANA","Absences non autorisé","ACCLI","ACCUEIL CLINIQUE","AFECN","Affect.trav.enceinte","Att biochi","Attraction des biochimistes",423,"Majorée Nuit 10 ans+",72,"Remun. additionnelle"]
["AS","Assurance Salaire (10)","ACCOM","ACCOMPAGN. CLIENTELE","AFEPA","Employé retiré pour pandémie réaffecté","ATT O.SP","Prime d'attraction/rétention pour ouvriers spécialisés",450,"Prime fin de semaine",74,"Cumul poste cadre 9%"]
["AS +2","Assurance salaire + de 2 ans (10)","ACCX1","ACCOMPA. CLIENT TSX1","AFFEX","Affectation externe","ATT PHA","Prime d'attraction et rétention des pharmaciens",458,"Prime de soir %",75,"Cumul poste cadre 6%"]
["AS-15","Assurance salaire - entre 6 et 14 jours (10)","ACCX2","ACCOMPA. CLIENT TSX2","AM3AN","maladie 3e année","ATT TGB","Prime temporaire attribution / rétention (TGB)",462,"Majorée soir",76,"Cumul poste cadre 5%"]
["ASNP","Assurance salaire non payé","ACGEN","ACCUEIL GENERAL","ANA","Abs.non autorisée","ATT THT","Prime temporaire attribution / rétention (THT)",465,"Nuit 0-5 ans",77,"Cumul poste cadre10%"]
["ASST","Assignation temporaire (non travaillé)","ADOP5","ADOPTION 5 JRS","APPCO","hres rappel conv.","ATTCHSLD","Prime d'attraction CHSLD",466,"Nuit 5-10  ans",78,"Cumul poste cadre15%"]
["ATSST","Assignation temporaire CNESST","ADOPT","ADOPTION","ASNRR","AS non payé <3moisTP","CHEF.EQ","Prime de chef d'équipe",467,"Nuit 10 ans et plus",79,"Cumul cadre 7,5%"]
["CA5","Adoption 5 jours payés","AFENC","AFFECT.TRAV.ENCEINTE","ASS","Ass.salaire 80%","CHEV","Prime de chevauchement de quart de travail",480,"Heure brisee",81,"Forfaitaire"]
["CAP5j","Congé aff. pers. 5 jrs Hors Cadres","AFFEX","AFFEC. EXTERNE LT","ASSNP","Ass. sal. non payé","COORDI","Prime de coordination professionnelle",481,"Soins intensifs",89,"Stage technic. apts"]
["CCOMP","Congé compensatoire","AGENC","AGENCE","ATNT","Ass. temp. non trav.","ELRESUMF","Prime d'éloignement pour résidents UMF",482,"Disponibilite",90,"Stage bachelier apts"]
["CF","Congé familial payé","AH","AJUSTEMENT D'HORAIRE","ATNTM","maladie infectueuse","ENC.RÉSI","Prime d'encadrement des résidents en pharmacie",487,"Psychiatrie",91,"Pr compensatoire 6 %"]
["CFAM","Congé familiale non payé","AM3AN","AB MALADIE 3e ANNEE","ATSST","Ass.temp. en surplus","FOR10%","Allocation forfaitaire PDG-PDGA-DGA 10%",489,"Orient.formation inf",92,"Speciale respons."]
["CFAM2","Congé familial  S.S. (30)","ANA","ABS. NON AUTORISEE","BCPFP","CONGÉ BOURSE ÉTUDES","FOR20%","Allocation forfaitaire PDG-PDGA-DGA 20%",490,"Operateur incinerat.",93,"Repas en presence"]
["CFTÉ","Conciliation Famille Travail études (payé)","ANADE","ABS.NON AUTO.DÉPL.CO","CARTP","Carence pour TP","FORF","Forfaitaire (hors échelle)",491,"Tri linge s. hebdo",95,"Prog. linguistique"]
["CH12","Congé horaire 12 heures","ASA","ABSENCE SANS AVIS","CCCC","CSST 14 JOURS","FORFAI","Forfaitaire pour loi 142",492,"Tri linge s. heure",96,"Prime  responsab. 5%"]
["CHSL1","Programme formation CHSLD/réadaptation DSI 1-orientation","ASS","ASSURANCE SALAIRE","CENS","Congé enseignement","FOTRAV","Montant forfaitaire dispositions transitoires avocats",504,"Orient.form. inhalo",97,"Prime responsab. 10%"]
["CHSL2","Programme formation CHSLD/réadaptation DSI 2-orientation","ASSNP","ASS. SALAIRE NON PAY","CETUD","Congé études","GAR ENC","Prime de garde, encadrement et évaluation",629,"Base CHSLD-CH 100$",98,"Pr. stagiaire"]
["CN","Congé de nuit","ASSRP","RET. PROG. ASS. SAL.","CFHR","Férié en heures","IC","Indice compensatoire",630,"SEM 2 CHSLD-CH 200$",169,"Int.chef serv.(2257)"]
["COSST","Accident de travail CNESST associé au coronavirus","ASSTM","TRAVAUX MOD. ASS SAL","CFSS","CF SS  COTsans anc,","INI FOR","Prime d'initiation/formation TE 2471,2473,2491",631,"SEM 4 CHSLD-CH 400$",185,"Chef d'equipe"]
["COV14","14 premiers jours associés au coronavirus","AT14P","CNESST 14JRS PAYES","CFTE","Congé fami-trav-etu","INT CHEF","Prime d'intérim chef de service, secteur, tech.",633,"Accomp. formation PAB",190,"Ass. chef d'equipe"]
["COVIA","Assurance salaire associée au covid-19","AT15P","SST 15 JRS +","CGHC","cg. affaires pers.HC","Integra qc","Prime d'intégration au marché québecois",635,"Covid-19 Sect.Prio.",200,"Pr. resp secretariat"]
["COVIE","Personnel asymptomatique en isolement oblig. abs. payé","ATJ1","CNESST JR ACCIDENT","CGROS","Complic. grossesse","MOB","Prime de mobilité",637,"VACCIN.COVID HORS QT",205,"Cert.refriger."]
["COVIM","Absence ponctuelle associée au covid-19","ATNTM","MAL. INFEC NON-TRAV","CN","Congé de nuit","ORI FOR","Prime d'orientation et formation inhalo.TE 2244",705,"Soins critiques",210,"Coordination prof."]
["COVIN","Absence ass.-salaire non rémunérée associée au coronavirus ","ATRP","CNESST RET. PROG.","COMPA","CONGÉ COMPASSION SS","P DIP DA","Prime de disponibilité Directeur-adjoint",706,"Majoree s.critiques",421,"Majoree nuit 0-5 ans"]
["COVIQ","Quarantaine associée au covid-19","ATSS","CNESST NON PAYÉ","CPAR","Congé parental","P DIS D","Prime de disponibilité Directeur",707,"Prime non-chev.Quart",422,"Majoree nuit 5-10ans"]
["COVIS","Quarantaine sur TS associée au covid-19","ATSS3","SST SS + 3 ANS","CPARP","PARENTAL PARTIEL","PACE","Prime assistant-chef d'équipe",711,"Encadr. resid. pharm",423,"Majoree nuit 10ans+"]
["COVIT","Télétravail associé au coronavirus","ATTM","CNESST TRAV. MODIF","CPSS","congé partiel SS","PCAB","Prime cours d'approche bénéficiaires",746,"Soins critiques spec",444,"Prime fs soir, nuit"]
["CPER","Congés de perfectionnement (biochimiste)","ATTMN","CNESST TRAV MOD.N-TR","CPSY","congé psychiatrique","PCAE","Prime cours d'approche échec",747,"S.Crit Spec Majorée",450,"Fin de semaine"]
["CSSF","Congé sans solde fidélisation","ATVIS","CNESST VISITE TRAIT.","CS+30","Congé sabbatique","PCE.H","Prime de chef d'équipe",938,"Soin critique coordo",455,"$75 fds consecutives"]
["CTPO","Congé d'études employés occasionnels","AVA","ABSENCE A VALIDER","CSN","Congé CSN","PEH","Prime encadrement pharmacien",null,null,458,"Soir"]
["DC","Décès (64)","CARTP","MALAD. CARENCE TP","CSPEC","CONGÉ SPECIAL PAYÉ","PEP","Prime en psychiatrie",null,null,462,"Majoree soir"]
["Dde","Déplacé de a la demande du chef","CENS","CONGE D'ENSEIGNEMENT","CSS","Congés SS cotisables","PEP.S","Prime en psychiatrie",null,null,465,"Prime de nuit 0-5ans"]
["DebTS","Débordements temps supplémentaire","CETUD","CONGE ETUDE TC","DÉCÈS","CONGÉ DÉCÈS","PFS","Prime de fin de semaine",null,null,466,"Nuit 5-10 ans"]
["DEPCO","FIQ en attente de résultat suivant un test","CFHR","CONGE FERIE EN HRS","DECNP","DÉCÈS NON PAYÉ","PHA64","Prime d'incitative pharmaciens + de 64 hrs travaillées",null,null,467,"Nuit 10 ans et plus"]
["DH","Départ hatif (à la demande de l'yé)","CFTE","CONGE FAM-TRAV-ETUD","DISPM","Employé retiré pour pandémie disponible à la maison","PHA80","Prime incitative pharmaciens 80 hrs",null,null,480,"Heures brisees"]
["DISCO","Prime de disponibilité associé au covid-19","CGHC","CONGE AFF. PERSO HC","DISPF","Employé disponible à la maison (secteur fermé)","PHB","Prime d'heures brisées",null,null,481,"Soin intensif"]
["Doubl","Prêt autre établissement","CGROS","COMPLICAT. GROSSESSE","DLSTB","Employée délestable","PIU COOR","Prime I.U. Coordonnateur SNFF",null,null,482,"Disponibilite"]
["ENC","Encadrement professionnel <2 ans participant soins infirmier","CII","CONSEIL INFIRMIER","DLSTE","Employé délesté","PLS","Prime pour tri de linge souillé",null,null,487,"Psychiatrie"]
["ENCi","Encadrement <2ans participant inhalothérapie-encadrement","CM","CONSEIL MULTIDISCIP.","DLSTI","Employé délesté dans sa propre direction","PLS2","Prime pour tri de linge souillé",null,null,489,"Orient.formation inf"]
["ENCir","Encadrement <2 ans ressource inhalothérapie-encadrement","CN","CONGE SPECIAL NUIT","EC","Échange congé","PN","Prime de nuit en pourcentage 0-5 majorable",null,null,491,"Linge souille"]
["ENS","Enseignement (45)","CNTP","CONGE NUIT TP SS","ECD","Échange congé dispo","PN0.RP","Prime de nuit en pourcentage 0-5 majorable",null,null,492,"Linge souille tp"]
["ENSP","Enseignement partiel (46)","COINV","CONTEST. INVALIDITE","ELEC","ÉLECTION","PN10","Prime de nuit en pourcentage 10+ (<16 disp.)",null,null,493,"Adj.chef dept pharma"]
["Enten","Entente de départ Cadre","COMPA","CG COMPASSION SS","ESC","Escorte","PN10M","Prime de nuit (10 ans et plus) >=16 jours disp.",null,null,500,"Formation p-scol.15c"]
["EQ","Échange de quart de travail","CONCO","CONGÉ SS COT.CARRA","ESCM","ESC. AVEC MONITEUR","PN5","Prime de nuit en pourcentage 5-10 (<16 disp.)",null,null,501,"Formation p-scol.30c"]
["EQA","Échange de quart de travail - Absence","COVAA","COV.ABS.AUT.RESP.PAR","ESCX2","Escorte taux double","PN5M","Prime de nuit (5 à 10 ans) >= 16 jours disp.",null,null,503,"Formation p-scol.60c"]
["ETU","Études (52 sem) (40)","COVAV","COVID-19 ABS À VALID","ESM1½","ESC.MONITEUR TS 1½","PNM","Prime de nuit (0 à 5 ans) >=16 jours disp.",null,null,504,"Orient.form. inhalo"]
["ETU2","Études (+52 sem) (41)","COVIA","COVID-19 ISOLEMENT A","ESMX1","ESC.MONITEUR TS X 1","PN-NM","Prime de nuit non majorable",null,null,517,"Mobilite"]
["ETUP","Études partiel (42)","COVQU","COVID ABS QUAR VALID","ESX1","ESCORTE TAUX SIMPLE","PNNM10+","Prime de nuit non-majorable (10 ans et +)",null,null,519,"Attraction ret.tgbm"]
["E-V","Élection / vote","COVRE","COVID-19 HRES RÉGUL","ESX1½","SUPP.X1½ ESCORTE","PNNM5-10","Prime de nuit non-majorable (5 à 10 ans)",null,null,520,"Attraction ret.tht"]
["EXAM","Absence relié a l'examen de l'ordre FIQ","COVRP","COVID-19 RESP PARENT","ET","Echange travail","POST SCO","Formation post-scolaire",null,null,521,"Att/ret.psycho.56hre"]
["F01","Férié 01 / Confédération","COVRV","COVID ISO RET VOYAGE","EV","Equipe Volante","PREPAS","Prime repas",null,null,522,"Att/ret.psycho.70hrs"]
["F02","Férié 02 / Fête du travail","CPAR","CONGE PARENTAL SS","EV1½","TAUX SUPP EV 1½","PRP35","Prime de rétention psychologue (70 hrs) 9.5%",null,null,525,"Attraction biochimis"]
["F03","Férié 03 / Action de grâce","CPET","CONGE PARTIEL ETUDE","EVx1","Éq volante TS SIMPLE","PRP38","Prime de rétention psychologue (+ de 56 hrs) 6.6%",null,null,526,"Att. ret ouvrier spe"]
["F04","Férié 04 / Jour du souvenir","CPSS","CONGE PARTIEL SS","EVX2","Eq, volante TS DOUBL","PRSE","Prime responsable secteur secrétariat",null,null,530,"Rotation js maj jour"]
["F05","Férié 05 / Noel","CPSY","CONGE MOBILE PSYCH.","F-","Congé férié chômé","PS","Prime de soir (<16 disp.)",null,null,531,"Rotation js maj soir"]
["F06","Férié 06 / Lendemain de Noel","CSSCT","SS COURTE DUREE -30J","FORMA","Formation","PS.RP","Prime de soir (<16 disp.)",null,null,532,"Rot.jn maj jour 0-5"]
["F07","Férié 07 / Nouvel an","CSSLB","CONGE LIB SYND. LT","FORX1","Formation TS X1","PSCBO","Prime de soins critiques <16 Bloc.op.obst.hémo.",null,null,533,"Rot.jn maj nuit 0-5"]
["F08","Férié 08 / Lendemain du nouvel an","CSSLD","CG SS LONGUE DUREE","FT1.5","Formateur X 1.5","PSCBO3","Prime de soins critiques >= 16 Bloc.op.obst.hémo.",null,null,534,"Rot.jn maj jour 5-10"]
["F09","Férié 09 / relache","DECES","DECES","FTEUR","Formateur","PSCMBO","Prime de soins critiques >= 16 Bloc.op.obst.hémo.",null,null,535,"Rot.jn maj nuit 5-10"]
["F10","Férié 10 / Vendredi Saint","DELRE","DELESTAGE HRES REGU","FTEX1","Formateur TS X1","PSI","Prime pour soins intensifs",null,null,536,"Rot.jn maj jour 10 +"]
["F11","Férié 11 / Lundi de Pâques","DEPRE","DEPLACEMENT REGU COV","FX1,5","Formation X 1.5","PSI317-310","Prime pour soins intensifs",null,null,537,"Rot.jn maj nuit 10 +"]
["F12","Férié 12 / Fête de Dollard","EC","ECHANGE CONGE","GREVE","Grève sans solde","PSM","Prime de soir >= 16 jours disp.",null,null,538,"Rotation js jour"]
["F13","Férié 13 / Fête nationale","ELEC","ELECTION","HTR","Congé Hor.Tr.Réduit","PS-NM","Prime de soir non majorable",null,null,539,"Rotation js soir"]
["FeHrs","Férié en heures","ET","ECHANGE TRAVAIL","INDDE","INDEMNITÉ DÉPART","RÉFRIG","Suppl. certificat en réfrigération",null,null,540,"Rot.jn jour 0-5 ans"]
["FIDE","Congé fidélisation partiel","EV","EQUIPE VOLANTE","INDEM","cs ind. fin emploi","REP","Repos  moins  de  16  hres",null,null,541,"Rot.jn nuit 0-5 ans"]
["FJ","Fonction juridique (82)","EVFUS","EV FUSIONNEE","INDNR","CG ind.sécemplNR","RET.AVOC","Prime de rétention pour avocats",null,null,542,"Rot.jn jour 5-10 ans"]
["FOR","Formation avec remplacement ou lors d'un congé-formation","EXTER","EXTERNAT","INDRE","cs ind.séc.empl.R","RET.PHY","Prime de rétention des physiciens médicaux",null,null,543,"Rot.jn nuit 5-10 ans"]
["FOR½","Formation temsp supplémentaire Tx ½-formation","F","CONGE FERIE","IVAC","Congé Ivac","RJNJM05","Prime de quart rotation JN de jour (0-5) >=16 disp.",null,null,544,"Rot.jn jour 10 ans +"]
["FORM","Formateur interne dégagé (avec remplacement)-formation","FOPCI","FORMA PCI PANDÉMIE","JURY","Témoin ou juré cour","RJNJM10+","Prime de quart rotation JN de jour (10+) >=16 disp.",null,null,545,"Rot.jn nuit 10 ans +"]
["FORS","Formation sans remplacement-formation","FOPX1","FORM.PCI TS X 1","LIB","Personne Libérée","RJNJM510","Prime de quart rotation JN de jour (5-10) >=16 disp.",null,null,546,"Rot.jsn maj jour0-5"]
["FORx1","Formation temps supplémentaire taux simple-formation","FOP1½","FORM.PCI TS1½","LIBP","LIBÉRATION PATRONALE","RJNJR05","Prime de quart rotation JN de jour (0-5) <16 disp.",null,null,547,"Rot.jsn maj jour5-10"]
["FSS","Familiale sans solde (30)","FOPX2","FORMATION PCI TS X 2","LS","Lib. synd avec solde","RJNJR10+","Prime de quart rotation JN de jour (10+) <16 disp.",null,null,548,"Rot.jsn maj jour 10+"]
["GARDE","Prime de disponibilité","FCSS","FONCTION CIVIQUE POS","LSR","Lib. synd. remb.","RJNJR510","Prime de quart rotation JN de jour (5-10) <16 disp.",null,null,549,"Rot.jsn maj soir"]
["H12","Horaire 12 heures","FOR","FORMATION","LS-SS","FONCTION SYNDICALE","RJNNM05","Prime de quart rotation JN de nuit (0-5) >=16 disp.",null,null,550,"Rot.jsn maj nuit 0-5"]
["IFE","Indemn.fin empl.","FORNT","FOR MAINTIEN CN","MAL5P","maladie spéciale","RJNNM10+","Prime de quart rotation JN de nuit (10+) >=16 disp.",null,null,551,"Rot.jsn maj nuit5-10"]
["IMM70","FIQ Retirée car immuno et 70+","FORX1","FORMATION TSX1","mala1","maladie ancienne","RJNNM510","Prime de quart rotation JN de nuit (5-10) >=16 disp.",null,null,552,"Rot.jsn maj nuit 10+"]
["J","Jour","FORX2","FORMATION TSX2","mala3","mal anc preretraite","RJNNR05","Prime de quart rotation JN de nuit (0-5) <16 disp.",null,null,553,"Rot.jsn jour 0-5 ans"]
["J1","Jour Samuel","FOX1½","FORMATION TSX1½","MALAD","maladie courante","RJNNR10+","Prime de quart rotation JN de nuit (10+) <16 disp.",null,null,554,"Rot.jsn jour 5-10ans"]
["J2","Jour St-Hubert","FSS1","FSS FETE DU CANADA","MALNP","Maladie non payee","RJNNR510","Prime de quart rotation JN de nuit (5-10) <16 disp.",null,null,555,"Rot.jsn jour 10 ans+"]
["J3","Jour Saint-Lambert","FSS10","FSS VENDREDI SAINT","MARIA","Conge mariage 5J","RJSJM","Prime de quart rotation JS de jour >= 16 disp.",null,null,556,"Rot.jsn soir"]
["J4","Jour Henriette Céré","FSS11","FSS LUNDI DE PAQUES","MARSS","mariage sans solde","RJSJR","Prime de quart rotation JS de jour <16 jours disp.",null,null,557,"Rot.jsn nuit 0-5 ans"]
["J5","Jour Champlain","FSS12","FSS FETE  PATRIOTES","MATER","MATERNITÉ","RJSNJM05","Prime de quart rotation JSN de jour (0-5) >=16 disp.",null,null,558,"Rot.jsn nuit 5-10ans"]
["J6","Centre administratif CSSS Champlain","FSS13","FSS FETE NATIONALE","MATNA","Mat.n/a prestations","RJSNJM10+","Prime de quart rotation JSN de jour (10+) >=16 disp.",null,null,559,"Rot.jsn nuit 10 ans+"]
["L10pr","Pré-retraite cadres Loi 10","FSS2","FSS FETE DU TRAVAIL","MATSS","Maternité S.S.","RJSNJM510","Prime de quart rotation JSN de jour (5-10) >=16 disp.",null,null,600,"Anciennete"]
["L10r","Replacement cadres Loi 10","FSS3","FSS MOBILE","MMP","mal.motif personnel","RJSNJR05","Prime de quart rotation JSN de jour (0-5) <16 disp.",null,null,640,"Indice comp. 12.6jrs"]
["LB","Libération pour autres tâches","FSS4","FSS ACTION DE GRACES","MRESP","Maladie resp parenta","RJSNJR10+","Prime de quart rotation JSN de jour (10+) <16 disp.",null,null,641,"Comp.h4jour(13.6jrs)"]
["LBTS","Libér. autres tâches en Temps suppl.","FSS5","FSS JOUR DU SOUVENIR","ORI1½","Orientation TS 1.5","RJSNJR510","Prime de quart rotation JSN de jour (5-10) <16 disp.",null,null,642,"Comp.h4jour(14.6jrs)"]
["Loi10","Étirement pré-retraite loi 10 (cot)","FSS6","FSS NOËL","ORIEN","Orientation","RJSNNM05","Prime de quart rotation JSN de nuit (0-5) >=16 disp.",null,null,643,"Comp.h4jour(15.6jrs)"]
["LS","Libération syndicale court terme (363)","FSS7","FSS LENDEMAIN NOEL","ORIX1","Orient. taux simple","RJSNNM10+","Prime de quart rotation JSN de nuit (10+) >=16 disp.",null,null,666,"Primes fusion"]
["L-S","Libération syndicale long terme avec solde (75)","FSS8","FSS JOUR DE L'AN","PAASS","PANDEMIE ASS-SALAIRE","RJSNNM510","Prime de quart rotation JSN de nuit (5-10) >=16 disp.",null,null,704,"Maj.s.critique cadre"]
["LS LT","Lib.synd. remboursable long terme (312)","FSS9","FSS LENDEM.JOUR L'AN","PAFOR","PANDEMIE FORMATION","RJSNNR05","Prime de quart rotation JSN de nuit (0-5) <16 disp.",null,null,705,"Soins critiques"]
["LSR","Libération syndicale remboursable court terme (312)","GASAV","GASTRO A VALIDER","PAMAL","PANDEMIE MALADIE","RJSNNR10+","Prime de quart rotation JSN de nuit (10+) <16 disp.",null,null,706,"Majoree s.critiques"]
["LSSS","Libération syndicale sans solde (70)","GASOK","GASTRO","PAN x ½","Pandémie ½ taux","RJSNNR510","Prime de quart rotation JSN de nuit (5-10) <16 disp.",null,null,707,"Prime non-chev.quart"]
["M","Maladie","GREVE","GREVE SANS SOLDE","PAN1½","Pandemie en TS 1½","RJSNSM","Prime de quart rotation JSN de soir >=16 disp.",null,null,712,"Incit. 80h pharm."]
["M-Ald","Maladie réservé au service des salaires","HDISP","HORS DISPO","PAN14","PANDEMIE CNESST14jrs","RJSNSR","Prime de quart rotation JSN de soir <16 disp.",null,null,713,"Incit. 64h pharm."]
["MAR","Mariage","HRRAP","HEURE SUR APPEL","PAN15","PANDEMIE CNESST 15J","RJSSM","Prime de quart rotation JS de soir >=16 jours disp.",null,null,721,"Attr. pharm. ech. 1"]
["MarSS","Mariage sans solde","INDEM","INDEM. FIN D'EMPLOI","PANAA","PANDEMIE RESP.PARENT","RJSSR","Prime de quart rotation JS de soir <16 disp.",null,null,722,"Attr. pharm. ech. 2"]
["MAT","Maternité AE (51)","IVAC","AB VICTIME ACTE CRIM","PANAP","PANDÉMIE ABS PAYEE","SAGE-F","Responsable sage-femme.",null,null,723,"Attr. pharm. ech. 3"]
["MAT2","Maternité (Non adm. AE)  (50)","JURY","JURY","PANDT","PANDÉMIE travaillée","SAIC","Prime de quart rotation JN de nuit (10+) <16 disp.",null,null,724,"Attr. pharm. ech. 4"]
["M-CSS","Maladie CSST réservé à la Paie","LIBPA","LIBERATION PATRONALE","PANNP","PANDÉMIE NON PAYÉE","SC","Prime de soins critiques <16 jours disp.",null,null,725,"Attr. pharm. ech. 5"]
["MG","Banque maladie gelée","LS","LIBERATION SYDICALE","PANTS","PANDÉMIE TS X 1","SC COORD","Prime SC Coord. SNFF",null,null,726,"Attr. pharm. ech. 6"]
["MMP","Maladie motif personnel","LSRC1","LIBERA. REMB. CAT. 1","PANX2","PANDEMIE TS DOUBLE","SC. PROF","Prime de soins critiques <16 jours disp.",null,null,727,"Attr. pharm. ech. 7"]
["MNA","Maladie non payée","LSRC2","LIBERA. REMB. CAT. 2","PAORI","Pandémie orientation","SC317","Prime de soins critiques <16 jours disp.",null,null,728,"Attr. pharm. ech. 8"]
["MONI","Moniteur de stagiaires","LSRC3","LIBERA. REMB. CAT. 3","PAREF","PANDEMIE DROIT REFUS","SCM","Prime de soins critiques >=16 jours disp.",null,null,729,"Attr. pharm. ech. 9"]
["MP","Mobile psychiatrie","LSRC4","LIBERA. REMB. CAT. 4","PAT5J","Paternité 5 jours","SP.AUT","Spéciale - autres",null,null,734,"Ret avocat 1 an : 5%"]
["N","Nuit","MAJ.5","TS.5 PAUSE MAJ","PATER","CG paternité 5 sem.","SP.RESP","Spéciale - responsabilité",null,null,735,"Ret avocat 2 ans"]
["N3","Nuit Saint-Lambert","MAJ1½","SUPPL. TSX1½ MAJ.50%","PATS5","PANDEMIE cadre NP","STA2%","Prime pour encadrement d'un stagiaire",null,null,736,"Ret avocat 3 ans"]
["N4","Nuit Henriette Céré","MAJX1","SUPPL. TSX1 MAJ. 50%","PORTS","Pandémie orientation TS x1","TERA","Prime temporaire pour technologues en radiologie",null,null,742,"Forf.add.mesure tgc"]
["N5","Nuit Champlain","MAJX2","SUPPL. TSX2 MAJ. 50%","POR1½","Pandémie orientation TS 1½","TSR","Suppl. Technologue spéc. en radiologie",null,null,746,"Soins critiques spec"]
["ND","Non disponible","MALAD","MALADIE","PORX2","Pandémie orientation TS X2",null,null,null,null,747,"S.crit spec majoree"]
["NORD","Congé nordique (47)","MALNP","MALADIE NON PAYEE","R12H","REG 12h",null,null,null,null,914,"Incitatif pharmacien"]
["NUL","Annulation de T.S par l'employé","MALSS","MALAD. TP NON ASSURE","RAP1½","Rappel tx et demi",null,null,null,null,915,"Pharmacien-adj- chef"]
["Nul_y","Annulation de T.S. par l'employeur","MAREG","HEURES MAJOREES 50%","RAPP","Rappel tx simple",null,null,null,null,916,"Prime-ret.20%horscad"]
["OR","-orientation","MARIA","CONGE MARIAGE PAYE","RAPX½","Rappel .50 =  1h TS",null,null,null,null,918,"All.gestion univ.dg"]
["PA1","Programme d'accueil DSI jour 1-orientation","MARSS","MARIAGE SANS SOLDE","RAPX2","Rappel tx double",null,null,null,null,919,"All.gestion univ.dga"]
["PA2","Programme d'accueil DSI jour 2-orientation","MATER","MATERNITE 100%","RAX1M","RAPPEL TSX1 MAJORÉ",null,null,null,null,920,"Prime alloc.dispo.dg"]
["PA3","Programme d'accueil DSI jour 3-orientation","MATNA","MAT. N/A PRESTATION","REANT","RÉAFFECT NON TRAV",null,null,null,null,921,"Prime allo.dispo.dga"]
["PABC","Préposés aux bénéficaires coache -SAPA","MATSS","MATERNITE SANS SOLDE","REG","régulier",null,null,null,null,936,"Dispo. directeurs"]
["PAIE","Paie abs sur échange","MMP","MAL. MOTIF PERSONNEL","REGMA","régulier majoré 0,5",null,null,null,null,937,"Dispo. dir. adjoint"]
["PAT","Paternité (5 jours)","MOB","QT MOBILE","RETAR","Retard",null,null,null,null,938,"Soins crit.coord."]
["PIH","Programme intégration DSI hôpital-orientation","MRA1½","RAPPEL TSX1½ MAJORÉ","RETPR","RETRAITE PROGRESSIVE",null,null,null,null,987,"Mt.grief psycho.2018"]
["PRET","Prêt de service","MRAX1","RAPPEL TSX1 MAJORÉ","RJREG","Rotation Jour Rég."]
["Prqap","Parental paternité (3-5 semaines RQAP)","MRAX2","RAPPEL TSX2 MAJORÉ","RNOEL","rappel  Noel X2"]
["PRT","Pré-retraite (14)","MRESP","MAL. RESP. PARENTALE","RNREG","Rotation Nuit Rég."]
["PSCB3","Prime PSCBO de 3 hrs","NR","SURPLUS NON REQUIS","RP14A","RET.PRÉV. 14 JOURS"]
["PSS","Parental sans solde (57)","NRMO","NON REQUIS MOBILITE","RP15J","Ret.prév. 15 jours +"]
["PSSP","Parental sans solde partiel (56)","NRX1","SURP. NON REQ TSX1","RP5J","R.prév.5premiers jrs"]
["PVPTS","Programme virage prévention en temps supplémentaire","NRX1½","SURP.NON REQ TSX1½","RPASS","Retour prog.ass.sal."]
["RAP","Rappel au travail","OBR1½","OBLIG. REPAS TS1½","RPSS","Resp. par.sans solde"]
["Ratr","Rappel à taux simple avec transport","OBRX1","OBLIG.REPAS TSX1","RPSST","Ass. Temp. CNESST"]
["reafJ","Retrait prév Réaffect. jour (nuit)","OBRX2","OBLIG.REPAS TSX2","RRRR","ret.prév.14 jours"]
["Reafs","Retrait prév Réaffect. soir (nuit)","OBSER","JOURNEE ESSAI","RSAAQ","RETOUR PROG. SAAQ"]
["REGCO","Temps régulier associé au covid-19","ORC1½","SUPP.TSX1½COVI ORIEN","RSREG","Rotation Soir Rég."]
["REP","Retraite progressive (16)","ORCX1","SUPPL.TAUX X1 COVID","SAAQ","Congé SAAQ"]
["RepAS","Retrait préventif - Assignation","ORCX2","TS X 2 ORI COVID","SSS","Suspension non payée"]
["RP1S","Retrait préventif 1er semaine","ORI","ORIENTATION","SST14","CSST 14 jours SS"]
["RP23S","Retrait préventif 2e et 3e semaine","ORICO","COVID-19 ORIENTATION","SST15","CSST 15 jours SS"]
["RP3","Retrait préventif - Assign. non trav.","ORICP","ORIEN CEPI-CEPIA INF","SSTj1","CSST 1er jour acc."]
["RPAFj","Retrait préventif en affectation (jour)","ORINT","ORI MAINTIEN CN","SSTNP","CSST sans solde"]
["RPAFn","Retrait préventif en affectation de nuit","ORIPB","ORIEN PB-ADS","SSTRE","Retour prog.CNESST"]
["RPAFs","Retrait préventif en affectation de soir","ORN1½","ORIENTA NUIT TSX1½","SUR1½","SURPLUS NR 1.5"]
["RPAS","Retour progressif assurance salaire","ORX1","ORIENTATION TSX1","SURC","Surcroit"]
["RPreJ","Retrait préventif en remboursement (jour)","ORX1½","ORIENTATION TSX1½","SURP","SURPLUS NON REQUIS"]
["RPreN","Retrait préventif remboursable de nuit","PAT5J","PATERNITE 5 JRS","SURPG","surplus garanti"]
["RPreS","Retrait préventif remboursement de soir","PATER","CONGE PATERNITE","SURV","Surveillance particu"]
["RPss","Retrait préventif sans solde (53)","RAC1½","RAPPEL TSX1½ COVID","SURX1","SURPLUS NR  X 1"]
["RPSST","Retour progressif CNESST","RACX2","RAPPEL TSX2 COVID","SURX2","SURPLUS TAUX DOUBLE"]
["RS","Réunion de service","RAP1½","RAPPEL TSX1½","SUS$","Suspension - PAYÉ"]
["RSAAQ","Retour progressif SAAQ","RAPBT","RAPPEL TRAVAIL BT","SUX1","SURVEIL. TAUX SIMPLE"]
["Rstr","Rappel à taux simple sans transport","RAPP1","Rappel Pharmacien <40","SUX1½","TS surveillance 1½"]
["RT","Retard","RAPP½","Rappel Pharmacien >40","SUX2","Surveill taux double"]
["RTECO","Temps régulier en télétravail pour des coûts COVID 19","RAPX1","RAPPEL TSX1","TAC.5","TEMPS ACC DEMI TAUX"]
["RTÉLÉ","Taux régulier en télétravail","RAPX2","RAPPEL TSX2","TAC1½","Temps acc. X 1.5"]
["RTS","Reprise temps suppl. (sans banque)","RATT","CA RATTACHEMENT","TACX1","Temps acc. tx simple"]
["Rtsav","Rappel à taux et demi avec transport","REANT","REAFFEC. NON-TRAV","TACX2","Temps acc.taux doubl"]
["Rtsst","Rappel à taux et demi sans transport","REG","HEURES REGULIERES","TAP1½","PANDEMIE ACC 1½"]
["S","Soir","REG*","REH POSTE ET HORS ST","TAPTS","PANDEMIE ACC SIMPLE"]
["S1","Soir Samuel","REGDS","REG. DOSSIER SPECIAL","TAPX2","PANDEMIE ACC X2"]
["S2","Soir St-Hubert","REMP","HEURES REMPLACEMENT","TGC 1","CongéTGC TE1000-1999"]
["S3","Soir Saint-Lambert","RETAR","RETARD","TGC 2","CongéTGC TE2000-2999"]
["S4","Soir Henriette Céré","RETPR","CONGE RETRAITE PROG","TGC 3","Congé TGC TE3000 et+"]
["S5","Soir Champlain","REU1½","REUNION TSX1,5","TMASS","Travaux mod.ass.sal."]
["SAAQ","Accident auto SAAQ (12)","REUNI","REUNION","TRANS","Rappel"]
["SP TS","Service privé en temps supplémentaire","REUX1","REUNION TSX1","TRDIF","Traitement différé"]
["SPITS","Service privé prév. infections TS (307)","RG<16","REGU MAJ DELAI < 16h","TREPR","Temps repris"]
["SS","Sans solde (25)","RHSSS","SUSPENSION SS","TSO1½","TS obligatoire 1½"]
["SSCT","Congé sans solde - 30 jrs","RJREG","REG ROTATION JOUR","TSOX1","TSO TAUX SIMPLE"]
["SSEP","Sans solde études partiel (42)","RNREG","REG ROTATION NUIT","TSOX2","SUPP.OBLIGATOIRE X2"]
["SSLE","Congé sans solde (lien d'emploi) (98)","ROTJ","ROTATION JOUR","TSX.½","temps supp. 1/2 taux"]
["SSP","Sans solde partiel (26)","ROTN","ROTATION NUIT","TSX1","Supp. taux simple"]
["SSR","Sans solde restriction","ROTS","ROTATION SOIR","TSX1½","supp taux et demi"]
["SST14","Accident de travail 14 jours (20)","RP14P","RET.PREV 14JRS PAYE","TSX2","Supp. t.double"]
["SST15","Accident de travail CNESST (20)","RP15P","RET.PREV.+15JRS PAYE","V100%","VAC TP.PAYEES À 100%"]
["SSTJ1","Accident de travail /jour de l'accident","RP5J","RET PREV 5 PREM JRS","VAC","VACANCES"]
["SSTNP","Accident de travail sans solde","RPSS","RESP. PARENTALE SS","VACAN","vacances anticipées"]
["ST-14","Accident travail moins 14 jours","RSREG","REG ROTATION SOIR","VACFR","Vacances Fractionnée"]
["SUS","Suspension long terme","SAAQ","ACCIDENT D'AUTO SAAQ","VACNP","Vacances non payées"]
["SUS$","Suspension avec solde","SAAQR","SAAQ RET. PROGRESSIF","VGROS","Visite grossesse"]
["SUS+","Suspension de plus de 30 jrs (90)","SAGAV","SAG A VALIDER","VISST","CSST traitement/phys"]
["SUSS","Suspension sans solde court terme (jr)","SAGOK","SYMPT. ALLURE GRIPP","X1maj","supp.taux simple maj"]
["TA","Temps accumulé à tx simple","STAGE","JOURS DE STAGE PAYES","X2maj","supp t double major"]
["TA2","Temps accumulé à tx 1.5","SURGH","SURPLUS GARANTIE HRS"]
["TA4CO","CADRE temps accum. à taux ½ associé au coronavirus","SURPB","SURPLUS PAB APPRENAN"]
["TD","Temps supplémentaire taux double","SURV","SURV. PARTICULIERE"]
["TDAP","Traitement différé après accumulation (94)","SURX1","SURV. PARTICUL. TSX1"]
["TDAV","Traitement différé avant accumulation (96)","SUX1½","SURV. PARTICUL TSX1½"]
["TDCO","Temps supplémentaire taux double associé au covid-19","SUX2","SURV. PARTICUL TSX2"]
["TDJpy","TS taux double jour","TAC1½","TEMPS ACCUMULE TSX1½"]
["TDpi","TS taux double serv. privé prév. infect.","TACCC","TS ACC.CADRE COVID"]
["TDSpy","TS soir a double soir","TACCP","TS SIMP.ACC.PROF.COV"]
["TINIF","TS Prime initiation infirmière","TACX1","TEMPS ACCUMULE X1"]
["TMASS"," Travaux modifiés en assurance salaire","TEL1½","APPEL TÉL TSX1½"]
["TMSAA","Travaux modifiés SAAQ","TELX1","APPEL TÉL TSX1"]
["TR","Reprise de temps (en banque)","TELX2","APPEL TÉL TSX2"]
["TRANS","Transport (rappel au travail)","TGC1","CG TGC TE1000-1999"]
["TS½CO","Temps supplémentaire associé au covid-19","TGC2","CG TGC TE2000-2999"]
["TSCGH","Temps supplémentaire pour le changement d'heure","TGC3","CG TGC  TE3000 & +"]
["TSIM","Temps supplémentaire à taux simple","TO1½C","TSOX1½ COVID-19"]
["TSJ","Temps supplémentaire de jour à taux et demi","TSO1C","TSO TAUX X1 COVID"]
["TSJ1e","Temps supp. (307)  jour 1e étage","TSO2C","TSO DOUBLE COVID"]
["TSJ2e","Temps supp. (307) jour 2e étage","TRDIF","CONGE TRAIT. DIFF."]
["TSJpy","TS jour psy taux et demi (TSJpy)","TREPR","TEMPS REPRIS"]
["TSmn.","Temps supplémentaire méd.nucl spécia.","TRTS","TRANSPORT TS"]
["TSN","Temps supplémentaire nuit à taux et demi","TS.5C","SUPP.X.5 PAUSE COVID"]
["TSN1e","TS de nuit 1e étage","TS1½C","SUPPL.TSX1½ COVID-19"]
["TSN2e","TS de nuit 2e étage","TS2NC","TSX2 NON-TR COVID"]
["TSO","Temps supp. obligatoire à taux simple","TSN1C","TSX1 NON-TR COVID"]
["TSO½","Temps supplémentaire obligatoire taux ½","TSNTC","TSTX1½ NON-TR COVID"]
["TSO2","Temps supplémentaire obligatoire tx double","TSO1½","SUPPL. OBLIG. TSX1½"]
["TSS","Temps supplémentaire de soir à taux et demi","TSOX1","SUPPL. OBLIG. TSX1"]
["TSS1e","TS de soir 1er étage","TSOX2","SUPPL. OBLIG. TSX2"]
["TSS2e","TS de soir 2e étage","TSX.5","SUPP.DEMI-TAUX PAUSE"]
["TSSCO","Temps supplémentaire à taux simple associé au covid-19","TSX1","SUPPL. TAUX SIMPLE"]
["TSSpy","TS soir taux et demi (TSSpy)","TSX1C","SUPPL. TAUX X1 COVID"]
["TSU10","Temps supplémentaire Urgence avec prime 10 %","TSX1D","SUPPL. TAUX X1 DEL DP"]
["Turgp","TS urgence débordement de psy","TSX1½","SUPPL. TAUX ET DEMI"]
["UASS","Assistante USIC (prime)","TSX2","SUPPL. TAUX DOUBLE"]
["UHBJX","TS unité hosp. brève","TSX2C","SUPPL.T.DOUBLE COVID"]
["UHBNX","TS Unité brève nuit","TSX2D","SUPPL.T.DOUBLE DÉLES"]
["UHBSX","TS unité brève soir","TX2NR","SURP. NON REQ TSX2"]
["UJ","Prime USIC jour","VAC","VACANCES"]
["UNN","Prime USIC de nuit","VACAN","VACANCES ANTICIPEES",{"$f":"MID(C239,2,7)","v":""}]
["URGEQ","URGENCE PAIE","VACFR","VAC FRACTIONNEES",""]
["URPAJ","Retrait préventif affec. jour soins","VGROS","VISITE GROSSESSE",""]
["URPAN","Retrait préventif affec. nuit soins","","",""]
["URPAS","Retrait préventif en affect. prime soins","","",""]
["URPRJ","Retrait préventif remb. jour soins","","",""]
["URPRN","Retrait préventif rembou. nuit soins","","",""]
["URPRS","Retrait préventif rembous soins","","",""]
["US","Prime USIC soir","","",""]
["UTD","Prime USIC TD","","",""]
["UTSJ","Prime USIC TSJ","","",""]
["UTSN","Prime USIC TSN","","",""]
["UTSS","Prime USIC TSS","","",""]
["V","Vacances","","",""]
["VF","Vacance fractionné","","",""]
["VMG","Visite médicale grossesse (55)","","",""]
[null,null,"","",""]
[null,null,"","",""]
[null,null,"","",""]
[null,null,"",""]
[null,null,"",""]
[null,null,"",""]

{"sheet":"Choix","index":5,"n_rows":3,"n_cols":1,"rows_kept":3,"cut":false,"hidden":true,"merged":[]}
["CORRECTION"]
["AJOUT"]
["ANNULATION"]

{"sheet":"Calendriers","index":6,"n_rows":263,"n_cols":7,"rows_kept":263,"cut":false,"hidden":true,"merged":[[0,0,0,2]]}
["Logibec",null,null,null,"Médisolution"]
["Date de fin","Période","Paiement",null,"Période","Date de fin","Paiement"]
["2015-04-04",201601,null,null,201501,"2014-12-27"]
[{"$f":"A3+14","v":"2015-04-18"},201602,null,null,201502,{"$f":"F3+14","v":"2015-01-10"}]
[{"$f":"A4+14","v":"2015-05-02"},201603,null,null,201503,{"$f":"F4+14","v":"2015-01-24"}]
["2015-05-16",201604,null,null,201504,"2015-02-07"]
["2015-05-30",201605,null,null,201505,"2015-02-21"]
["2015-06-13",201606,null,null,201506,"2015-03-07"]
["2015-06-27",201607,null,null,201507,"2015-03-21"]
["2015-07-11",201608,null,null,201508,"2015-04-04"]
["2015-07-25",201609,null,null,201509,"2015-04-18"]
["2015-08-08",201610,null,null,201510,"2015-05-02"]
["2015-08-22",201611,null,null,201511,"2015-05-16"]
["2015-09-05",201612,null,null,201512,"2015-05-30"]
["2015-09-19",201613,null,null,201513,"2015-06-13"]
["2015-10-03",201614,null,null,201514,"2015-06-27"]
["2015-10-17",201615,null,null,201515,"2015-07-11"]
["2015-10-31",201616,null,null,201516,"2015-07-25"]
["2015-11-14",201617,null,null,201517,"2015-08-08"]
["2015-11-28",201618,null,null,201518,"2015-08-22"]
["2015-12-12",201619,null,null,201519,"2015-09-05"]
["2015-12-26",201620,null,null,201520,"2015-09-19"]
["2016-01-09",201621,null,null,201521,"2015-10-03"]
["2016-01-23",201622,null,null,201522,"2015-10-17"]
["2016-02-06",201623,null,null,201523,"2015-10-31"]
["2016-02-20",201624,null,null,201524,"2015-11-14"]
["2016-03-05",201625,null,null,201525,"2015-11-28"]
["2016-03-19",201626,null,null,201526,"2015-12-12"]
["2016-04-02",201701,null,null,201601,"2015-12-26"]
[{"$f":"A29+14","v":"2016-04-16"},201702,null,null,201602,{"$f":"F29+14","v":"2016-01-09"}]
[{"$f":"A30+14","v":"2016-04-30"},201703,null,null,201603,{"$f":"F30+14","v":"2016-01-23"}]
["2016-05-14",201704,null,null,201604,"2016-02-06"]
["2016-05-28",201705,null,null,201605,"2016-02-20"]
["2016-06-11",201706,null,null,201606,"2016-03-05"]
["2016-06-25",201707,null,null,201607,"2016-03-19"]
["2016-07-09",201708,null,null,201608,"2016-04-02"]
["2016-07-23",201709,null,null,201609,"2016-04-16"]
["2016-08-06",201710,null,null,201610,"2016-04-30"]
["2016-08-20",201711,null,null,201611,"2016-05-14"]
["2016-09-03",201712,null,null,201612,"2016-05-28"]
["2016-09-17",201713,null,null,201613,"2016-06-11"]
["2016-10-01",201714,null,null,201614,"2016-06-25"]
["2016-10-15",201715,"Paiement",null,201615,"2016-07-09"]
["2016-10-29",201716,{"$f":"A44+12","v":"2016-11-10"},null,201616,"2016-07-23"]
["2016-11-12",201717,{"$f":"A45+12","v":"2016-11-24"},null,201617,"2016-08-06"]
["2016-11-26",201718,"2016-12-08",null,201618,"2016-08-20"]
["2016-12-10",201719,"2016-12-22",null,201619,"2016-09-03"]
["2016-12-24",201720,"2017-01-05",null,201620,"2016-09-17"]
["2017-01-07",201721,"2017-01-19",null,201621,{"$f":"F48+14","v":"2016-10-01"}]
["2017-01-21",201722,"2017-02-02",null,201622,{"$f":"F49+14","v":"2016-10-15"},"Paiement"]
["2017-02-04",201723,"2017-02-16",null,201623,{"$f":"F50+14","v":"2016-10-29"},{"$f":"F51+12","v":"2016-11-10"}]
["2017-02-18",201724,"2017-03-02",null,201624,"2016-11-12","2016-11-24"]
["2017-03-04",201725,"2017-03-16",null,201625,"2016-11-26","2016-12-08"]
["2017-03-18",201726,"2017-03-30",null,201626,"2016-12-10","2016-12-22"]
["2017-04-01",201801,"2017-04-13",null,201701,"2016-12-24","2017-01-05"]
["2017-04-15",201802,"2017-04-27",null,201702,"2017-01-07","2017-01-19"]
["2017-04-29",201803,"2017-05-11",null,201703,"2017-01-21","2017-02-02"]
["2017-05-13",201804,"2017-05-25",null,201704,"2017-02-04","2017-02-16"]
["2017-05-27",201805,"2017-06-08",null,201705,"2017-02-18","2017-03-02"]
["2017-06-10",201806,"2017-06-22",null,201706,"2017-03-04","2017-03-16"]
["2017-06-24",201807,"2017-07-06",null,201707,"2017-03-18","2017-03-30"]
["2017-07-08",201808,"2017-07-20",null,201708,"2017-04-01","2017-04-13"]
["2017-07-22",201809,"2017-08-03",null,201709,"2017-04-15","2017-04-27"]
["2017-08-05",201810,"2017-08-17",null,201710,"2017-04-29","2017-05-11"]
["2017-08-19",201811,"2017-08-31",null,201711,"2017-05-13","2017-05-25"]
["2017-09-02",201812,"2017-09-14",null,201712,"2017-05-27","2017-06-08"]
["2017-09-16",201813,"2017-09-28",null,201713,"2017-06-10","2017-06-22"]
["2017-09-30",201814,"2017-10-12",null,201714,"2017-06-24","2017-07-06"]
["2017-10-14",201815,"2017-10-26",null,201715,"2017-07-08","2017-07-20"]
["2017-10-28",201816,"2017-11-09",null,201716,"2017-07-22","2017-08-03"]
["2017-11-11",201817,"2017-11-23",null,201717,"2017-08-05","2017-08-17"]
["2017-11-25",201818,"2017-12-07",null,201718,"2017-08-19","2017-08-31"]
["2017-12-09",201819,"2017-12-21",null,201719,"2017-09-02","2017-09-14"]
["2017-12-23",201820,"2018-01-04",null,201720,"2017-09-16","2017-09-28"]
["2018-01-06",201821,"2018-01-18",null,201721,"2017-09-30","2017-10-12"]
["2018-01-20",201822,"2018-02-01",null,201722,"2017-10-14","2017-10-26"]
["2018-02-03",201823,"2018-02-15",null,201723,"2017-10-28","2017-11-09"]
["2018-02-17",201824,"2018-03-01",null,201724,"2017-11-11","2017-11-23"]
["2018-03-03",201825,"2018-03-15",null,201725,"2017-11-25","2017-12-07"]
["2018-03-17",201826,"2018-03-29",null,201726,"2017-12-09","2017-12-21"]
["2018-03-31",201827,"2018-04-12",null,201801,"2017-12-23","2018-01-04"]
["2018-04-14",201901,"2018-04-26",null,201802,"2018-01-06","2018-01-18"]
["2018-04-28",201902,"2018-05-10",null,201803,"2018-01-20","2018-02-01"]
["2018-05-12",201903,"2018-05-24",null,201804,"2018-02-03","2018-02-15"]
["2018-05-26",201904,"2018-06-07",null,201805,"2018-02-17","2018-03-01"]
["2018-06-09",201905,"2018-06-21",null,201806,"2018-03-03","2018-03-15"]
["2018-06-23",201906,"2018-07-05",null,201807,"2018-03-17","2018-03-29"]
["2018-07-07",201907,"2018-07-19",null,201808,"2018-03-31","2018-04-12"]
["2018-07-21",201908,"2018-08-02",null,201809,"2018-04-14","2018-04-26"]
["2018-08-04",201909,"2018-08-16",null,201810,"2018-04-28","2018-05-10"]
["2018-08-18",201910,"2018-08-30",null,201811,"2018-05-12","2018-05-24"]
["2018-09-01",201911,"2018-09-13",null,201812,"2018-05-26","2018-06-07"]
["2018-09-15",201912,"2018-09-27",null,201813,"2018-06-09","2018-06-21"]
["2018-09-29",201913,"2018-10-11",null,201814,"2018-06-23","2018-07-05"]
[{"$f":"A94+14","v":"2018-10-13"},201914,"2018-10-25",null,201815,"2018-07-07","2018-07-19"]
["2018-10-27",201915,"2018-11-08",null,201816,"2018-07-21","2018-08-02"]
["2018-11-10",201916,"2018-11-22",null,201817,"2018-08-04","2018-08-16"]
["2018-11-24",201917,"2018-12-06",null,201818,"2018-08-18","2018-08-30"]
["2018-12-08",201918,"2018-12-20",null,201819,"2018-09-01","2018-09-13"]
["2018-12-22",201919,"2019-01-03",null,201820,"2018-09-15","2018-09-27"]
["2019-01-05",201920,"2019-01-17",null,201821,"2018-09-29","2018-10-11"]
["2019-01-19",201921,"2019-01-31",null,201822,"2018-10-13","2018-10-25"]
["2019-02-02",201922,"2019-02-14",null,201823,"2018-10-27","2018-11-08"]
["2019-02-16",201923,"2019-02-28",null,201824,"2018-11-10","2018-11-22"]
["2019-03-02",201924,"2019-03-14",null,201825,"2018-11-24","2018-12-06"]
["2019-03-16",201925,"2019-03-28",null,201826,"2018-12-08","2018-12-20"]
["2019-03-30",201926,"2019-04-11",null,201901,"2018-12-22","2019-01-03"]
["2019-04-13",202001,"2019-04-25",null,201902,"2019-01-05","2019-01-17"]
["2019-04-27",202002,{"$f":"A109+12","v":"2019-05-09"},null,201903,"2019-01-19","2019-01-31"]
["2019-05-11",202003,"2019-05-23",null,201904,"2019-02-02","2019-02-14"]
["2019-05-25",202004,"2019-06-06",null,201905,"2019-02-16","2019-02-28"]
["2019-06-08",202005,"2019-06-20",null,201906,"2019-03-02","2019-03-14"]
["2019-06-22",202006,"2019-07-04",null,201907,"2019-03-16","2019-03-28"]
["2019-07-06",202007,"2019-07-18",null,201908,"2019-03-30","2019-04-11"]
["2019-07-20",202008,"2019-08-01",null,201909,{"$f":"F114+14","v":"2019-04-13"},{"$f":"F115+12","v":"2019-04-25"}]
["2019-08-03",202009,"2019-08-15",null,201910,"2019-04-27","2019-05-09"]
["2019-08-17",202010,"2019-08-29",null,201911,"2019-05-11","2019-05-23"]
["2019-08-31",202011,"2019-09-12",null,201912,"2019-05-25","2019-06-06"]
["2019-09-14",202012,"2019-09-26",null,201913,"2019-06-08","2019-06-20"]
["2019-09-28",202013,"2019-10-10",null,201914,"2019-06-22","2019-07-04"]
["2019-10-12",202014,"2019-10-24",null,201915,"2019-07-06","2019-07-18"]
["2019-10-26",202015,"2019-11-07",null,201916,"2019-07-20","2019-08-01"]
["2019-11-09",202016,"2019-11-21",null,201917,"2019-08-03","2019-08-15"]
["2019-11-23",202017,"2019-12-05",null,201918,"2019-08-17","2019-08-29"]
["2019-12-07",202018,"2019-12-19",null,201919,"2019-08-31","2019-09-12"]
["2019-12-21",202019,"2020-01-02",null,201920,"2019-09-14","2019-09-26"]
["2020-01-04",202020,"2020-01-16",null,201921,"2019-09-28","2019-10-10"]
["2020-01-18",202021,"2020-01-30",null,201922,"2019-10-12","2019-10-24"]
["2020-02-01",202022,"2020-02-13",null,201923,"2019-10-26","2019-11-07"]
["2020-02-15",202023,"2020-02-27",null,201924,"2019-11-09","2019-11-21"]
["2020-02-29",202024,"2020-03-12",null,201925,"2019-11-23","2019-12-05"]
["2020-03-14",202025,"2020-03-26",null,201926,"2019-12-07","2019-12-19"]
["2020-03-28",202026,"2020-04-09",null,202001,"2019-12-21","2020-01-02"]
["2020-04-11",202101,"2020-04-23",null,202002,"2020-01-04","2020-01-16"]
["2020-04-25",202102,"2020-05-07",null,202003,"2020-01-18","2020-01-30"]
["2020-05-09",202103,"2020-05-21",null,202004,"2020-02-01","2020-02-13"]
["2020-05-23",202104,"2020-06-04",null,202005,"2020-02-15","2020-02-27"]
["2020-06-06",202105,"2020-06-18",null,202006,"2020-02-29","2020-03-12"]
["2020-06-20",202106,"2020-07-02",null,202007,"2020-03-14","2020-03-26"]
["2020-07-04",202107,"2020-07-16",null,202008,"2020-03-28","2020-04-09"]
["2020-07-18",202108,"2020-07-30",null,202009,"2020-04-11","2020-04-23"]
["2020-08-01",202109,"2020-08-13",null,202010,"2020-04-25","2020-05-07"]
["2020-08-15",202110,"2020-08-27",null,202011,"2020-05-09","2020-05-21"]
["2020-08-29",202111,"2020-09-10",null,202012,"2020-05-23","2020-06-04"]
["2020-09-12",202112,"2020-09-24",null,202013,"2020-06-06","2020-06-18"]
["2020-09-26",202113,"2020-10-08",null,202014,"2020-06-20","2020-07-02"]
["2020-10-10",202114,"2020-10-22",null,202015,"2020-07-04","2020-07-16"]
["2020-10-24",202115,"2020-11-05",null,202016,"2020-07-18","2020-07-30"]
["2020-11-07",202116,"2020-11-19",null,202017,"2020-08-01","2020-08-13"]
["2020-11-21",202117,"2020-12-03",null,202018,"2020-08-15","2020-08-27"]
["2020-12-05",202118,"2020-12-17",null,202019,"2020-08-29","2020-09-10"]
["2020-12-19",202119,"2020-12-31",null,202020,"2020-09-12","2020-09-24"]
["2021-01-02",202120,"2021-01-14",null,202021,"2020-09-26","2020-10-08"]
["2021-01-16",202121,"2021-01-28",null,202022,"2020-10-10","2020-10-22"]
["2021-01-30",202122,"2021-02-11",null,202023,"2020-10-24","2020-11-05"]
["2021-02-13",202123,"2021-02-25",null,202024,"2020-11-07","2020-11-19"]
["2021-02-27",202124,"2021-03-11",null,202025,"2020-11-21","2020-12-03"]
["2021-03-13",202125,"2021-03-25",null,202026,"2020-12-05","2020-12-17"]
[{"$f":"A158+14","v":"2021-03-27"},202126,"2021-04-08",null,202027,"2020-12-19","2020-12-31"]
["2021-04-10",202201,"2021-04-22",null,202101,"2021-01-02",{"$f":"F160+12","v":"2021-01-14"}]
["2021-04-24",202202,"2021-05-06",null,202102,"2021-01-16","2021-01-28"]
["2021-05-08",202203,"2021-05-20",null,202103,"2021-01-30","2021-02-11"]
["2021-05-22",202204,{"$f":"A163+12","v":"2021-06-03"},null,202104,"2021-02-13","2021-02-25"]
["2021-06-05",202205,"2021-06-17",null,202105,"2021-02-27","2021-03-11"]
["2021-06-19",202206,"2021-07-01",null,202106,"2021-03-13","2021-03-25"]
["2021-07-03",202207,"2021-07-15",null,202107,"2021-03-27","2021-04-08"]
["2021-07-17",202208,"2021-07-29",null,202108,"2021-04-10","2021-04-22"]
["2021-07-31",202209,"2021-08-12",null,202109,"2021-04-24","2021-05-06"]
["2021-08-14",202210,"2021-08-26",null,202110,"2021-05-08","2021-05-20"]
["2021-08-28",202211,"2021-09-09",null,202111,"2021-05-22","2021-06-03"]
["2021-09-11",202212,"2021-09-23",null,202112,"2021-06-05","2021-06-17"]
["2021-09-25",202213,"2021-10-07",null,202113,"2021-06-19","2021-07-01"]
["2021-10-09",202214,"2021-10-21",null,202114,"2021-07-03","2021-07-15"]
["2021-10-23",202215,"2021-11-04",null,202115,"2021-07-17",{"$f":"F174+12","v":"2021-07-29"}]
["2021-11-06",202216,"2021-11-18",null,202116,"2021-07-31","2021-08-12"]
["2021-11-20",202217,"2021-12-02",null,202117,"2021-08-14","2021-08-26"]
["2021-12-04",202218,"2021-12-16",null,202118,"2021-08-28","2021-09-09"]
["2021-12-18",202219,"2021-12-30",null,202119,"2021-09-11","2021-09-23"]
["2022-01-01",202220,"2022-01-13",null,202120,{"$f":"F178+14","v":"2021-09-25"},"2021-10-07"]
["2022-01-15",202221,"2022-01-27",null,202121,"2021-10-09","2021-10-21"]
["2022-01-29",202222,"2022-02-10",null,202122,"2021-10-23","2021-11-04"]
["2022-02-12",202223,"2022-02-24",null,202123,"2021-11-06","2021-11-18"]
["2022-02-26",202224,"2022-03-10",null,202124,"2021-11-20","2021-12-02"]
["2022-03-12",202225,"2022-03-24",null,202125,"2021-12-04","2021-12-16"]
["2022-03-26",202226,"2022-04-07",null,202126,"2021-12-18","2021-12-30"]
["2022-04-09",202301,"2022-04-21",null,202201,"2022-01-01","2022-01-13"]
["2022-04-23",202302,"2022-05-05",null,202202,"2022-01-15","2022-01-27"]
["2022-05-07",202303,"2022-05-19",null,202203,"2022-01-29",{"$f":"F188+12","v":"2022-02-10"}]
["2022-05-21",202304,"2022-06-02",null,202204,"2022-02-12","2022-02-24"]
["2022-06-04",202305,"2022-06-16",null,202205,"2022-02-26","2022-03-10"]
["2022-06-18",202306,"2022-06-30",null,202206,"2022-03-12","2022-03-24"]
["2022-07-02",202307,"2022-07-14",null,202207,"2022-03-26","2022-04-07"]
["2022-07-16",202308,"2022-07-28",null,202208,"2022-04-09","2022-04-21"]
["2022-07-30",202309,"2022-08-11",null,202209,"2022-04-23","2022-05-05"]
["2022-08-13",202310,"2022-08-25",null,202210,"2022-05-07","2022-05-19"]
["2022-08-27",202311,"2022-09-08",null,202211,"2022-05-21","2022-06-02"]
["2022-09-10",202312,"2022-09-22",null,202212,"2022-06-04","2022-06-16"]
["2022-09-24",202313,"2022-10-06",null,202213,"2022-06-18","2022-06-30"]
["2022-10-08",202314,"2022-10-20",null,202214,"2022-07-02","2022-07-14"]
["2022-10-22",202315,"2022-11-03",null,202215,"2022-07-16","2022-07-28"]
["2022-11-05",202316,"2022-11-17",null,202216,"2022-07-30","2022-08-11"]
["2022-11-19",202317,"2022-12-01",null,202217,"2022-08-13","2022-08-25"]
["2022-12-03",202318,"2022-12-15",null,202218,"2022-08-27","2022-09-08"]
["2022-12-17",202319,"2022-12-29",null,202219,"2022-09-10","2022-09-22"]
["2022-12-31",202320,"2023-01-12",null,202220,"2022-09-24","2022-10-06"]
["2023-01-14",202321,"2023-01-26",null,202221,"2022-10-08","2022-10-20"]
["2023-01-28",202322,"2023-02-09",null,202222,"2022-10-22","2022-11-03"]
["2023-02-11",202323,"2023-02-23",null,202223,"2022-11-05","2022-11-17"]
["2023-02-25",202324,"2023-03-09",null,202224,"2022-11-19","2022-12-01"]
["2023-03-11",202325,"2023-03-23",null,202225,"2022-12-03","2022-12-15"]
["2023-03-25",202326,"2023-04-06",null,202226,"2022-12-17","2022-12-29"]
["2023-04-08",202401,{"$f":"A212+12","v":"2023-04-20"},null,202301,"2022-12-31","2023-01-12"]
["2023-04-22",202402,{"$f":"A213+12","v":"2023-05-04"},null,202302,"2023-01-14","2023-01-26"]
["2023-05-06",202403,"2023-05-18",null,202303,"2023-01-28","2023-02-09"]
["2023-05-20",202404,"2023-06-01",null,202304,"2023-02-11","2023-02-23"]
["2023-06-03",202405,"2023-06-15",null,202305,"2023-02-25","2023-03-09"]
["2023-06-17",202406,"2023-06-29",null,202306,"2023-03-11","2023-03-23"]
["2023-07-01",202407,"2023-07-13",null,202307,"2023-03-25","2023-04-06"]
["2023-07-15",202408,"2023-07-27",null,202308,"2023-04-08","2023-04-20"]
["2023-07-29",202409,"2023-08-10",null,202309,"2023-04-22","2023-05-04"]
["2023-08-12",202410,"2023-08-24",null,202310,"2023-05-06","2023-05-18"]
["2023-08-26",202411,"2023-09-07",null,202311,"2023-05-20","2023-06-01"]
[{"$f":"A222+14","v":"2023-09-09"},202412,"2023-09-21",null,202312,"2023-06-03","2023-06-15"]
["2023-09-23",202413,"2023-10-05",null,202313,"2023-06-17","2023-06-29"]
["2023-10-07",202414,"2023-10-19",null,202314,"2023-07-01","2023-07-13"]
["2023-10-21",202415,"2023-11-02",null,202315,"2023-07-15","2023-07-27"]
["2023-11-04",202416,"2023-11-16",null,202316,"2023-07-29","2023-08-10"]
["2023-11-18",202417,"2023-11-30",null,202317,"2023-08-12","2023-08-24"]
["2023-12-02",202418,"2023-12-14",null,202318,"2023-08-26","2023-09-07"]
["2023-12-16",202419,"2023-12-28",null,202319,"2023-09-09","2023-09-21"]
["2023-12-30",202420,"2024-01-11",null,202320,"2023-09-23",{"$f":"F231+12","v":"2023-10-05"}]
["2024-01-13",202421,"2024-01-25",null,202321,"2023-10-07","2023-10-19"]
["2024-01-27",202422,"2024-02-08",null,202322,"2023-10-21","2023-11-02"]
["2024-02-10",202423,"2024-02-22",null,202323,"2023-11-04","2023-11-16"]
["2024-02-24",202424,"2024-03-07",null,202324,"2023-11-18","2023-11-30"]
["2024-03-09",202425,"2024-03-21",null,202325,"2023-12-02","2023-12-14"]
["2024-03-23",202426,"2024-04-04",null,202326,"2023-12-16","2023-12-28"]
["2024-04-06",202501,"2024-04-18",null,202401,"2023-12-30","2024-01-11"]
["2024-04-20",202502,"2024-05-02",null,202402,"2024-01-13","2024-01-25"]
["2024-05-04",202503,"2024-05-16",null,202403,"2024-01-27","2024-02-08"]
["2024-05-18",202504,"2024-05-30",null,202404,"2024-02-10","2024-02-22"]
["2024-06-01",202505,"2024-06-13",null,202405,"2024-02-24","2024-03-07"]
["2024-06-15",202506,"2024-06-27",null,202406,{"$f":"F242+14","v":"2024-03-09"},"2024-03-21"]
["2024-06-29",202507,"2024-07-11",null,202407,"2024-03-23","2024-04-04"]
["2024-07-13",202508,"2024-07-25",null,202408,"2024-04-06","2024-04-18"]
["2024-07-27",202509,"2024-08-08",null,202409,"2024-04-20","2024-05-02"]
["2024-08-10",202510,"2024-08-22",null,202410,"2024-05-04","2024-05-16"]
["2024-08-24",202511,"2024-09-05",null,202411,"2024-05-18","2024-05-30"]
["2024-09-07",202512,"2024-09-19",null,202412,"2024-06-01","2024-06-13"]
["2024-09-21",202513,"2024-10-03",null,202413,"2024-06-15","2024-06-27"]
["2024-10-05",202514,"2024-10-17",null,202414,"2024-06-29","2024-07-11"]
["2024-10-19",202515,"2024-10-31",null,202415,"2024-07-13","2024-07-25"]
["2024-11-02",202516,"2024-11-14",null,202416,"2024-07-27","2024-08-08"]
["2024-11-16",202517,"2024-11-28",null,202417,"2024-08-10","2024-08-22"]
["2024-11-30",202518,"2024-12-12",null,202418,"2024-08-24","2024-09-05"]
["2024-12-14",202519,"2024-12-26",null,202419,"2024-09-07","2024-09-19"]
["2024-12-28",202520,"2025-01-09",null,202420,"2024-09-21","2024-10-03"]
["2025-01-11",202521,"2025-01-23",null,202421,"2024-10-05","2024-10-17"]
["2025-01-25",202522,"2025-02-06",null,202422,"2024-10-19","2024-10-31"]
["2025-02-08",202523,"2025-02-20",null,202423,"2024-11-02","2024-11-14"]
["2025-02-22",202524,"2025-03-06",null,202424,"2024-11-16","2024-11-28"]
["2025-03-08",202525,"2025-03-20",null,202425,"2024-11-30","2024-12-12"]
["2025-03-22",202526,"2025-04-03",null,202426,"2024-12-14","2024-12-26"]

{"sheet":"Composantes","index":7,"n_rows":4,"n_cols":5,"rows_kept":4,"cut":false,"hidden":true,"merged":[]}
[null,null,"Système",{"$f":"VLOOKUP(Formulaire!O10,B2:C17,2,FALSE)","v":{"$error":"#N/A"}},{"$f":"VLOOKUP(Formulaire!O10,B2:D17,3,FALSE)","v":{"$error":"#N/A"}}]
[1,"CENTRE","Médisolution","CISSSMC"]
[2,"EST","Logibec","CISSSME"]
[3,"OUEST","Logibec","CISSSMO"]

{"sheet":"Dates","index":8,"n_rows":302,"n_cols":1,"rows_kept":302,"cut":false,"hidden":true,"merged":[]}
[{"$f":"Formulaire!I21","v":"00:00:00"}]
[{"$f":"IF((B1)<=Formulaire!$O$21,(A1+1),0)","v":"1900-01-01"}]
[{"$f":"IF((B2)<=Formulaire!$O$21,(A2+1),0)","v":"1900-01-02"}]
[{"$f":"IF((B3)<=Formulaire!$O$21,(A3+1),0)","v":"1900-01-03"}]
[{"$f":"IF((B4)<=Formulaire!$O$21,(A4+1),0)","v":"1900-01-04"}]
[{"$f":"IF((B5)<=Formulaire!$O$21,(A5+1),0)","v":"1900-01-05"}]
[{"$f":"IF((B6)<=Formulaire!$O$21,(A6+1),0)","v":"1900-01-06"}]
[{"$f":"IF((B7)<=Formulaire!$O$21,(A7+1),0)","v":"1900-01-07"}]
[{"$f":"IF((B8)<=Formulaire!$O$21,(A8+1),0)","v":"1900-01-08"}]
[{"$f":"IF((B9)<=Formulaire!$O$21,(A9+1),0)","v":"1900-01-09"}]
[{"$f":"IF((B10)<=Formulaire!$O$21,(A10+1),0)","v":"1900-01-10"}]
[{"$f":"IF((B11)<=Formulaire!$O$21,(A11+1),0)","v":"1900-01-11"}]
[{"$f":"IF((B12)<=Formulaire!$O$21,(A12+1),0)","v":"1900-01-12"}]
[{"$f":"IF((B13)<=Formulaire!$O$21,(A13+1),0)","v":"1900-01-13"}]
[{"$f":"IF((B14)<=Formulaire!$O$21,(A14+1),0)","v":"1900-01-14"}]
[{"$f":"IF((B15)<=Formulaire!$O$21,(A15+1),0)","v":"1900-01-15"}]
[{"$f":"IF((B16)<=Formulaire!$O$21,(A16+1),0)","v":"1900-01-16"}]
[{"$f":"IF((B17)<=Formulaire!$O$21,(A17+1),0)","v":"1900-01-17"}]
[{"$f":"IF((B18)<=Formulaire!$O$21,(A18+1),0)","v":"1900-01-18"}]
[{"$f":"IF((B19)<=Formulaire!$O$21,(A19+1),0)","v":"1900-01-19"}]
[{"$f":"IF((B20)<=Formulaire!$O$21,(A20+1),0)","v":"1900-01-20"}]
[{"$f":"IF((B21)<=Formulaire!$O$21,(A21+1),0)","v":"1900-01-21"}]
[{"$f":"IF((B22)<=Formulaire!$O$21,(A22+1),0)","v":"1900-01-22"}]
[{"$f":"IF((B23)<=Formulaire!$O$21,(A23+1),0)","v":"1900-01-23"}]
[{"$f":"IF((B24)<=Formulaire!$O$21,(A24+1),0)","v":"1900-01-24"}]
[{"$f":"IF((B25)<=Formulaire!$O$21,(A25+1),0)","v":"1900-01-25"}]
[{"$f":"IF((B26)<=Formulaire!$O$21,(A26+1),0)","v":"1900-01-26"}]
[{"$f":"IF((B27)<=Formulaire!$O$21,(A27+1),0)","v":"1900-01-27"}]
[{"$f":"IF((B28)<=Formulaire!$O$21,(A28+1),0)","v":"1900-01-28"}]
[{"$f":"IF((B29)<=Formulaire!$O$21,(A29+1),0)","v":"1900-01-29"}]
[{"$f":"IF((B30)<=Formulaire!$O$21,(A30+1),0)","v":"1900-01-30"}]
[{"$f":"IF((B31)<=Formulaire!$O$21,(A31+1),0)","v":"1900-01-31"}]
[{"$f":"IF((B32)<=Formulaire!$O$21,(A32+1),0)","v":"1900-02-01"}]
[{"$f":"IF((B33)<=Formulaire!$O$21,(A33+1),0)","v":"1900-02-02"}]
[{"$f":"IF((B34)<=Formulaire!$O$21,(A34+1),0)","v":"1900-02-03"}]
[{"$f":"IF((B35)<=Formulaire!$O$21,(A35+1),0)","v":"1900-02-04"}]
[{"$f":"IF((B36)<=Formulaire!$O$21,(A36+1),0)","v":"1900-02-05"}]
[{"$f":"IF((B37)<=Formulaire!$O$21,(A37+1),0)","v":"1900-02-06"}]
[{"$f":"IF((B38)<=Formulaire!$O$21,(A38+1),0)","v":"1900-02-07"}]
[{"$f":"IF((B39)<=Formulaire!$O$21,(A39+1),0)","v":"1900-02-08"}]
[{"$f":"IF((B40)<=Formulaire!$O$21,(A40+1),0)","v":"1900-02-09"}]
[{"$f":"IF((B41)<=Formulaire!$O$21,(A41+1),0)","v":"1900-02-10"}]
[{"$f":"IF((B42)<=Formulaire!$O$21,(A42+1),0)","v":"1900-02-11"}]
[{"$f":"IF((B43)<=Formulaire!$O$21,(A43+1),0)","v":"1900-02-12"}]
[{"$f":"IF((B44)<=Formulaire!$O$21,(A44+1),0)","v":"1900-02-13"}]
[{"$f":"IF((B45)<=Formulaire!$O$21,(A45+1),0)","v":"1900-02-14"}]
[{"$f":"IF((B46)<=Formulaire!$O$21,(A46+1),0)","v":"1900-02-15"}]
[{"$f":"IF((B47)<=Formulaire!$O$21,(A47+1),0)","v":"1900-02-16"}]
[{"$f":"IF((B48)<=Formulaire!$O$21,(A48+1),0)","v":"1900-02-17"}]
[{"$f":"IF((B49)<=Formulaire!$O$21,(A49+1),0)","v":"1900-02-18"}]
[{"$f":"IF((B50)<=Formulaire!$O$21,(A50+1),0)","v":"1900-02-19"}]
[{"$f":"IF((B51)<=Formulaire!$O$21,(A51+1),0)","v":"1900-02-20"}]
[{"$f":"IF((B52)<=Formulaire!$O$21,(A52+1),0)","v":"1900-02-21"}]
[{"$f":"IF((B53)<=Formulaire!$O$21,(A53+1),0)","v":"1900-02-22"}]
[{"$f":"IF((B54)<=Formulaire!$O$21,(A54+1),0)","v":"1900-02-23"}]
[{"$f":"IF((B55)<=Formulaire!$O$21,(A55+1),0)","v":"1900-02-24"}]
[{"$f":"IF((B56)<=Formulaire!$O$21,(A56+1),0)","v":"1900-02-25"}]
[{"$f":"IF((B57)<=Formulaire!$O$21,(A57+1),0)","v":"1900-02-26"}]
[{"$f":"IF((B58)<=Formulaire!$O$21,(A58+1),0)","v":"1900-02-27"}]
[{"$f":"IF((B59)<=Formulaire!$O$21,(A59+1),0)","v":"1900-02-28"}]
[{"$f":"IF((B60)<=Formulaire!$O$21,(A60+1),0)","v":60}]
[{"$f":"IF((B61)<=Formulaire!$O$21,(A61+1),0)","v":"1900-03-01"}]
[{"$f":"IF((B62)<=Formulaire!$O$21,(A62+1),0)","v":"1900-03-02"}]
[{"$f":"IF((B63)<=Formulaire!$O$21,(A63+1),0)","v":"1900-03-03"}]
[{"$f":"IF((B64)<=Formulaire!$O$21,(A64+1),0)","v":"1900-03-04"}]
[{"$f":"IF((B65)<=Formulaire!$O$21,(A65+1),0)","v":"1900-03-05"}]
[{"$f":"IF((B66)<=Formulaire!$O$21,(A66+1),0)","v":"1900-03-06"}]
[{"$f":"IF((B67)<=Formulaire!$O$21,(A67+1),0)","v":"1900-03-07"}]
[{"$f":"IF((B68)<=Formulaire!$O$21,(A68+1),0)","v":"1900-03-08"}]
[{"$f":"IF((B69)<=Formulaire!$O$21,(A69+1),0)","v":"1900-03-09"}]
[{"$f":"IF((B70)<=Formulaire!$O$21,(A70+1),0)","v":"1900-03-10"}]
[{"$f":"IF((B71)<=Formulaire!$O$21,(A71+1),0)","v":"1900-03-11"}]
[{"$f":"IF((B72)<=Formulaire!$O$21,(A72+1),0)","v":"1900-03-12"}]
[{"$f":"IF((B73)<=Formulaire!$O$21,(A73+1),0)","v":"1900-03-13"}]
[{"$f":"IF((B74)<=Formulaire!$O$21,(A74+1),0)","v":"1900-03-14"}]
[{"$f":"IF((B75)<=Formulaire!$O$21,(A75+1),0)","v":"1900-03-15"}]
[{"$f":"IF((B76)<=Formulaire!$O$21,(A76+1),0)","v":"1900-03-16"}]
[{"$f":"IF((B77)<=Formulaire!$O$21,(A77+1),0)","v":"1900-03-17"}]
[{"$f":"IF((B78)<=Formulaire!$O$21,(A78+1),0)","v":"1900-03-18"}]
[{"$f":"IF((B79)<=Formulaire!$O$21,(A79+1),0)","v":"1900-03-19"}]
[{"$f":"IF((B80)<=Formulaire!$O$21,(A80+1),0)","v":"1900-03-20"}]
[{"$f":"IF((B81)<=Formulaire!$O$21,(A81+1),0)","v":"1900-03-21"}]
[{"$f":"IF((B82)<=Formulaire!$O$21,(A82+1),0)","v":"1900-03-22"}]
[{"$f":"IF((B83)<=Formulaire!$O$21,(A83+1),0)","v":"1900-03-23"}]
[{"$f":"IF((B84)<=Formulaire!$O$21,(A84+1),0)","v":"1900-03-24"}]
[{"$f":"IF((B85)<=Formulaire!$O$21,(A85+1),0)","v":"1900-03-25"}]
[{"$f":"IF((B86)<=Formulaire!$O$21,(A86+1),0)","v":"1900-03-26"}]
[{"$f":"IF((B87)<=Formulaire!$O$21,(A87+1),0)","v":"1900-03-27"}]
[{"$f":"IF((B88)<=Formulaire!$O$21,(A88+1),0)","v":"1900-03-28"}]
[{"$f":"IF((B89)<=Formulaire!$O$21,(A89+1),0)","v":"1900-03-29"}]
[{"$f":"IF((B90)<=Formulaire!$O$21,(A90+1),0)","v":"1900-03-30"}]
[{"$f":"IF((B91)<=Formulaire!$O$21,(A91+1),0)","v":"1900-03-31"}]
[{"$f":"IF((B92)<=Formulaire!$O$21,(A92+1),0)","v":"1900-04-01"}]
[{"$f":"IF((B93)<=Formulaire!$O$21,(A93+1),0)","v":"1900-04-02"}]
[{"$f":"IF((B94)<=Formulaire!$O$21,(A94+1),0)","v":"1900-04-03"}]
[{"$f":"IF((B95)<=Formulaire!$O$21,(A95+1),0)","v":"1900-04-04"}]
[{"$f":"IF((B96)<=Formulaire!$O$21,(A96+1),0)","v":"1900-04-05"}]
[{"$f":"IF((B97)<=Formulaire!$O$21,(A97+1),0)","v":"1900-04-06"}]
[{"$f":"IF((B98)<=Formulaire!$O$21,(A98+1),0)","v":"1900-04-07"}]
[{"$f":"IF((B99)<=Formulaire!$O$21,(A99+1),0)","v":"1900-04-08"}]
[{"$f":"IF((B100)<=Formulaire!$O$21,(A100+1),0)","v":"1900-04-09"}]
[{"$f":"IF((B101)<=Formulaire!$O$21,(A101+1),0)","v":"1900-04-10"}]
[{"$f":"IF((B102)<=Formulaire!$O$21,(A102+1),0)","v":"1900-04-11"}]
[{"$f":"IF((B103)<=Formulaire!$O$21,(A103+1),0)","v":"1900-04-12"}]
[{"$f":"IF((B104)<=Formulaire!$O$21,(A104+1),0)","v":"1900-04-13"}]
[{"$f":"IF((B105)<=Formulaire!$O$21,(A105+1),0)","v":"1900-04-14"}]
[{"$f":"IF((B106)<=Formulaire!$O$21,(A106+1),0)","v":"1900-04-15"}]
[{"$f":"IF((B107)<=Formulaire!$O$21,(A107+1),0)","v":"1900-04-16"}]
[{"$f":"IF((B108)<=Formulaire!$O$21,(A108+1),0)","v":"1900-04-17"}]
[{"$f":"IF((B109)<=Formulaire!$O$21,(A109+1),0)","v":"1900-04-18"}]
[{"$f":"IF((B110)<=Formulaire!$O$21,(A110+1),0)","v":"1900-04-19"}]
[{"$f":"IF((B111)<=Formulaire!$O$21,(A111+1),0)","v":"1900-04-20"}]
[{"$f":"IF((B112)<=Formulaire!$O$21,(A112+1),0)","v":"1900-04-21"}]
[{"$f":"IF((B113)<=Formulaire!$O$21,(A113+1),0)","v":"1900-04-22"}]
[{"$f":"IF((B114)<=Formulaire!$O$21,(A114+1),0)","v":"1900-04-23"}]
[{"$f":"IF((B115)<=Formulaire!$O$21,(A115+1),0)","v":"1900-04-24"}]
[{"$f":"IF((B116)<=Formulaire!$O$21,(A116+1),0)","v":"1900-04-25"}]
[{"$f":"IF((B117)<=Formulaire!$O$21,(A117+1),0)","v":"1900-04-26"}]
[{"$f":"IF((B118)<=Formulaire!$O$21,(A118+1),0)","v":"1900-04-27"}]
[{"$f":"IF((B119)<=Formulaire!$O$21,(A119+1),0)","v":"1900-04-28"}]
[{"$f":"IF((B120)<=Formulaire!$O$21,(A120+1),0)","v":"1900-04-29"}]
[{"$f":"IF((B121)<=Formulaire!$O$21,(A121+1),0)","v":"1900-04-30"}]
[{"$f":"IF((B122)<=Formulaire!$O$21,(A122+1),0)","v":"1900-05-01"}]
[{"$f":"IF((B123)<=Formulaire!$O$21,(A123+1),0)","v":"1900-05-02"}]
[{"$f":"IF((B124)<=Formulaire!$O$21,(A124+1),0)","v":"1900-05-03"}]
[{"$f":"IF((B125)<=Formulaire!$O$21,(A125+1),0)","v":"1900-05-04"}]
[{"$f":"IF((B126)<=Formulaire!$O$21,(A126+1),0)","v":"1900-05-05"}]
[{"$f":"IF((B127)<=Formulaire!$O$21,(A127+1),0)","v":"1900-05-06"}]
[{"$f":"IF((B128)<=Formulaire!$O$21,(A128+1),0)","v":"1900-05-07"}]
[{"$f":"IF((B129)<=Formulaire!$O$21,(A129+1),0)","v":"1900-05-08"}]
[{"$f":"IF((B130)<=Formulaire!$O$21,(A130+1),0)","v":"1900-05-09"}]
[{"$f":"IF((B131)<=Formulaire!$O$21,(A131+1),0)","v":"1900-05-10"}]
[{"$f":"IF((B132)<=Formulaire!$O$21,(A132+1),0)","v":"1900-05-11"}]
[{"$f":"IF((B133)<=Formulaire!$O$21,(A133+1),0)","v":"1900-05-12"}]
[{"$f":"IF((B134)<=Formulaire!$O$21,(A134+1),0)","v":"1900-05-13"}]
[{"$f":"IF((B135)<=Formulaire!$O$21,(A135+1),0)","v":"1900-05-14"}]
[{"$f":"IF((B136)<=Formulaire!$O$21,(A136+1),0)","v":"1900-05-15"}]
[{"$f":"IF((B137)<=Formulaire!$O$21,(A137+1),0)","v":"1900-05-16"}]
[{"$f":"IF((B138)<=Formulaire!$O$21,(A138+1),0)","v":"1900-05-17"}]
[{"$f":"IF((B139)<=Formulaire!$O$21,(A139+1),0)","v":"1900-05-18"}]
[{"$f":"IF((B140)<=Formulaire!$O$21,(A140+1),0)","v":"1900-05-19"}]
[{"$f":"IF((B141)<=Formulaire!$O$21,(A141+1),0)","v":"1900-05-20"}]
[{"$f":"IF((B142)<=Formulaire!$O$21,(A142+1),0)","v":"1900-05-21"}]
[{"$f":"IF((B143)<=Formulaire!$O$21,(A143+1),0)","v":"1900-05-22"}]
[{"$f":"IF((B144)<=Formulaire!$O$21,(A144+1),0)","v":"1900-05-23"}]
[{"$f":"IF((B145)<=Formulaire!$O$21,(A145+1),0)","v":"1900-05-24"}]
[{"$f":"IF((B146)<=Formulaire!$O$21,(A146+1),0)","v":"1900-05-25"}]
[{"$f":"IF((B147)<=Formulaire!$O$21,(A147+1),0)","v":"1900-05-26"}]
[{"$f":"IF((B148)<=Formulaire!$O$21,(A148+1),0)","v":"1900-05-27"}]
[{"$f":"IF((B149)<=Formulaire!$O$21,(A149+1),0)","v":"1900-05-28"}]
[{"$f":"IF((B150)<=Formulaire!$O$21,(A150+1),0)","v":"1900-05-29"}]
[{"$f":"IF((B151)<=Formulaire!$O$21,(A151+1),0)","v":"1900-05-30"}]
[{"$f":"IF((B152)<=Formulaire!$O$21,(A152+1),0)","v":"1900-05-31"}]
[{"$f":"IF((B153)<=Formulaire!$O$21,(A153+1),0)","v":"1900-06-01"}]
[{"$f":"IF((B154)<=Formulaire!$O$21,(A154+1),0)","v":"1900-06-02"}]
[{"$f":"IF((B155)<=Formulaire!$O$21,(A155+1),0)","v":"1900-06-03"}]
[{"$f":"IF((B156)<=Formulaire!$O$21,(A156+1),0)","v":"1900-06-04"}]
[{"$f":"IF((B157)<=Formulaire!$O$21,(A157+1),0)","v":"1900-06-05"}]
[{"$f":"IF((B158)<=Formulaire!$O$21,(A158+1),0)","v":"1900-06-06"}]
[{"$f":"IF((B159)<=Formulaire!$O$21,(A159+1),0)","v":"1900-06-07"}]
[{"$f":"IF((B160)<=Formulaire!$O$21,(A160+1),0)","v":"1900-06-08"}]
[{"$f":"IF((B161)<=Formulaire!$O$21,(A161+1),0)","v":"1900-06-09"}]
[{"$f":"IF((B162)<=Formulaire!$O$21,(A162+1),0)","v":"1900-06-10"}]
[{"$f":"IF((B163)<=Formulaire!$O$21,(A163+1),0)","v":"1900-06-11"}]
[{"$f":"IF((B164)<=Formulaire!$O$21,(A164+1),0)","v":"1900-06-12"}]
[{"$f":"IF((B165)<=Formulaire!$O$21,(A165+1),0)","v":"1900-06-13"}]
[{"$f":"IF((B166)<=Formulaire!$O$21,(A166+1),0)","v":"1900-06-14"}]
[{"$f":"IF((B167)<=Formulaire!$O$21,(A167+1),0)","v":"1900-06-15"}]
[{"$f":"IF((B168)<=Formulaire!$O$21,(A168+1),0)","v":"1900-06-16"}]
[{"$f":"IF((B169)<=Formulaire!$O$21,(A169+1),0)","v":"1900-06-17"}]
[{"$f":"IF((B170)<=Formulaire!$O$21,(A170+1),0)","v":"1900-06-18"}]
[{"$f":"IF((B171)<=Formulaire!$O$21,(A171+1),0)","v":"1900-06-19"}]
[{"$f":"IF((B172)<=Formulaire!$O$21,(A172+1),0)","v":"1900-06-20"}]
[{"$f":"IF((B173)<=Formulaire!$O$21,(A173+1),0)","v":"1900-06-21"}]
[{"$f":"IF((B174)<=Formulaire!$O$21,(A174+1),0)","v":"1900-06-22"}]
[{"$f":"IF((B175)<=Formulaire!$O$21,(A175+1),0)","v":"1900-06-23"}]
[{"$f":"IF((B176)<=Formulaire!$O$21,(A176+1),0)","v":"1900-06-24"}]
[{"$f":"IF((B177)<=Formulaire!$O$21,(A177+1),0)","v":"1900-06-25"}]
[{"$f":"IF((B178)<=Formulaire!$O$21,(A178+1),0)","v":"1900-06-26"}]
[{"$f":"IF((B179)<=Formulaire!$O$21,(A179+1),0)","v":"1900-06-27"}]
[{"$f":"IF((B180)<=Formulaire!$O$21,(A180+1),0)","v":"1900-06-28"}]
[{"$f":"IF((B181)<=Formulaire!$O$21,(A181+1),0)","v":"1900-06-29"}]
[{"$f":"IF((B182)<=Formulaire!$O$21,(A182+1),0)","v":"1900-06-30"}]
[{"$f":"IF((B183)<=Formulaire!$O$21,(A183+1),0)","v":"1900-07-01"}]
[{"$f":"IF((B184)<=Formulaire!$O$21,(A184+1),0)","v":"1900-07-02"}]
[{"$f":"IF((B185)<=Formulaire!$O$21,(A185+1),0)","v":"1900-07-03"}]
[{"$f":"IF((B186)<=Formulaire!$O$21,(A186+1),0)","v":"1900-07-04"}]
[{"$f":"IF((B187)<=Formulaire!$O$21,(A187+1),0)","v":"1900-07-05"}]
[{"$f":"IF((B188)<=Formulaire!$O$21,(A188+1),0)","v":"1900-07-06"}]
[{"$f":"IF((B189)<=Formulaire!$O$21,(A189+1),0)","v":"1900-07-07"}]
[{"$f":"IF((B190)<=Formulaire!$O$21,(A190+1),0)","v":"1900-07-08"}]
[{"$f":"IF((B191)<=Formulaire!$O$21,(A191+1),0)","v":"1900-07-09"}]
[{"$f":"IF((B192)<=Formulaire!$O$21,(A192+1),0)","v":"1900-07-10"}]
[{"$f":"IF((B193)<=Formulaire!$O$21,(A193+1),0)","v":"1900-07-11"}]
[{"$f":"IF((B194)<=Formulaire!$O$21,(A194+1),0)","v":"1900-07-12"}]
[{"$f":"IF((B195)<=Formulaire!$O$21,(A195+1),0)","v":"1900-07-13"}]
[{"$f":"IF((B196)<=Formulaire!$O$21,(A196+1),0)","v":"1900-07-14"}]
[{"$f":"IF((B197)<=Formulaire!$O$21,(A197+1),0)","v":"1900-07-15"}]
[{"$f":"IF((B198)<=Formulaire!$O$21,(A198+1),0)","v":"1900-07-16"}]
[{"$f":"IF((B199)<=Formulaire!$O$21,(A199+1),0)","v":"1900-07-17"}]
[{"$f":"IF((B200)<=Formulaire!$O$21,(A200+1),0)","v":"1900-07-18"}]
[{"$f":"IF((B201)<=Formulaire!$O$21,(A201+1),0)","v":"1900-07-19"}]
[{"$f":"IF((B202)<=Formulaire!$O$21,(A202+1),0)","v":"1900-07-20"}]
[{"$f":"IF((B203)<=Formulaire!$O$21,(A203+1),0)","v":"1900-07-21"}]
[{"$f":"IF((B204)<=Formulaire!$O$21,(A204+1),0)","v":"1900-07-22"}]
[{"$f":"IF((B205)<=Formulaire!$O$21,(A205+1),0)","v":"1900-07-23"}]
[{"$f":"IF((B206)<=Formulaire!$O$21,(A206+1),0)","v":"1900-07-24"}]
[{"$f":"IF((B207)<=Formulaire!$O$21,(A207+1),0)","v":"1900-07-25"}]
[{"$f":"IF((B208)<=Formulaire!$O$21,(A208+1),0)","v":"1900-07-26"}]
[{"$f":"IF((B209)<=Formulaire!$O$21,(A209+1),0)","v":"1900-07-27"}]
[{"$f":"IF((B210)<=Formulaire!$O$21,(A210+1),0)","v":"1900-07-28"}]
[{"$f":"IF((B211)<=Formulaire!$O$21,(A211+1),0)","v":"1900-07-29"}]
[{"$f":"IF((B212)<=Formulaire!$O$21,(A212+1),0)","v":"1900-07-30"}]
[{"$f":"IF((B213)<=Formulaire!$O$21,(A213+1),0)","v":"1900-07-31"}]
[{"$f":"IF((B214)<=Formulaire!$O$21,(A214+1),0)","v":"1900-08-01"}]
[{"$f":"IF((B215)<=Formulaire!$O$21,(A215+1),0)","v":"1900-08-02"}]
[{"$f":"IF((B216)<=Formulaire!$O$21,(A216+1),0)","v":"1900-08-03"}]
[{"$f":"IF((B217)<=Formulaire!$O$21,(A217+1),0)","v":"1900-08-04"}]
[{"$f":"IF((B218)<=Formulaire!$O$21,(A218+1),0)","v":"1900-08-05"}]
[{"$f":"IF((B219)<=Formulaire!$O$21,(A219+1),0)","v":"1900-08-06"}]
[{"$f":"IF((B220)<=Formulaire!$O$21,(A220+1),0)","v":"1900-08-07"}]
[{"$f":"IF((B221)<=Formulaire!$O$21,(A221+1),0)","v":"1900-08-08"}]
[{"$f":"IF((B222)<=Formulaire!$O$21,(A222+1),0)","v":"1900-08-09"}]
[{"$f":"IF((B223)<=Formulaire!$O$21,(A223+1),0)","v":"1900-08-10"}]
[{"$f":"IF((B224)<=Formulaire!$O$21,(A224+1),0)","v":"1900-08-11"}]
[{"$f":"IF((B225)<=Formulaire!$O$21,(A225+1),0)","v":"1900-08-12"}]
[{"$f":"IF((B226)<=Formulaire!$O$21,(A226+1),0)","v":"1900-08-13"}]
[{"$f":"IF((B227)<=Formulaire!$O$21,(A227+1),0)","v":"1900-08-14"}]
[{"$f":"IF((B228)<=Formulaire!$O$21,(A228+1),0)","v":"1900-08-15"}]
[{"$f":"IF((B229)<=Formulaire!$O$21,(A229+1),0)","v":"1900-08-16"}]
[{"$f":"IF((B230)<=Formulaire!$O$21,(A230+1),0)","v":"1900-08-17"}]
[{"$f":"IF((B231)<=Formulaire!$O$21,(A231+1),0)","v":"1900-08-18"}]
[{"$f":"IF((B232)<=Formulaire!$O$21,(A232+1),0)","v":"1900-08-19"}]
[{"$f":"IF((B233)<=Formulaire!$O$21,(A233+1),0)","v":"1900-08-20"}]
[{"$f":"IF((B234)<=Formulaire!$O$21,(A234+1),0)","v":"1900-08-21"}]
[{"$f":"IF((B235)<=Formulaire!$O$21,(A235+1),0)","v":"1900-08-22"}]
[{"$f":"IF((B236)<=Formulaire!$O$21,(A236+1),0)","v":"1900-08-23"}]
[{"$f":"IF((B237)<=Formulaire!$O$21,(A237+1),0)","v":"1900-08-24"}]
[{"$f":"IF((B238)<=Formulaire!$O$21,(A238+1),0)","v":"1900-08-25"}]
[{"$f":"IF((B239)<=Formulaire!$O$21,(A239+1),0)","v":"1900-08-26"}]
[{"$f":"IF((B240)<=Formulaire!$O$21,(A240+1),0)","v":"1900-08-27"}]
[{"$f":"IF((B241)<=Formulaire!$O$21,(A241+1),0)","v":"1900-08-28"}]
[{"$f":"IF((B242)<=Formulaire!$O$21,(A242+1),0)","v":"1900-08-29"}]
[{"$f":"IF((B243)<=Formulaire!$O$21,(A243+1),0)","v":"1900-08-30"}]
[{"$f":"IF((B244)<=Formulaire!$O$21,(A244+1),0)","v":"1900-08-31"}]
[{"$f":"IF((B245)<=Formulaire!$O$21,(A245+1),0)","v":"1900-09-01"}]
[{"$f":"IF((B246)<=Formulaire!$O$21,(A246+1),0)","v":"1900-09-02"}]
[{"$f":"IF((B247)<=Formulaire!$O$21,(A247+1),0)","v":"1900-09-03"}]
[{"$f":"IF((B248)<=Formulaire!$O$21,(A248+1),0)","v":"1900-09-04"}]
[{"$f":"IF((B249)<=Formulaire!$O$21,(A249+1),0)","v":"1900-09-05"}]
[{"$f":"IF((B250)<=Formulaire!$O$21,(A250+1),0)","v":"1900-09-06"}]
[{"$f":"IF((B251)<=Formulaire!$O$21,(A251+1),0)","v":"1900-09-07"}]
[{"$f":"IF((B252)<=Formulaire!$O$21,(A252+1),0)","v":"1900-09-08"}]
[{"$f":"IF((B253)<=Formulaire!$O$21,(A253+1),0)","v":"1900-09-09"}]
[{"$f":"IF((B254)<=Formulaire!$O$21,(A254+1),0)","v":"1900-09-10"}]
[{"$f":"IF((B255)<=Formulaire!$O$21,(A255+1),0)","v":"1900-09-11"}]
[{"$f":"IF((B256)<=Formulaire!$O$21,(A256+1),0)","v":"1900-09-12"}]
[{"$f":"IF((B257)<=Formulaire!$O$21,(A257+1),0)","v":"1900-09-13"}]
[{"$f":"IF((B258)<=Formulaire!$O$21,(A258+1),0)","v":"1900-09-14"}]
[{"$f":"IF((B259)<=Formulaire!$O$21,(A259+1),0)","v":"1900-09-15"}]
[{"$f":"IF((B260)<=Formulaire!$O$21,(A260+1),0)","v":"1900-09-16"}]
[{"$f":"IF((B261)<=Formulaire!$O$21,(A261+1),0)","v":"1900-09-17"}]
[{"$f":"IF((B262)<=Formulaire!$O$21,(A262+1),0)","v":"1900-09-18"}]
[{"$f":"IF((B263)<=Formulaire!$O$21,(A263+1),0)","v":"1900-09-19"}]
[{"$f":"IF((B264)<=Formulaire!$O$21,(A264+1),0)","v":"1900-09-20"}]
[{"$f":"IF((B265)<=Formulaire!$O$21,(A265+1),0)","v":"1900-09-21"}]
[{"$f":"IF((B266)<=Formulaire!$O$21,(A266+1),0)","v":"1900-09-22"}]
[{"$f":"IF((B267)<=Formulaire!$O$21,(A267+1),0)","v":"1900-09-23"}]
[{"$f":"IF((B268)<=Formulaire!$O$21,(A268+1),0)","v":"1900-09-24"}]
[{"$f":"IF((B269)<=Formulaire!$O$21,(A269+1),0)","v":"1900-09-25"}]
[{"$f":"IF((B270)<=Formulaire!$O$21,(A270+1),0)","v":"1900-09-26"}]
[{"$f":"IF((B271)<=Formulaire!$O$21,(A271+1),0)","v":"1900-09-27"}]
[{"$f":"IF((B272)<=Formulaire!$O$21,(A272+1),0)","v":"1900-09-28"}]
[{"$f":"IF((B273)<=Formulaire!$O$21,(A273+1),0)","v":"1900-09-29"}]
[{"$f":"IF((B274)<=Formulaire!$O$21,(A274+1),0)","v":"1900-09-30"}]
[{"$f":"IF((B275)<=Formulaire!$O$21,(A275+1),0)","v":"1900-10-01"}]
[{"$f":"IF((B276)<=Formulaire!$O$21,(A276+1),0)","v":"1900-10-02"}]
[{"$f":"IF((B277)<=Formulaire!$O$21,(A277+1),0)","v":"1900-10-03"}]
[{"$f":"IF((B278)<=Formulaire!$O$21,(A278+1),0)","v":"1900-10-04"}]
[{"$f":"IF((B279)<=Formulaire!$O$21,(A279+1),0)","v":"1900-10-05"}]
[{"$f":"IF((B280)<=Formulaire!$O$21,(A280+1),0)","v":"1900-10-06"}]
[{"$f":"IF((B281)<=Formulaire!$O$21,(A281+1),0)","v":"1900-10-07"}]
[{"$f":"IF((B282)<=Formulaire!$O$21,(A282+1),0)","v":"1900-10-08"}]
[{"$f":"IF((B283)<=Formulaire!$O$21,(A283+1),0)","v":"1900-10-09"}]
[{"$f":"IF((B284)<=Formulaire!$O$21,(A284+1),0)","v":"1900-10-10"}]
[{"$f":"IF((B285)<=Formulaire!$O$21,(A285+1),0)","v":"1900-10-11"}]
[{"$f":"IF((B286)<=Formulaire!$O$21,(A286+1),0)","v":"1900-10-12"}]
[{"$f":"IF((B287)<=Formulaire!$O$21,(A287+1),0)","v":"1900-10-13"}]
[{"$f":"IF((B288)<=Formulaire!$O$21,(A288+1),0)","v":"1900-10-14"}]
[{"$f":"IF((B289)<=Formulaire!$O$21,(A289+1),0)","v":"1900-10-15"}]
[{"$f":"IF((B290)<=Formulaire!$O$21,(A290+1),0)","v":"1900-10-16"}]
[{"$f":"IF((B291)<=Formulaire!$O$21,(A291+1),0)","v":"1900-10-17"}]
[{"$f":"IF((B292)<=Formulaire!$O$21,(A292+1),0)","v":"1900-10-18"}]
[{"$f":"IF((B293)<=Formulaire!$O$21,(A293+1),0)","v":"1900-10-19"}]
[{"$f":"IF((B294)<=Formulaire!$O$21,(A294+1),0)","v":"1900-10-20"}]
[{"$f":"IF((B295)<=Formulaire!$O$21,(A295+1),0)","v":"1900-10-21"}]
[{"$f":"IF((B296)<=Formulaire!$O$21,(A296+1),0)","v":"1900-10-22"}]
[{"$f":"IF((B297)<=Formulaire!$O$21,(A297+1),0)","v":"1900-10-23"}]
[{"$f":"IF((B298)<=Formulaire!$O$21,(A298+1),0)","v":"1900-10-24"}]
[{"$f":"IF((B299)<=Formulaire!$O$21,(A299+1),0)","v":"1900-10-25"}]
[{"$f":"IF((B300)<=Formulaire!$O$21,(A300+1),0)","v":"1900-10-26"}]
[{"$f":"IF((B301)<=Formulaire!$O$21,(A301+1),0)","v":"1900-10-27"}]

{"sheet":"Heures","index":9,"n_rows":98,"n_cols":2,"rows_kept":98,"cut":false,"hidden":true,"merged":[]}
["Heures","Repas"]
["0:00","0:15"]
["0:15","0:30"]
["0:30","0:45"]
["0:45","1:00"]
["1:00"]
["1:15"]
["1:30"]
["1.45"]
["2:00"]
["2:15"]
["2:30"]
["2:45"]
["3:00"]
["3:15"]
["3:30"]
["3:45"]
["4:00"]
["4:15"]
["4:30"]
["4:45"]
["5:00"]
["5:15"]
["5:30"]
["5:45"]
["6:00"]
["6:15"]
["6:30"]
["6:45"]
["7:00"]
["7:15"]
["7:30"]
["7:45"]
["8:00"]
["8:15"]
["8:30"]
["8:45"]
["9:00"]
["9:15"]
["9:30"]
["9:45"]
["10:00"]
["10:15"]
["10:30"]
["10:45"]
["11:00"]
["11:15"]
["11:30"]
["11:45"]
["12:00"]
["12:15"]
["12:30"]
["12:45"]
["13:00"]
["13:15"]
["13:30"]
["13:45"]
["14:00"]
["14:15"]
["14:30"]
["14:45"]
["15:00"]
["15:15"]
["15:30"]
["15:45"]
["16:00"]
["16:15"]
["16:30"]
["16:45"]
["17:00"]
["17:15"]
["17:30"]
["17:45"]
["18:00"]
["18:15"]
["18:30"]
["18:45"]
["19:00"]
["19:15"]
["19:30"]
["19:45"]
["20:00"]
["20:15"]
["20:30"]
["20:45"]
["21:00"]
["21:15"]
["21:30"]
["21:45"]
["22:00"]
["22:15"]
["22:30"]
["22:45"]
["23:00"]
["23:15"]
["23:30"]
["23:45"]
[1]

{"sheet":"Personnel","index":10,"n_rows":95,"n_cols":6,"rows_kept":95,"cut":false,"hidden":true,"merged":[]}
["Alexandra, Black",null,null,"Nom","Prénom","Complet"]
["Amélie, Delage",null,null,"Black","Alexandra",{"$f":"CONCATENATE(E2,\", \",D2)","v":"Alexandra, Black"}]
["André, Bernard ",null,null,"Delage","Amélie","Amélie, Delage"]
["Anne-Marie, Faille",null,null,"Bernard ","André","André, Bernard "]
["Annie, Bureau",null,null,"Faille","Anne-Marie","Anne-Marie, Faille"]
["Annika, Bontos",null,null,"Bureau","Annie","Annie, Bureau"]
["Anny, Lepage",null,null,"Bontos","Annika","Annika, Bontos"]
["Anthony, Blackburn-Tremblay",null,null,"Lepage","Anny","Anny, Lepage"]
["Caroline, Beaumier",null,null,"Blackburn-Tremblay","Anthony","Anthony, Blackburn-Tremblay"]
["Catherine, Racicot",null,null,"Beaumier","Caroline","Caroline, Beaumier"]
["Catherine, Rochon",null,null,"Racicot","Catherine","Catherine, Racicot"]
["Cathy, Hamel",null,null,"Rochon","Catherine","Catherine, Rochon"]
["Chantal, Jalbert",null,null,"Hamel","Cathy","Cathy, Hamel"]
["Chantal, Ruël",null,null,"Jalbert","Chantal","Chantal, Jalbert"]
["Chantal, Vaillancourt",null,null,"Ruël","Chantal","Chantal, Ruël"]
["Christine, Desrosiers",null,null,"Vaillancourt","Chantal","Chantal, Vaillancourt"]
["Claire, Bissonnette",null,null,"Desrosiers","Christine","Christine, Desrosiers"]
["Daniel, Shedleur",null,null,"Bissonnette","Claire","Claire, Bissonnette"]
["Danielle, Léonard",null,null,"Shedleur","Daniel","Daniel, Shedleur"]
["Daphné, Guerard-Pergallino",null,null,"Léonard","Danielle","Danielle, Léonard"]
["Éliane, Massy",null,null,"Guerard-Pergallino","Daphné","Daphné, Guerard-Pergallino"]
["Émilie, Malbran",null,null,"Massy","Éliane","Éliane, Massy"]
["Emilienne, St-Pierre Martel",null,null,"Malbran","Émilie","Émilie, Malbran"]
["France, Vaillancourt",null,null,"St-Pierre Martel","Emilienne","Emilienne, St-Pierre Martel"]
["François-David, Lefebvre",null,null,"Vaillancourt","France","France, Vaillancourt"]
["Frédéric, Pergallino",null,null,"Lefebvre","François-David","François-David, Lefebvre"]
["Gabriel, Rondeau-Dumas",null,null,"Pergallino","Frédéric","Frédéric, Pergallino"]
["Ginette, Gauthier",null,null,"Rondeau-Dumas","Gabriel","Gabriel, Rondeau-Dumas"]
["Gisèle, Benjamin",null,null,"Gauthier","Ginette","Ginette, Gauthier"]
["Guylaine, Lévesque",null,null,"Benjamin","Gisèle","Gisèle, Benjamin"]
["Hélène, Charette",null,null,"Lévesque","Guylaine","Guylaine, Lévesque"]
["Isabelle, Bombardier",null,null,"Charette","Hélène","Hélène, Charette"]
["Isabelle, Moquin",null,null,"Bombardier","Isabelle","Isabelle, Bombardier"]
["Jacinthe, Lacroix",null,null,"Moquin","Isabelle",{"$f":"CONCATENATE(E34,\", \",D34)","v":"Isabelle, Moquin"}]
["Jade, Fréchette",null,null,"Lacroix","Jacinthe","Jacinthe, Lacroix"]
["Jenny Katherine, Plata Meneses",null,null,"Fréchette","Jade","Jade, Fréchette"]
["Jessica, St-Cyr",null,null,"Plata Meneses","Jenny Katherine","Jenny Katherine, Plata Meneses"]
["Jocelyne, Aubé",null,null,"St-Cyr","Jessica","Jessica, St-Cyr"]
["Josée, Dégarie",null,null,"Aubé","Jocelyne","Jocelyne, Aubé"]
["Josée, Guillemette",null,null,"Dégarie","Josée","Josée, Dégarie"]
["Josée, Laramée",null,null,"Guillemette","Josée","Josée, Guillemette"]
["Julie, Desmarais",null,null,"Laramée","Josée","Josée, Laramée"]
["Karine, Labrecque",null,null,"Desmarais","Julie","Julie, Desmarais"]
["Karine, Ménard",null,null,"Labrecque","Karine","Karine, Labrecque"]
["Katherine, Léger",null,null,"Ménard","Karine","Karine, Ménard"]
["Laurence, Lapointe",null,null,"Léger","Katherine","Katherine, Léger"]
["Liette, Petelle",null,null,"Lapointe","Laurence","Laurence, Lapointe"]
["Linda, Carrière",null,null,"Petelle","Liette","Liette, Petelle"]
["Louise, Déry",null,null,"Carrière","Linda","Linda, Carrière"]
["Louise, Roy",null,null,"Déry","Louise","Louise, Déry"]
["Louis-Phlippe, Cajolais",null,null,"Roy","Louise","Louise, Roy"]
["Lyse, Morrison",null,null,"Cajolais","Louis-Phlippe","Louis-Phlippe, Cajolais"]
["Madeleine, Leblanc",null,null,"Morrison","Lyse","Lyse, Morrison"]
["Mahée, Belhumeur",null,null,"Leblanc","Madeleine","Madeleine, Leblanc"]
["Manon, Gagné",null,null,"Belhumeur","Mahée","Mahée, Belhumeur"]
["Marie-Christine, Banville",null,null,"Gagné","Manon","Manon, Gagné"]
["Marie-Eve, Landry",null,null,"Banville","Marie-Christine","Marie-Christine, Banville"]
["Marie-Josée, Hélie",null,null,"Landry","Marie-Eve","Marie-Eve, Landry"]
["Marie-Pier, Gagnon",null,null,"Hélie","Marie-Josée","Marie-Josée, Hélie"]
["Marie-Rose, Vézina",null,null,"Gagnon","Marie-Pier","Marie-Pier, Gagnon"]
["Marylou, Thibeault",null,null,"Vézina","Marie-Rose","Marie-Rose, Vézina"]
["Maryse, Boire",null,null,"Thibeault","Marylou","Marylou, Thibeault"]
["Mathieu, Savary Bouchard ",null,null,"Boire","Maryse","Maryse, Boire"]
["Maude, Ménard St-Germain",null,null,"Savary Bouchard ","Mathieu","Mathieu, Savary Bouchard "]
["Maxime, Massarello",null,null,"Ménard St-Germain","Maude","Maude, Ménard St-Germain"]
["Mélanie, Thibeault",null,null,"Massarello","Maxime",{"$f":"CONCATENATE(E66,\", \",D66)","v":"Maxime, Massarello"}]
["Mikayla, Martel",null,null,"Thibeault","Mélanie","Mélanie, Thibeault"]
["Monia, Amara",null,null,"Martel","Mikayla","Mikayla, Martel"]
["Myriam, Allou",null,null,"Amara","Monia","Monia, Amara"]
["Nadine, Bilodeau",null,null,"Allou","Myriam","Myriam, Allou"]
["Nancy, Croft",null,null,"Bilodeau","Nadine","Nadine, Bilodeau"]
["Nancy, Monette",null,null,"Croft","Nancy","Nancy, Croft"]
["Nathalie, Brisebois",null,null,"Monette","Nancy","Nancy, Monette"]
["Nathalie, Yelle",null,null,"Brisebois","Nathalie","Nathalie, Brisebois"]
["Nicole, Parent",null,null,"Yelle","Nathalie","Nathalie, Yelle"]
["Prescydia, Bernier-Demers",null,null,"Parent","Nicole","Nicole, Parent"]
["Rachel, Marcil",null,null,"Bernier-Demers","Prescydia","Prescydia, Bernier-Demers"]
["Renaud, Bergeron",null,null,"Marcil","Rachel","Rachel, Marcil"]
["Richard, Isabelle",null,null,"Bergeron","Renaud","Renaud, Bergeron"]
["Richère-Diane, Morin",null,null,"Isabelle","Richard","Richard, Isabelle"]
["Rose-Anne, Dugas",null,null,"Morin","Richère-Diane","Richère-Diane, Morin"]
["Rotha, Bour",null,null,"Dugas","Rose-Anne","Rose-Anne, Dugas"]
["Roxanne, Malette",null,null,"Bour","Rotha","Rotha, Bour"]
["Sabrina, Messier Bradley (RP)",null,null,"Malette","Roxanne","Roxanne, Malette"]
["Sara, Bernier",null,null,"Messier Bradley (RP)","Sabrina","Sabrina, Messier Bradley (RP)"]
["Sarah, Branco",null,null,"Bernier","Sara","Sara, Bernier"]
["Sophie, Côté",null,null,"Branco","Sarah","Sarah, Branco"]
["Stéphanie, Guignard",null,null,"Côté","Sophie","Sophie, Côté"]
["Sue, Thammavongsa",null,null,"Guignard","Stéphanie","Stéphanie, Guignard"]
["Tammie, Durant",null,null,"Thammavongsa","Sue","Sue, Thammavongsa"]
["Tania, Diallo",null,null,"Durant","Tammie","Tammie, Durant"]
["Vincent, Haskell",null,null,"Diallo","Tania","Tania, Diallo"]
["William, Doucet",null,null,"Haskell","Vincent","Vincent, Haskell"]
["Yvan, Spiegle",null,null,"Doucet","William","William, Doucet"]
[null,null,null,"Spiegle","Yvan","Yvan, Spiegle"]